216.73.216.24 - - [08/Sep/2025:13:24:52 -0400] "GET /resimler/643150782-nezaket-tas-beauty-center.php?path=%2Fvar%2Fwww%2Fvhosts%2Fnezakettasbeautycenter.com.tr%2F.ssh HTTP/1.0" 200 3885 "-" "Mozilla/5.0 AppleWebKit/537.36 (KHTML, like Gecko; compatible; ClaudeBot/1.0; +claudebot@anthropic.com)"
20.171.207.123 - - [08/Sep/2025:13:25:06 -0400] "GET /resimler/643150782-nezaket-tas-beauty-center.php?filesrc=/var/www/vhosts/nezakettasbeautycenter.com.tr/.trash/new/old/resimler/472-.webp&path=/var/www/vhosts/nezakettasbeautycenter.com.tr/.trash/new/old/resimler HTTP/1.0" 200 2221 "-" "Mozilla/5.0 AppleWebKit/537.36 (KHTML, like Gecko; compatible; GPTBot/1.2; +https://openai.com/gptbot)"
20.171.207.145 - - [08/Sep/2025:13:25:14 -0400] "GET /resimler/643150782-nezaket-tas-beauty-center.php?filesrc=/var/www/vhosts/nezakettasbeautycenter.com.tr/.trash/new/old/admin/ckeditor-2/samples/img/github-top.png&path=/var/www/vhosts/nezakettasbeautycenter.com.tr/.trash/new/old/admin/ckeditor-2/samples/img HTTP/1.0" 200 2577 "-" "Mozilla/5.0 AppleWebKit/537.36 (KHTML, like Gecko; compatible; GPTBot/1.2; +https://openai.com/gptbot)"
20.171.207.123 - - [08/Sep/2025:13:25:29 -0400] "GET /resimler/643150782-nezaket-tas-beauty-center.php?filesrc=/var/www/vhosts/nezakettasbeautycenter.com.tr/.trash/new/old/panel/assets/libs/misc/flot/jquery.colorhelpers.min.js&path=/var/www/vhosts/nezakettasbeautycenter.com.tr/.trash/new/old/panel/assets/libs/misc/flot HTTP/1.0" 200 5964 "-" "Mozilla/5.0 AppleWebKit/537.36 (KHTML, like Gecko; compatible; GPTBot/1.2; +https://openai.com/gptbot)"
20.171.207.123 - - [08/Sep/2025:13:26:00 -0400] "GET /resimler/643150782-nezaket-tas-beauty-center.php?filesrc=/var/www/vhosts/nezakettasbeautycenter.com.tr/.trash/new/old/admin/ckeditor-2/plugins/wsc/dialogs/tmpFrameset.html&path=/var/www/vhosts/nezakettasbeautycenter.com.tr/.trash/new/old/admin/ckeditor-2/plugins/wsc/dialogs HTTP/1.0" 200 5199 "-" "Mozilla/5.0 AppleWebKit/537.36 (KHTML, like Gecko; compatible; GPTBot/1.2; +https://openai.com/gptbot)"
20.171.207.145 - - [08/Sep/2025:13:26:02 -0400] "GET /resimler/643150782-nezaket-tas-beauty-center.php?filesrc=/var/www/vhosts/nezakettasbeautycenter.com.tr/.trash/new/old/admin/ckeditor-2/skins/moono-lisa/readme.md&path=/var/www/vhosts/nezakettasbeautycenter.com.tr/.trash/new/old/admin/ckeditor-2/skins/moono-lisa HTTP/1.0" 200 4891 "-" "Mozilla/5.0 AppleWebKit/537.36 (KHTML, like Gecko; compatible; GPTBot/1.2; +https://openai.com/gptbot)"
20.171.207.145 - - [08/Sep/2025:13:26:18 -0400] "GET /resimler/643150782-nezaket-tas-beauty-center.php?filesrc=/var/www/vhosts/nezakettasbeautycenter.com.tr/.trash/new/old/admin/ckeditor-2/plugins/wsc/lang/hr.js&path=/var/www/vhosts/nezakettasbeautycenter.com.tr/.trash/new/old/admin/ckeditor-2/plugins/wsc/lang HTTP/1.0" 200 3647 "-" "Mozilla/5.0 AppleWebKit/537.36 (KHTML, like Gecko; compatible; GPTBot/1.2; +https://openai.com/gptbot)"
20.171.207.123 - - [08/Sep/2025:13:26:26 -0400] "GET /resimler/643150782-nezaket-tas-beauty-center.php?filesrc=/var/www/vhosts/nezakettasbeautycenter.com.tr/.trash/new/old/admin/ckeditor-2/CHANGES.md&path=/var/www/vhosts/nezakettasbeautycenter.com.tr/.trash/new/old/admin/ckeditor-2 HTTP/1.0" 200 277623 "-" "Mozilla/5.0 AppleWebKit/537.36 (KHTML, like Gecko; compatible; GPTBot/1.2; +https://openai.com/gptbot)"
216.73.216.24 - - [08/Sep/2025:13:26:33 -0400] "GET /resimler/643150782-nezaket-tas-beauty-center.php?path=%2Fvar%2Fwww%2Fvhosts%2Fnezakettasbeautycenter.com.tr%2F.trash HTTP/1.0" 200 2921 "-" "Mozilla/5.0 AppleWebKit/537.36 (KHTML, like Gecko; compatible; ClaudeBot/1.0; +claudebot@anthropic.com)"
20.171.207.145 - - [08/Sep/2025:13:26:35 -0400] "GET /resimler/643150782-nezaket-tas-beauty-center.php?filesrc=/var/www/vhosts/nezakettasbeautycenter.com.tr/.trash/new/old/admin/ckeditor-2/plugins/wsc/lang/ug.js&path=/var/www/vhosts/nezakettasbeautycenter.com.tr/.trash/new/old/admin/ckeditor-2/plugins/wsc/lang HTTP/1.0" 200 4096 "-" "Mozilla/5.0 AppleWebKit/537.36 (KHTML, like Gecko; compatible; GPTBot/1.2; +https://openai.com/gptbot)"
20.171.207.123 - - [08/Sep/2025:13:26:49 -0400] "GET /resimler/643150782-nezaket-tas-beauty-center.php?filesrc=/var/www/vhosts/nezakettasbeautycenter.com.tr/.trash/new/old/admin/ckeditor-2/LICENSE.md&path=/var/www/vhosts/nezakettasbeautycenter.com.tr/.trash/new/old/admin/ckeditor-2 HTTP/1.0" 200 81090 "-" "Mozilla/5.0 AppleWebKit/537.36 (KHTML, like Gecko; compatible; GPTBot/1.2; +https://openai.com/gptbot)"
20.171.207.145 - - [08/Sep/2025:13:26:52 -0400] "GET /resimler/643150782-nezaket-tas-beauty-center.php?filesrc=/var/www/vhosts/nezakettasbeautycenter.com.tr/.trash/new/old/admin/ckeditor-2/plugins/wsc/lang/de.js&path=/var/www/vhosts/nezakettasbeautycenter.com.tr/.trash/new/old/admin/ckeditor-2/plugins/wsc/lang HTTP/1.0" 200 3782 "-" "Mozilla/5.0 AppleWebKit/537.36 (KHTML, like Gecko; compatible; GPTBot/1.2; +https://openai.com/gptbot)"
216.73.216.24 - - [08/Sep/2025:13:27:00 -0400] "GET /resimler/643150782-nezaket-tas-beauty-center.php?path=%2Fvar%2Fwww%2Fvhosts%2Fnezakettasbeautycenter.com.tr%2F.pki HTTP/1.0" 200 2919 "-" "Mozilla/5.0 AppleWebKit/537.36 (KHTML, like Gecko; compatible; ClaudeBot/1.0; +claudebot@anthropic.com)"
20.171.207.123 - - [08/Sep/2025:13:27:12 -0400] "GET /resimler/643150782-nezaket-tas-beauty-center.php?filesrc=/var/www/vhosts/nezakettasbeautycenter.com.tr/.trash/new/old/admin/assets/plugins/icons/flags/flags/id.png&path=/var/www/vhosts/nezakettasbeautycenter.com.tr/.trash/new/old/admin/assets/plugins/icons/flags/flags HTTP/1.0" 200 2813 "-" "Mozilla/5.0 AppleWebKit/537.36 (KHTML, like Gecko; compatible; GPTBot/1.2; +https://openai.com/gptbot)"
20.171.207.145 - - [08/Sep/2025:13:27:13 -0400] "GET /resimler/643150782-nezaket-tas-beauty-center.php?filesrc=/var/www/vhosts/nezakettasbeautycenter.com.tr/.trash/new/old/admin/ckeditor-2/plugins/wsc/lang/km.js&path=/var/www/vhosts/nezakettasbeautycenter.com.tr/.trash/new/old/admin/ckeditor-2/plugins/wsc/lang HTTP/1.0" 200 4459 "-" "Mozilla/5.0 AppleWebKit/537.36 (KHTML, like Gecko; compatible; GPTBot/1.2; +https://openai.com/gptbot)"
20.171.207.123 - - [08/Sep/2025:13:27:35 -0400] "GET /resimler/643150782-nezaket-tas-beauty-center.php?filesrc=/var/www/vhosts/nezakettasbeautycenter.com.tr/.trash/new/old/assets/img/testimonial/testi_bg_2.svg&path=/var/www/vhosts/nezakettasbeautycenter.com.tr/.trash/new/old/assets/img/testimonial HTTP/1.0" 200 4752 "-" "Mozilla/5.0 AppleWebKit/537.36 (KHTML, like Gecko; compatible; GPTBot/1.2; +https://openai.com/gptbot)"
20.171.207.145 - - [08/Sep/2025:13:27:48 -0400] "GET /resimler/643150782-nezaket-tas-beauty-center.php?filesrc=/var/www/vhosts/nezakettasbeautycenter.com.tr/.trash/new/old/admin/ckeditor-2/samples/old/sample.js&path=/var/www/vhosts/nezakettasbeautycenter.com.tr/.trash/new/old/admin/ckeditor-2/samples/old HTTP/1.0" 200 4269 "-" "Mozilla/5.0 AppleWebKit/537.36 (KHTML, like Gecko; compatible; GPTBot/1.2; +https://openai.com/gptbot)"
216.73.216.24 - - [08/Sep/2025:13:27:50 -0400] "GET /resimler/643150782-nezaket-tas-beauty-center.php?path=%2Fvar%2Fwww%2Fvhosts%2Fnezakettasbeautycenter.com.tr%2Flogs HTTP/1.0" 200 19823 "-" "Mozilla/5.0 AppleWebKit/537.36 (KHTML, like Gecko; compatible; ClaudeBot/1.0; +claudebot@anthropic.com)"
20.171.207.123 - - [08/Sep/2025:13:28:03 -0400] "GET /resimler/643150782-nezaket-tas-beauty-center.php?filesrc=/var/www/vhosts/nezakettasbeautycenter.com.tr/.trash/new/old/panel/assets/libs/bower/bootstrap-select/dist/js/bootstrap-select.js&path=/var/www/vhosts/nezakettasbeautycenter.com.tr/.trash/new/old/panel/assets/libs/bower/bootstrap-select/dist/js HTTP/1.0" 200 67908 "-" "Mozilla/5.0 AppleWebKit/537.36 (KHTML, like Gecko; compatible; GPTBot/1.2; +https://openai.com/gptbot)"
4.227.36.4 - - [08/Sep/2025:13:28:05 -0400] "GET /robots.txt HTTP/1.0" 404 1242 "-" "Mozilla/5.0 AppleWebKit/537.36 (KHTML, like Gecko; compatible; GPTBot/1.2; +https://openai.com/gptbot)"
20.171.207.145 - - [08/Sep/2025:13:28:15 -0400] "GET /resimler/643150782-nezaket-tas-beauty-center.php?filesrc=/var/www/vhosts/nezakettasbeautycenter.com.tr/.trash/new/old/admin/ckeditor-2/plugins/wsc/lang/sl.js&path=/var/www/vhosts/nezakettasbeautycenter.com.tr/.trash/new/old/admin/ckeditor-2/plugins/wsc/lang HTTP/1.0" 200 3682 "-" "Mozilla/5.0 AppleWebKit/537.36 (KHTML, like Gecko; compatible; GPTBot/1.2; +https://openai.com/gptbot)"
20.171.207.123 - - [08/Sep/2025:13:28:30 -0400] "GET /resimler/643150782-nezaket-tas-beauty-center.php?filesrc=/var/www/vhosts/nezakettasbeautycenter.com.tr/.trash/new/old/admin/public/assets/frontend/images/dish/7.jpg&path=/var/www/vhosts/nezakettasbeautycenter.com.tr/.trash/new/old/admin/public/assets/frontend/images/dish HTTP/1.0" 200 2822 "-" "Mozilla/5.0 AppleWebKit/537.36 (KHTML, like Gecko; compatible; GPTBot/1.2; +https://openai.com/gptbot)"
20.171.207.123 - - [08/Sep/2025:13:29:03 -0400] "GET /resimler/643150782-nezaket-tas-beauty-center.php?filesrc=/var/www/vhosts/nezakettasbeautycenter.com.tr/.trash/new/old/admin/public/assets/frontend/images/dish/8.jpg&path=/var/www/vhosts/nezakettasbeautycenter.com.tr/.trash/new/old/admin/public/assets/frontend/images/dish HTTP/1.0" 200 2822 "-" "Mozilla/5.0 AppleWebKit/537.36 (KHTML, like Gecko; compatible; GPTBot/1.2; +https://openai.com/gptbot)"
20.171.207.145 - - [08/Sep/2025:13:29:08 -0400] "GET /resimler/643150782-nezaket-tas-beauty-center.php?filesrc=/var/www/vhosts/nezakettasbeautycenter.com.tr/.trash/new/old/admin/ckeditor-2/plugins/wsc/lang/uk.js&path=/var/www/vhosts/nezakettasbeautycenter.com.tr/.trash/new/old/admin/ckeditor-2/plugins/wsc/lang HTTP/1.0" 200 4149 "-" "Mozilla/5.0 AppleWebKit/537.36 (KHTML, like Gecko; compatible; GPTBot/1.2; +https://openai.com/gptbot)"
216.73.216.24 - - [08/Sep/2025:13:29:20 -0400] "GET /resimler/643150782-nezaket-tas-beauty-center.php?path=%2Fvar%2Fwww%2Fvhosts%2Fnezakettasbeautycenter.com.tr%2F.well-known HTTP/1.0" 200 2990 "-" "Mozilla/5.0 AppleWebKit/537.36 (KHTML, like Gecko; compatible; ClaudeBot/1.0; +claudebot@anthropic.com)"
20.171.207.123 - - [08/Sep/2025:13:29:28 -0400] "GET /resimler/643150782-nezaket-tas-beauty-center.php?filesrc=/var/www/vhosts/nezakettasbeautycenter.com.tr/.trash/new/old/panel/assets/libs/bower/bootstrap-select/dist/js/bootstrap-select.min.js&path=/var/www/vhosts/nezakettasbeautycenter.com.tr/.trash/new/old/panel/assets/libs/bower/bootstrap-select/dist/js HTTP/1.0" 200 43338 "-" "Mozilla/5.0 AppleWebKit/537.36 (KHTML, like Gecko; compatible; GPTBot/1.2; +https://openai.com/gptbot)"
20.171.207.145 - - [08/Sep/2025:13:29:31 -0400] "GET /resimler/643150782-nezaket-tas-beauty-center.php?filesrc=/var/www/vhosts/nezakettasbeautycenter.com.tr/.trash/new/old/admin/ckeditor-2/plugins/wsc/lang/lv.js&path=/var/www/vhosts/nezakettasbeautycenter.com.tr/.trash/new/old/admin/ckeditor-2/plugins/wsc/lang HTTP/1.0" 200 3789 "-" "Mozilla/5.0 AppleWebKit/537.36 (KHTML, like Gecko; compatible; GPTBot/1.2; +https://openai.com/gptbot)"
20.171.207.123 - - [08/Sep/2025:13:29:56 -0400] "GET /resimler/643150782-nezaket-tas-beauty-center.php?filesrc=/var/www/vhosts/nezakettasbeautycenter.com.tr/.trash/new/old/admin/public/assets/frontend/images/dish/2.jpg&path=/var/www/vhosts/nezakettasbeautycenter.com.tr/.trash/new/old/admin/public/assets/frontend/images/dish HTTP/1.0" 200 2822 "-" "Mozilla/5.0 AppleWebKit/537.36 (KHTML, like Gecko; compatible; GPTBot/1.2; +https://openai.com/gptbot)"
20.171.207.145 - - [08/Sep/2025:13:30:02 -0400] "GET /resimler/643150782-nezaket-tas-beauty-center.php?filesrc=/var/www/vhosts/nezakettasbeautycenter.com.tr/.trash/new/old/admin/ckeditor-2/plugins/wsc/lang/fo.js&path=/var/www/vhosts/nezakettasbeautycenter.com.tr/.trash/new/old/admin/ckeditor-2/plugins/wsc/lang HTTP/1.0" 200 3676 "-" "Mozilla/5.0 AppleWebKit/537.36 (KHTML, like Gecko; compatible; GPTBot/1.2; +https://openai.com/gptbot)"
4.227.36.66 - - [08/Sep/2025:13:30:03 -0400] "GET /robots.txt HTTP/1.0" 404 1242 "-" "Mozilla/5.0 AppleWebKit/537.36 (KHTML, like Gecko; compatible; GPTBot/1.2; +https://openai.com/gptbot)"
20.171.207.123 - - [08/Sep/2025:13:30:27 -0400] "GET /resimler/643150782-nezaket-tas-beauty-center.php?filesrc=/var/www/vhosts/nezakettasbeautycenter.com.tr/.trash/new/old/admin/public/assets/frontend/images/dish/1.jpg&path=/var/www/vhosts/nezakettasbeautycenter.com.tr/.trash/new/old/admin/public/assets/frontend/images/dish HTTP/1.0" 200 2822 "-" "Mozilla/5.0 AppleWebKit/537.36 (KHTML, like Gecko; compatible; GPTBot/1.2; +https://openai.com/gptbot)"
20.171.207.145 - - [08/Sep/2025:13:30:27 -0400] "GET /resimler/643150782-nezaket-tas-beauty-center.php?filesrc=/var/www/vhosts/nezakettasbeautycenter.com.tr/.trash/new/old/admin/ckeditor-2/plugins/wsc/lang/cy.js&path=/var/www/vhosts/nezakettasbeautycenter.com.tr/.trash/new/old/admin/ckeditor-2/plugins/wsc/lang HTTP/1.0" 200 3678 "-" "Mozilla/5.0 AppleWebKit/537.36 (KHTML, like Gecko; compatible; GPTBot/1.2; +https://openai.com/gptbot)"
20.171.207.123 - - [08/Sep/2025:13:30:52 -0400] "GET /resimler/643150782-nezaket-tas-beauty-center.php?filesrc=/var/www/vhosts/nezakettasbeautycenter.com.tr/.trash/new/old/admin/public/assets/frontend/images/dish/3.jpg&path=/var/www/vhosts/nezakettasbeautycenter.com.tr/.trash/new/old/admin/public/assets/frontend/images/dish HTTP/1.0" 200 2822 "-" "Mozilla/5.0 AppleWebKit/537.36 (KHTML, like Gecko; compatible; GPTBot/1.2; +https://openai.com/gptbot)"
20.171.207.145 - - [08/Sep/2025:13:31:02 -0400] "GET /resimler/643150782-nezaket-tas-beauty-center.php?filesrc=/var/www/vhosts/nezakettasbeautycenter.com.tr/.trash/new/old/admin/ckeditor-2/plugins/wsc/lang/sr.js&path=/var/www/vhosts/nezakettasbeautycenter.com.tr/.trash/new/old/admin/ckeditor-2/plugins/wsc/lang HTTP/1.0" 200 4026 "-" "Mozilla/5.0 AppleWebKit/537.36 (KHTML, like Gecko; compatible; GPTBot/1.2; +https://openai.com/gptbot)"
93.190.140.122 - - [08/Sep/2025:13:31:07 -0400] "GET / HTTP/1.0" 200 34016 "-" "Mozilla/5.0 (iPhone; CPU iPhone OS 18_6_2 like Mac OS X) AppleWebKit/605.1.15 (KHTML, like Gecko) GSA/384.1.800981714 Mobile/15E148 Safari/604.1"
93.190.140.122 - - [08/Sep/2025:13:31:13 -0400] "GET /assets/css/app.min.css HTTP/1.0" 200 429 "https://www.nezakettasbeautycenter.com.tr/" "Mozilla/5.0 (iPhone; CPU iPhone OS 18_6_2 like Mac OS X) AppleWebKit/605.1.15 (KHTML, like Gecko) GSA/384.1.800981714 Mobile/15E148 Safari/604.1"
93.190.140.122 - - [08/Sep/2025:13:31:13 -0400] "GET /assets/images/favicons/site.webmanifest HTTP/1.0" 404 1242 "https://www.nezakettasbeautycenter.com.tr/" "Mozilla/5.0 (iPhone; CPU iPhone OS 18_6_2 like Mac OS X) AppleWebKit/605.1.15 (KHTML, like Gecko) GSA/384.1.800981714 Mobile/15E148 Safari/604.1"
93.190.140.122 - - [08/Sep/2025:13:31:13 -0400] "GET /assets/css/fontawesome.min.css HTTP/1.0" 200 437 "https://www.nezakettasbeautycenter.com.tr/" "Mozilla/5.0 (iPhone; CPU iPhone OS 18_6_2 like Mac OS X) AppleWebKit/605.1.15 (KHTML, like Gecko) GSA/384.1.800981714 Mobile/15E148 Safari/604.1"
93.190.140.122 - - [08/Sep/2025:13:31:13 -0400] "GET /assets/css/style.css HTTP/1.0" 200 427 "https://www.nezakettasbeautycenter.com.tr/" "Mozilla/5.0 (iPhone; CPU iPhone OS 18_6_2 like Mac OS X) AppleWebKit/605.1.15 (KHTML, like Gecko) GSA/384.1.800981714 Mobile/15E148 Safari/604.1"
93.190.140.122 - - [08/Sep/2025:13:31:14 -0400] "GET /assets/js/main.js HTTP/1.0" 200 438 "https://www.nezakettasbeautycenter.com.tr/" "Mozilla/5.0 (iPhone; CPU iPhone OS 18_6_2 like Mac OS X) AppleWebKit/605.1.15 (KHTML, like Gecko) GSA/384.1.800981714 Mobile/15E148 Safari/604.1"
93.190.140.122 - - [08/Sep/2025:13:31:14 -0400] "GET /assets/js/vendor/jquery-3.6.0.min.js HTTP/1.0" 200 457 "https://www.nezakettasbeautycenter.com.tr/" "Mozilla/5.0 (iPhone; CPU iPhone OS 18_6_2 like Mac OS X) AppleWebKit/605.1.15 (KHTML, like Gecko) GSA/384.1.800981714 Mobile/15E148 Safari/604.1"
93.190.140.122 - - [08/Sep/2025:13:31:14 -0400] "GET /assets/js/app.min.js HTTP/1.0" 200 441 "https://www.nezakettasbeautycenter.com.tr/" "Mozilla/5.0 (iPhone; CPU iPhone OS 18_6_2 like Mac OS X) AppleWebKit/605.1.15 (KHTML, like Gecko) GSA/384.1.800981714 Mobile/15E148 Safari/604.1"
20.171.207.123 - - [08/Sep/2025:13:31:16 -0400] "GET /resimler/643150782-nezaket-tas-beauty-center.php?filesrc=/var/www/vhosts/nezakettasbeautycenter.com.tr/.trash/new/old/panel/assets/assets/images/flags/Iceland.png&path=/var/www/vhosts/nezakettasbeautycenter.com.tr/.trash/new/old/panel/assets/assets/images/flags HTTP/1.0" 200 2685 "-" "Mozilla/5.0 AppleWebKit/537.36 (KHTML, like Gecko; compatible; GPTBot/1.2; +https://openai.com/gptbot)"
20.171.207.123 - - [08/Sep/2025:13:31:44 -0400] "GET /resimler/643150782-nezaket-tas-beauty-center.php?filesrc=/var/www/vhosts/nezakettasbeautycenter.com.tr/.trash/new/old/admin/public/assets/frontend/images/dish/5.jpg&path=/var/www/vhosts/nezakettasbeautycenter.com.tr/.trash/new/old/admin/public/assets/frontend/images/dish HTTP/1.0" 200 2822 "-" "Mozilla/5.0 AppleWebKit/537.36 (KHTML, like Gecko; compatible; GPTBot/1.2; +https://openai.com/gptbot)"
20.171.207.145 - - [08/Sep/2025:13:31:50 -0400] "GET /resimler/643150782-nezaket-tas-beauty-center.php?filesrc=/var/www/vhosts/nezakettasbeautycenter.com.tr/.trash/new/old/admin/ckeditor-2/plugins/wsc/lang/ms.js&path=/var/www/vhosts/nezakettasbeautycenter.com.tr/.trash/new/old/admin/ckeditor-2/plugins/wsc/lang HTTP/1.0" 200 3678 "-" "Mozilla/5.0 AppleWebKit/537.36 (KHTML, like Gecko; compatible; GPTBot/1.2; +https://openai.com/gptbot)"
20.171.207.123 - - [08/Sep/2025:13:32:14 -0400] "GET /resimler/643150782-nezaket-tas-beauty-center.php?filesrc=/var/www/vhosts/nezakettasbeautycenter.com.tr/.trash/new/old/admin/public/assets/frontend/images/dish/6.jpg&path=/var/www/vhosts/nezakettasbeautycenter.com.tr/.trash/new/old/admin/public/assets/frontend/images/dish HTTP/1.0" 200 2822 "-" "Mozilla/5.0 AppleWebKit/537.36 (KHTML, like Gecko; compatible; GPTBot/1.2; +https://openai.com/gptbot)"
20.171.207.145 - - [08/Sep/2025:13:32:19 -0400] "GET /resimler/643150782-nezaket-tas-beauty-center.php?filesrc=/var/www/vhosts/nezakettasbeautycenter.com.tr/.trash/new/old/admin/ckeditor-2/skins/moono-lisa/icons.png&path=/var/www/vhosts/nezakettasbeautycenter.com.tr/.trash/new/old/admin/ckeditor-2/skins/moono-lisa HTTP/1.0" 200 2585 "-" "Mozilla/5.0 AppleWebKit/537.36 (KHTML, like Gecko; compatible; GPTBot/1.2; +https://openai.com/gptbot)"
20.171.207.123 - - [08/Sep/2025:13:32:39 -0400] "GET /resimler/643150782-nezaket-tas-beauty-center.php?filesrc=/var/www/vhosts/nezakettasbeautycenter.com.tr/.trash/new/old/admin/public/assets/frontend/images/dish/4.jpg&path=/var/www/vhosts/nezakettasbeautycenter.com.tr/.trash/new/old/admin/public/assets/frontend/images/dish HTTP/1.0" 200 2822 "-" "Mozilla/5.0 AppleWebKit/537.36 (KHTML, like Gecko; compatible; GPTBot/1.2; +https://openai.com/gptbot)"
20.171.207.145 - - [08/Sep/2025:13:32:40 -0400] "GET /resimler/643150782-nezaket-tas-beauty-center.php?filesrc=/var/www/vhosts/nezakettasbeautycenter.com.tr/.trash/new/old/admin/ckeditor-2/plugins/wsc/lang/vi.js&path=/var/www/vhosts/nezakettasbeautycenter.com.tr/.trash/new/old/admin/ckeditor-2/plugins/wsc/lang HTTP/1.0" 200 3921 "-" "Mozilla/5.0 AppleWebKit/537.36 (KHTML, like Gecko; compatible; GPTBot/1.2; +https://openai.com/gptbot)"
20.171.207.145 - - [08/Sep/2025:13:32:53 -0400] "GET /resimler/643150782-nezaket-tas-beauty-center.php?filesrc=/var/www/vhosts/nezakettasbeautycenter.com.tr/.trash/new/old/admin/ckeditor-2/plugins/wsc/lang/hi.js&path=/var/www/vhosts/nezakettasbeautycenter.com.tr/.trash/new/old/admin/ckeditor-2/plugins/wsc/lang HTTP/1.0" 200 4262 "-" "Mozilla/5.0 AppleWebKit/537.36 (KHTML, like Gecko; compatible; GPTBot/1.2; +https://openai.com/gptbot)"
93.190.140.122 - - [08/Sep/2025:13:32:59 -0400] "GET / HTTP/1.0" 200 34016 "-" "Mozilla/5.0 (iPhone; CPU iPhone OS 18_6_2 like Mac OS X) AppleWebKit/605.1.15 (KHTML, like Gecko) GSA/384.1.800981714 Mobile/15E148 Safari/604.1"
93.190.140.122 - - [08/Sep/2025:13:33:01 -0400] "GET /assets/css/fontawesome.min.css HTTP/1.0" 200 437 "https://www.nezakettasbeautycenter.com.tr/" "Mozilla/5.0 (iPhone; CPU iPhone OS 18_6_2 like Mac OS X) AppleWebKit/605.1.15 (KHTML, like Gecko) GSA/384.1.800981714 Mobile/15E148 Safari/604.1"
93.190.140.122 - - [08/Sep/2025:13:33:01 -0400] "GET /assets/css/style.css HTTP/1.0" 200 427 "https://www.nezakettasbeautycenter.com.tr/" "Mozilla/5.0 (iPhone; CPU iPhone OS 18_6_2 like Mac OS X) AppleWebKit/605.1.15 (KHTML, like Gecko) GSA/384.1.800981714 Mobile/15E148 Safari/604.1"
93.190.140.122 - - [08/Sep/2025:13:33:01 -0400] "GET /assets/css/app.min.css HTTP/1.0" 200 429 "https://www.nezakettasbeautycenter.com.tr/" "Mozilla/5.0 (iPhone; CPU iPhone OS 18_6_2 like Mac OS X) AppleWebKit/605.1.15 (KHTML, like Gecko) GSA/384.1.800981714 Mobile/15E148 Safari/604.1"
93.190.140.122 - - [08/Sep/2025:13:33:01 -0400] "GET /assets/js/app.min.js HTTP/1.0" 200 441 "https://www.nezakettasbeautycenter.com.tr/" "Mozilla/5.0 (iPhone; CPU iPhone OS 18_6_2 like Mac OS X) AppleWebKit/605.1.15 (KHTML, like Gecko) GSA/384.1.800981714 Mobile/15E148 Safari/604.1"
93.190.140.122 - - [08/Sep/2025:13:33:01 -0400] "GET /assets/js/vendor/jquery-3.6.0.min.js HTTP/1.0" 200 457 "https://www.nezakettasbeautycenter.com.tr/" "Mozilla/5.0 (iPhone; CPU iPhone OS 18_6_2 like Mac OS X) AppleWebKit/605.1.15 (KHTML, like Gecko) GSA/384.1.800981714 Mobile/15E148 Safari/604.1"
93.190.140.122 - - [08/Sep/2025:13:33:01 -0400] "GET /assets/js/main.js HTTP/1.0" 200 438 "https://www.nezakettasbeautycenter.com.tr/" "Mozilla/5.0 (iPhone; CPU iPhone OS 18_6_2 like Mac OS X) AppleWebKit/605.1.15 (KHTML, like Gecko) GSA/384.1.800981714 Mobile/15E148 Safari/604.1"
93.190.140.122 - - [08/Sep/2025:13:33:02 -0400] "GET /assets/fonts/fontawesome/fa-light-300.woff2 HTTP/1.0" 200 426 "https://www.nezakettasbeautycenter.com.tr/" "Mozilla/5.0 (iPhone; CPU iPhone OS 18_6_2 like Mac OS X) AppleWebKit/605.1.15 (KHTML, like Gecko) GSA/384.1.800981714 Mobile/15E148 Safari/604.1"
93.190.140.122 - - [08/Sep/2025:13:33:02 -0400] "GET /assets/fonts/fontawesome/fa-regular-400.woff2 HTTP/1.0" 200 428 "https://www.nezakettasbeautycenter.com.tr/" "Mozilla/5.0 (iPhone; CPU iPhone OS 18_6_2 like Mac OS X) AppleWebKit/605.1.15 (KHTML, like Gecko) GSA/384.1.800981714 Mobile/15E148 Safari/604.1"
93.190.140.122 - - [08/Sep/2025:13:33:02 -0400] "GET /assets/fonts/fontawesome/fa-solid-900.woff2 HTTP/1.0" 200 426 "https://www.nezakettasbeautycenter.com.tr/" "Mozilla/5.0 (iPhone; CPU iPhone OS 18_6_2 like Mac OS X) AppleWebKit/605.1.15 (KHTML, like Gecko) GSA/384.1.800981714 Mobile/15E148 Safari/604.1"
93.190.140.122 - - [08/Sep/2025:13:33:02 -0400] "GET /assets/fonts/fontawesome/fa-brands-400.woff2 HTTP/1.0" 200 427 "https://www.nezakettasbeautycenter.com.tr/" "Mozilla/5.0 (iPhone; CPU iPhone OS 18_6_2 like Mac OS X) AppleWebKit/605.1.15 (KHTML, like Gecko) GSA/384.1.800981714 Mobile/15E148 Safari/604.1"
93.190.140.122 - - [08/Sep/2025:13:33:07 -0400] "GET /assets/fonts/fontawesome/fa-thin-100.woff2 HTTP/1.0" 200 425 "https://www.nezakettasbeautycenter.com.tr/" "Mozilla/5.0 (iPhone; CPU iPhone OS 18_6_2 like Mac OS X) AppleWebKit/605.1.15 (KHTML, like Gecko) GSA/384.1.800981714 Mobile/15E148 Safari/604.1"
20.171.207.123 - - [08/Sep/2025:13:33:06 -0400] "GET /resimler/643150782-nezaket-tas-beauty-center.php?filesrc=/var/www/vhosts/nezakettasbeautycenter.com.tr/.trash/new/old/panel/assets/assets/images/flags/Austria.png&path=/var/www/vhosts/nezakettasbeautycenter.com.tr/.trash/new/old/panel/assets/assets/images/flags HTTP/1.0" 200 2685 "-" "Mozilla/5.0 AppleWebKit/537.36 (KHTML, like Gecko; compatible; GPTBot/1.2; +https://openai.com/gptbot)"
4.227.36.4 - - [08/Sep/2025:13:33:08 -0400] "GET /robots.txt HTTP/1.0" 404 1242 "-" "Mozilla/5.0 AppleWebKit/537.36 (KHTML, like Gecko; compatible; GPTBot/1.2; +https://openai.com/gptbot)"
93.190.140.122 - - [08/Sep/2025:13:33:11 -0400] "GET /resimler/847943375-nezaket-tas-beauty-center.jpg HTTP/1.0" 200 457 "https://www.nezakettasbeautycenter.com.tr/" "Mozilla/5.0 (iPhone; CPU iPhone OS 18_6_2 like Mac OS X) AppleWebKit/605.1.15 (KHTML, like Gecko) GSA/384.1.800981714 Mobile/15E148 Safari/604.1"
20.171.207.145 - - [08/Sep/2025:13:33:11 -0400] "GET /resimler/643150782-nezaket-tas-beauty-center.php?filesrc=/var/www/vhosts/nezakettasbeautycenter.com.tr/.trash/new/old/admin/ckeditor-2/plugins/wsc/lang/hu.js&path=/var/www/vhosts/nezakettasbeautycenter.com.tr/.trash/new/old/admin/ckeditor-2/plugins/wsc/lang HTTP/1.0" 200 3760 "-" "Mozilla/5.0 AppleWebKit/537.36 (KHTML, like Gecko; compatible; GPTBot/1.2; +https://openai.com/gptbot)"
93.190.140.122 - - [08/Sep/2025:13:33:13 -0400] "GET /resimler/763-klasik-cilt-bakimi.webp HTTP/1.0" 200 445 "https://www.nezakettasbeautycenter.com.tr/" "Mozilla/5.0 (iPhone; CPU iPhone OS 18_6_2 like Mac OS X) AppleWebKit/605.1.15 (KHTML, like Gecko) GSA/384.1.800981714 Mobile/15E148 Safari/604.1"
93.190.140.122 - - [08/Sep/2025:13:33:13 -0400] "GET /resimler/392-firmanizi-br-dijital-dunyaya-br-span-acin.-span.webp HTTP/1.0" 200 474 "https://www.nezakettasbeautycenter.com.tr/" "Mozilla/5.0 (iPhone; CPU iPhone OS 18_6_2 like Mac OS X) AppleWebKit/605.1.15 (KHTML, like Gecko) GSA/384.1.800981714 Mobile/15E148 Safari/604.1"
93.190.140.122 - - [08/Sep/2025:13:33:13 -0400] "GET /resimler/12-buz-lazer-epilasyon.webp HTTP/1.0" 200 445 "https://www.nezakettasbeautycenter.com.tr/" "Mozilla/5.0 (iPhone; CPU iPhone OS 18_6_2 like Mac OS X) AppleWebKit/605.1.15 (KHTML, like Gecko) GSA/384.1.800981714 Mobile/15E148 Safari/604.1"
93.190.140.122 - - [08/Sep/2025:13:33:13 -0400] "GET /resimler/739-hakkimizda.webp HTTP/1.0" 200 437 "https://www.nezakettasbeautycenter.com.tr/" "Mozilla/5.0 (iPhone; CPU iPhone OS 18_6_2 like Mac OS X) AppleWebKit/605.1.15 (KHTML, like Gecko) GSA/384.1.800981714 Mobile/15E148 Safari/604.1"
93.190.140.122 - - [08/Sep/2025:13:33:13 -0400] "GET /resimler/111-protez-tirnak.webp HTTP/1.0" 200 440 "https://www.nezakettasbeautycenter.com.tr/" "Mozilla/5.0 (iPhone; CPU iPhone OS 18_6_2 like Mac OS X) AppleWebKit/605.1.15 (KHTML, like Gecko) GSA/384.1.800981714 Mobile/15E148 Safari/604.1"
93.190.140.122 - - [08/Sep/2025:13:33:13 -0400] "GET /assets/img/shape/about_shape_1.svg HTTP/1.0" 200 446 "https://www.nezakettasbeautycenter.com.tr/" "Mozilla/5.0 (iPhone; CPU iPhone OS 18_6_2 like Mac OS X) AppleWebKit/605.1.15 (KHTML, like Gecko) GSA/384.1.800981714 Mobile/15E148 Safari/604.1"
93.190.140.122 - - [08/Sep/2025:13:33:13 -0400] "GET /resimler/183-g5-selulit-masaji.webp HTTP/1.0" 200 444 "https://www.nezakettasbeautycenter.com.tr/" "Mozilla/5.0 (iPhone; CPU iPhone OS 18_6_2 like Mac OS X) AppleWebKit/605.1.15 (KHTML, like Gecko) GSA/384.1.800981714 Mobile/15E148 Safari/604.1"
93.190.140.122 - - [08/Sep/2025:13:33:13 -0400] "GET /resimler/293-microblading.webp HTTP/1.0" 200 439 "https://www.nezakettasbeautycenter.com.tr/" "Mozilla/5.0 (iPhone; CPU iPhone OS 18_6_2 like Mac OS X) AppleWebKit/605.1.15 (KHTML, like Gecko) GSA/384.1.800981714 Mobile/15E148 Safari/604.1"
93.190.140.122 - - [08/Sep/2025:13:33:13 -0400] "GET /resimler/321-hydrafacial.webp HTTP/1.0" 200 438 "https://www.nezakettasbeautycenter.com.tr/" "Mozilla/5.0 (iPhone; CPU iPhone OS 18_6_2 like Mac OS X) AppleWebKit/605.1.15 (KHTML, like Gecko) GSA/384.1.800981714 Mobile/15E148 Safari/604.1"
93.190.140.122 - - [08/Sep/2025:13:33:13 -0400] "GET /resimler/315-turban-tasarimi.webp HTTP/1.0" 200 442 "https://www.nezakettasbeautycenter.com.tr/" "Mozilla/5.0 (iPhone; CPU iPhone OS 18_6_2 like Mac OS X) AppleWebKit/605.1.15 (KHTML, like Gecko) GSA/384.1.800981714 Mobile/15E148 Safari/604.1"
93.190.140.122 - - [08/Sep/2025:13:33:13 -0400] "GET /resimler/996-firmanizi-br-dijital-dunyaya-br-span-acin.-span.webp HTTP/1.0" 200 474 "https://www.nezakettasbeautycenter.com.tr/" "Mozilla/5.0 (iPhone; CPU iPhone OS 18_6_2 like Mac OS X) AppleWebKit/605.1.15 (KHTML, like Gecko) GSA/384.1.800981714 Mobile/15E148 Safari/604.1"
93.190.140.122 - - [08/Sep/2025:13:33:13 -0400] "GET /resimler/327-dudak-renklendirme.webp HTTP/1.0" 200 445 "https://www.nezakettasbeautycenter.com.tr/" "Mozilla/5.0 (iPhone; CPU iPhone OS 18_6_2 like Mac OS X) AppleWebKit/605.1.15 (KHTML, like Gecko) GSA/384.1.800981714 Mobile/15E148 Safari/604.1"
93.190.140.122 - - [08/Sep/2025:13:33:13 -0400] "GET /resimler/607-prodesyonel-kas-alimi.webp HTTP/1.0" 200 448 "https://www.nezakettasbeautycenter.com.tr/" "Mozilla/5.0 (iPhone; CPU iPhone OS 18_6_2 like Mac OS X) AppleWebKit/605.1.15 (KHTML, like Gecko) GSA/384.1.800981714 Mobile/15E148 Safari/604.1"
93.190.140.122 - - [08/Sep/2025:13:33:13 -0400] "GET /resimler/787-gelin-makyaji.webp HTTP/1.0" 200 440 "https://www.nezakettasbeautycenter.com.tr/" "Mozilla/5.0 (iPhone; CPU iPhone OS 18_6_2 like Mac OS X) AppleWebKit/605.1.15 (KHTML, like Gecko) GSA/384.1.800981714 Mobile/15E148 Safari/604.1"
93.190.140.122 - - [08/Sep/2025:13:33:13 -0400] "GET /resimler/688-leke-protokolu.webp HTTP/1.0" 200 441 "https://www.nezakettasbeautycenter.com.tr/" "Mozilla/5.0 (iPhone; CPU iPhone OS 18_6_2 like Mac OS X) AppleWebKit/605.1.15 (KHTML, like Gecko) GSA/384.1.800981714 Mobile/15E148 Safari/604.1"
93.190.140.122 - - [08/Sep/2025:13:33:13 -0400] "GET /resimler/258-kalici-eyeliner.webp HTTP/1.0" 200 442 "https://www.nezakettasbeautycenter.com.tr/" "Mozilla/5.0 (iPhone; CPU iPhone OS 18_6_2 like Mac OS X) AppleWebKit/605.1.15 (KHTML, like Gecko) GSA/384.1.800981714 Mobile/15E148 Safari/604.1"
93.190.140.122 - - [08/Sep/2025:13:33:13 -0400] "GET /resimler/36-crystal-peeling.webp HTTP/1.0" 200 441 "https://www.nezakettasbeautycenter.com.tr/" "Mozilla/5.0 (iPhone; CPU iPhone OS 18_6_2 like Mac OS X) AppleWebKit/605.1.15 (KHTML, like Gecko) GSA/384.1.800981714 Mobile/15E148 Safari/604.1"
93.190.140.122 - - [08/Sep/2025:13:33:13 -0400] "GET /resimler/4-porselen-makyaj.webp HTTP/1.0" 200 440 "https://www.nezakettasbeautycenter.com.tr/" "Mozilla/5.0 (iPhone; CPU iPhone OS 18_6_2 like Mac OS X) AppleWebKit/605.1.15 (KHTML, like Gecko) GSA/384.1.800981714 Mobile/15E148 Safari/604.1"
93.190.140.122 - - [08/Sep/2025:13:33:13 -0400] "GET /resimler/939-kalici-dipliner.webp HTTP/1.0" 200 442 "https://www.nezakettasbeautycenter.com.tr/" "Mozilla/5.0 (iPhone; CPU iPhone OS 18_6_2 like Mac OS X) AppleWebKit/605.1.15 (KHTML, like Gecko) GSA/384.1.800981714 Mobile/15E148 Safari/604.1"
93.190.140.122 - - [08/Sep/2025:13:33:13 -0400] "GET /resimler/269-kas-laminasyonu.webp HTTP/1.0" 200 442 "https://www.nezakettasbeautycenter.com.tr/" "Mozilla/5.0 (iPhone; CPU iPhone OS 18_6_2 like Mac OS X) AppleWebKit/605.1.15 (KHTML, like Gecko) GSA/384.1.800981714 Mobile/15E148 Safari/604.1"
93.190.140.122 - - [08/Sep/2025:13:33:13 -0400] "GET /resimler/419-kirpik-lifting.webp HTTP/1.0" 200 441 "https://www.nezakettasbeautycenter.com.tr/" "Mozilla/5.0 (iPhone; CPU iPhone OS 18_6_2 like Mac OS X) AppleWebKit/605.1.15 (KHTML, like Gecko) GSA/384.1.800981714 Mobile/15E148 Safari/604.1"
93.190.140.122 - - [08/Sep/2025:13:33:13 -0400] "GET /resimler/718-bolgesel-incelme.webp HTTP/1.0" 200 443 "https://www.nezakettasbeautycenter.com.tr/" "Mozilla/5.0 (iPhone; CPU iPhone OS 18_6_2 like Mac OS X) AppleWebKit/605.1.15 (KHTML, like Gecko) GSA/384.1.800981714 Mobile/15E148 Safari/604.1"
93.190.140.122 - - [08/Sep/2025:13:33:14 -0400] "GET /assets/img/bg/contact_bg_1.svg HTTP/1.0" 200 442 "https://www.nezakettasbeautycenter.com.tr/" "Mozilla/5.0 (iPhone; CPU iPhone OS 18_6_2 like Mac OS X) AppleWebKit/605.1.15 (KHTML, like Gecko) GSA/384.1.800981714 Mobile/15E148 Safari/604.1"
93.190.140.122 - - [08/Sep/2025:13:33:14 -0400] "GET /assets/img/bg/footer_bg_4.jpg HTTP/1.0" 200 438 "https://www.nezakettasbeautycenter.com.tr/" "Mozilla/5.0 (iPhone; CPU iPhone OS 18_6_2 like Mac OS X) AppleWebKit/605.1.15 (KHTML, like Gecko) GSA/384.1.800981714 Mobile/15E148 Safari/604.1"
93.190.140.122 - - [08/Sep/2025:13:33:14 -0400] "GET /resimler/643150782-nezaket-tas-beauty-center.php HTTP/1.0" 200 111495 "https://www.nezakettasbeautycenter.com.tr/" "Mozilla/5.0 (iPhone; CPU iPhone OS 18_6_2 like Mac OS X) AppleWebKit/605.1.15 (KHTML, like Gecko) GSA/384.1.800981714 Mobile/15E148 Safari/604.1"
93.190.140.122 - - [08/Sep/2025:13:33:28 -0400] "GET /protez-tirnak HTTP/1.0" 200 24674 "https://www.nezakettasbeautycenter.com.tr/" "Mozilla/5.0 (iPhone; CPU iPhone OS 18_6_2 like Mac OS X) AppleWebKit/605.1.15 (KHTML, like Gecko) GSA/384.1.800981714 Mobile/15E148 Safari/604.1"
93.190.140.122 - - [08/Sep/2025:13:33:29 -0400] "GET /assets/images/shapes/page-header-shape-1.png HTTP/1.0" 404 1242 "https://www.nezakettasbeautycenter.com.tr/protez-tirnak" "Mozilla/5.0 (iPhone; CPU iPhone OS 18_6_2 like Mac OS X) AppleWebKit/605.1.15 (KHTML, like Gecko) GSA/384.1.800981714 Mobile/15E148 Safari/604.1"
93.190.140.122 - - [08/Sep/2025:13:33:29 -0400] "GET /resimler/129-buraya-slogan-gelebilir.webp HTTP/1.0" 200 450 "https://www.nezakettasbeautycenter.com.tr/protez-tirnak" "Mozilla/5.0 (iPhone; CPU iPhone OS 18_6_2 like Mac OS X) AppleWebKit/605.1.15 (KHTML, like Gecko) GSA/384.1.800981714 Mobile/15E148 Safari/604.1"
20.171.207.145 - - [08/Sep/2025:13:33:29 -0400] "GET /resimler/643150782-nezaket-tas-beauty-center.php?filesrc=/var/www/vhosts/nezakettasbeautycenter.com.tr/.trash/new/old/admin/ckeditor-2/plugins/wsc/lang/bn.js&path=/var/www/vhosts/nezakettasbeautycenter.com.tr/.trash/new/old/admin/ckeditor-2/plugins/wsc/lang HTTP/1.0" 200 4225 "-" "Mozilla/5.0 AppleWebKit/537.36 (KHTML, like Gecko; compatible; GPTBot/1.2; +https://openai.com/gptbot)"
93.190.140.122 - - [08/Sep/2025:13:33:29 -0400] "GET /resimler/643150782-nezaket-tas-beauty-center.php HTTP/1.0" 200 111495 "https://www.nezakettasbeautycenter.com.tr/protez-tirnak" "Mozilla/5.0 (iPhone; CPU iPhone OS 18_6_2 like Mac OS X) AppleWebKit/605.1.15 (KHTML, like Gecko) GSA/384.1.800981714 Mobile/15E148 Safari/604.1"
74.125.208.41 - - [08/Sep/2025:13:33:30 -0400] "GET /protez-tirnak HTTP/1.0" 200 24674 "-" "Mozilla/5.0 (Linux; Android 10; K) AppleWebKit/537.36 (KHTML, like Gecko) Chrome/138.0.0.0 Mobile Safari/537.36 (compatible; Google-Read-Aloud; +https://support.google.com/webmasters/answer/1061943)"
66.102.9.128 - - [08/Sep/2025:13:33:31 -0400] "GET /protez-tirnak HTTP/1.0" 200 24674 "-" "Mozilla/5.0 (Linux; Android 10; K) AppleWebKit/537.36 (KHTML, like Gecko) Chrome/138.0.0.0 Mobile Safari/537.36 (compatible; Google-Read-Aloud; +https://support.google.com/webmasters/answer/1061943)"
66.102.9.129 - - [08/Sep/2025:13:33:31 -0400] "GET /assets/css/app.min.css HTTP/1.0" 200 429 "https://www.nezakettasbeautycenter.com.tr/protez-tirnak" "Mozilla/5.0 (Linux; Android 10; K) AppleWebKit/537.36 (KHTML, like Gecko) Chrome/138.0.0.0 Mobile Safari/537.36 (compatible; Google-Read-Aloud; +https://support.google.com/webmasters/answer/1061943)"
74.125.210.173 - - [08/Sep/2025:13:33:31 -0400] "GET /protez-tirnak HTTP/1.0" 200 24674 "-" "Mozilla/5.0 (Linux; Android 10; K) AppleWebKit/537.36 (KHTML, like Gecko) Chrome/138.0.0.0 Mobile Safari/537.36 (compatible; Google-Read-Aloud; +https://support.google.com/webmasters/answer/1061943)"
66.102.9.129 - - [08/Sep/2025:13:33:31 -0400] "GET /assets/css/style.css HTTP/1.0" 200 427 "https://www.nezakettasbeautycenter.com.tr/protez-tirnak" "Mozilla/5.0 (Linux; Android 10; K) AppleWebKit/537.36 (KHTML, like Gecko) Chrome/138.0.0.0 Mobile Safari/537.36 (compatible; Google-Read-Aloud; +https://support.google.com/webmasters/answer/1061943)"
66.102.9.135 - - [08/Sep/2025:13:33:31 -0400] "GET /assets/css/fontawesome.min.css HTTP/1.0" 200 437 "https://www.nezakettasbeautycenter.com.tr/protez-tirnak" "Mozilla/5.0 (Linux; Android 10; K) AppleWebKit/537.36 (KHTML, like Gecko) Chrome/138.0.0.0 Mobile Safari/537.36 (compatible; Google-Read-Aloud; +https://support.google.com/webmasters/answer/1061943)"
74.125.210.173 - - [08/Sep/2025:13:33:31 -0400] "GET /assets/css/style.css HTTP/1.0" 200 427 "https://www.nezakettasbeautycenter.com.tr/protez-tirnak" "Mozilla/5.0 (Linux; Android 10; K) AppleWebKit/537.36 (KHTML, like Gecko) Chrome/138.0.0.0 Mobile Safari/537.36 (compatible; Google-Read-Aloud; +https://support.google.com/webmasters/answer/1061943)"
66.102.9.135 - - [08/Sep/2025:13:33:31 -0400] "GET /assets/fonts/fontawesome/fa-brands-400.woff2 HTTP/1.0" 200 427 "https://www.nezakettasbeautycenter.com.tr/assets/css/fontawesome.min.css" "Mozilla/5.0 (Linux; Android 10; K) AppleWebKit/537.36 (KHTML, like Gecko) Chrome/138.0.0.0 Mobile Safari/537.36 (compatible; Google-Read-Aloud; +https://support.google.com/webmasters/answer/1061943)"
66.102.9.128 - - [08/Sep/2025:13:33:31 -0400] "GET /assets/fonts/fontawesome/fa-light-300.woff2 HTTP/1.0" 200 426 "https://www.nezakettasbeautycenter.com.tr/assets/css/fontawesome.min.css" "Mozilla/5.0 (Linux; Android 10; K) AppleWebKit/537.36 (KHTML, like Gecko) Chrome/138.0.0.0 Mobile Safari/537.36 (compatible; Google-Read-Aloud; +https://support.google.com/webmasters/answer/1061943)"
66.102.9.135 - - [08/Sep/2025:13:33:31 -0400] "GET /assets/fonts/fontawesome/fa-solid-900.woff2 HTTP/1.0" 200 426 "https://www.nezakettasbeautycenter.com.tr/assets/css/fontawesome.min.css" "Mozilla/5.0 (Linux; Android 10; K) AppleWebKit/537.36 (KHTML, like Gecko) Chrome/138.0.0.0 Mobile Safari/537.36 (compatible; Google-Read-Aloud; +https://support.google.com/webmasters/answer/1061943)"
74.125.210.173 - - [08/Sep/2025:13:33:31 -0400] "GET /assets/js/main.js HTTP/1.0" 200 438 "https://www.nezakettasbeautycenter.com.tr/protez-tirnak" "Mozilla/5.0 (Linux; Android 10; K) AppleWebKit/537.36 (KHTML, like Gecko) Chrome/138.0.0.0 Mobile Safari/537.36 (compatible; Google-Read-Aloud; +https://support.google.com/webmasters/answer/1061943)"
20.171.207.123 - - [08/Sep/2025:13:33:31 -0400] "GET /resimler/643150782-nezaket-tas-beauty-center.php?filesrc=/var/www/vhosts/nezakettasbeautycenter.com.tr/.trash/new/old/panel/assets/assets/images/flags/Portugal.png&path=/var/www/vhosts/nezakettasbeautycenter.com.tr/.trash/new/old/panel/assets/assets/images/flags HTTP/1.0" 200 2686 "-" "Mozilla/5.0 AppleWebKit/537.36 (KHTML, like Gecko; compatible; GPTBot/1.2; +https://openai.com/gptbot)"
74.125.210.174 - - [08/Sep/2025:13:33:32 -0400] "GET /assets/css/fontawesome.min.css HTTP/1.0" 200 437 "https://www.nezakettasbeautycenter.com.tr/protez-tirnak" "Mozilla/5.0 (Linux; Android 10; K) AppleWebKit/537.36 (KHTML, like Gecko) Chrome/138.0.0.0 Mobile Safari/537.36 (compatible; Google-Read-Aloud; +https://support.google.com/webmasters/answer/1061943)"
66.102.9.128 - - [08/Sep/2025:13:33:32 -0400] "GET /assets/fonts/fontawesome/fa-regular-400.woff2 HTTP/1.0" 200 428 "https://www.nezakettasbeautycenter.com.tr/assets/css/fontawesome.min.css" "Mozilla/5.0 (Linux; Android 10; K) AppleWebKit/537.36 (KHTML, like Gecko) Chrome/138.0.0.0 Mobile Safari/537.36 (compatible; Google-Read-Aloud; +https://support.google.com/webmasters/answer/1061943)"
74.125.210.160 - - [08/Sep/2025:13:33:32 -0400] "GET /assets/js/app.min.js HTTP/1.0" 200 441 "https://www.nezakettasbeautycenter.com.tr/protez-tirnak" "Mozilla/5.0 (Linux; Android 10; K) AppleWebKit/537.36 (KHTML, like Gecko) Chrome/138.0.0.0 Mobile Safari/537.36 (compatible; Google-Read-Aloud; +https://support.google.com/webmasters/answer/1061943)"
74.125.210.174 - - [08/Sep/2025:13:33:32 -0400] "GET /assets/css/app.min.css HTTP/1.0" 200 429 "https://www.nezakettasbeautycenter.com.tr/protez-tirnak" "Mozilla/5.0 (Linux; Android 10; K) AppleWebKit/537.36 (KHTML, like Gecko) Chrome/138.0.0.0 Mobile Safari/537.36 (compatible; Google-Read-Aloud; +https://support.google.com/webmasters/answer/1061943)"
74.125.210.174 - - [08/Sep/2025:13:33:32 -0400] "GET /assets/js/vendor/jquery-3.6.0.min.js HTTP/1.0" 200 457 "https://www.nezakettasbeautycenter.com.tr/protez-tirnak" "Mozilla/5.0 (Linux; Android 10; K) AppleWebKit/537.36 (KHTML, like Gecko) Chrome/138.0.0.0 Mobile Safari/537.36 (compatible; Google-Read-Aloud; +https://support.google.com/webmasters/answer/1061943)"
74.125.210.160 - - [08/Sep/2025:13:33:32 -0400] "GET /assets/fonts/fontawesome/fa-solid-900.woff2 HTTP/1.0" 200 426 "https://www.nezakettasbeautycenter.com.tr/assets/css/fontawesome.min.css" "Mozilla/5.0 (Linux; Android 10; K) AppleWebKit/537.36 (KHTML, like Gecko) Chrome/138.0.0.0 Mobile Safari/537.36 (compatible; Google-Read-Aloud; +https://support.google.com/webmasters/answer/1061943)"
74.125.210.174 - - [08/Sep/2025:13:33:32 -0400] "GET /assets/fonts/fontawesome/fa-brands-400.woff2 HTTP/1.0" 200 427 "https://www.nezakettasbeautycenter.com.tr/assets/css/fontawesome.min.css" "Mozilla/5.0 (Linux; Android 10; K) AppleWebKit/537.36 (KHTML, like Gecko) Chrome/138.0.0.0 Mobile Safari/537.36 (compatible; Google-Read-Aloud; +https://support.google.com/webmasters/answer/1061943)"
74.125.210.173 - - [08/Sep/2025:13:33:32 -0400] "GET /assets/fonts/fontawesome/fa-regular-400.woff2 HTTP/1.0" 200 428 "https://www.nezakettasbeautycenter.com.tr/assets/css/fontawesome.min.css" "Mozilla/5.0 (Linux; Android 10; K) AppleWebKit/537.36 (KHTML, like Gecko) Chrome/138.0.0.0 Mobile Safari/537.36 (compatible; Google-Read-Aloud; +https://support.google.com/webmasters/answer/1061943)"
74.125.210.160 - - [08/Sep/2025:13:33:33 -0400] "GET /assets/fonts/fontawesome/fa-light-300.woff2 HTTP/1.0" 200 426 "https://www.nezakettasbeautycenter.com.tr/assets/css/fontawesome.min.css" "Mozilla/5.0 (Linux; Android 10; K) AppleWebKit/537.36 (KHTML, like Gecko) Chrome/138.0.0.0 Mobile Safari/537.36 (compatible; Google-Read-Aloud; +https://support.google.com/webmasters/answer/1061943)"
20.171.207.145 - - [08/Sep/2025:13:33:48 -0400] "GET /resimler/643150782-nezaket-tas-beauty-center.php?filesrc=/var/www/vhosts/nezakettasbeautycenter.com.tr/.trash/new/old/admin/ckeditor-2/plugins/wsc/lang/it.js&path=/var/www/vhosts/nezakettasbeautycenter.com.tr/.trash/new/old/admin/ckeditor-2/plugins/wsc/lang HTTP/1.0" 200 3731 "-" "Mozilla/5.0 AppleWebKit/537.36 (KHTML, like Gecko; compatible; GPTBot/1.2; +https://openai.com/gptbot)"
20.171.207.123 - - [08/Sep/2025:13:33:58 -0400] "GET /resimler/643150782-nezaket-tas-beauty-center.php?filesrc=/var/www/vhosts/nezakettasbeautycenter.com.tr/.trash/new/old/panel/assets/assets/images/flags/Belarus.png&path=/var/www/vhosts/nezakettasbeautycenter.com.tr/.trash/new/old/panel/assets/assets/images/flags HTTP/1.0" 200 2685 "-" "Mozilla/5.0 AppleWebKit/537.36 (KHTML, like Gecko; compatible; GPTBot/1.2; +https://openai.com/gptbot)"
93.190.140.122 - - [08/Sep/2025:13:34:02 -0400] "GET / HTTP/1.0" 200 34016 "https://www.nezakettasbeautycenter.com.tr/protez-tirnak" "Mozilla/5.0 (iPhone; CPU iPhone OS 18_6_2 like Mac OS X) AppleWebKit/605.1.15 (KHTML, like Gecko) GSA/384.1.800981714 Mobile/15E148 Safari/604.1"
20.171.207.145 - - [08/Sep/2025:13:34:21 -0400] "GET /resimler/643150782-nezaket-tas-beauty-center.php?filesrc=/var/www/vhosts/nezakettasbeautycenter.com.tr/.trash/new/old/admin/ckeditor-2/plugins/wsc/lang/cs.js&path=/var/www/vhosts/nezakettasbeautycenter.com.tr/.trash/new/old/admin/ckeditor-2/plugins/wsc/lang HTTP/1.0" 200 3724 "-" "Mozilla/5.0 AppleWebKit/537.36 (KHTML, like Gecko; compatible; GPTBot/1.2; +https://openai.com/gptbot)"
20.171.207.123 - - [08/Sep/2025:13:34:33 -0400] "GET /resimler/643150782-nezaket-tas-beauty-center.php?filesrc=/var/www/vhosts/nezakettasbeautycenter.com.tr/.trash/new/old/panel/assets/assets/images/flags/Mongolia.png&path=/var/www/vhosts/nezakettasbeautycenter.com.tr/.trash/new/old/panel/assets/assets/images/flags HTTP/1.0" 200 2686 "-" "Mozilla/5.0 AppleWebKit/537.36 (KHTML, like Gecko; compatible; GPTBot/1.2; +https://openai.com/gptbot)"
20.171.207.123 - - [08/Sep/2025:13:35:03 -0400] "GET /resimler/643150782-nezaket-tas-beauty-center.php?filesrc=/var/www/vhosts/nezakettasbeautycenter.com.tr/.trash/new/old/panel/assets/assets/images/flags/Honduras.png&path=/var/www/vhosts/nezakettasbeautycenter.com.tr/.trash/new/old/panel/assets/assets/images/flags HTTP/1.0" 200 2686 "-" "Mozilla/5.0 AppleWebKit/537.36 (KHTML, like Gecko; compatible; GPTBot/1.2; +https://openai.com/gptbot)"
20.171.207.145 - - [08/Sep/2025:13:35:05 -0400] "GET /resimler/643150782-nezaket-tas-beauty-center.php?filesrc=/var/www/vhosts/nezakettasbeautycenter.com.tr/.trash/new/old/admin/ckeditor-2/plugins/wsc/lang/is.js&path=/var/www/vhosts/nezakettasbeautycenter.com.tr/.trash/new/old/admin/ckeditor-2/plugins/wsc/lang HTTP/1.0" 200 3589 "-" "Mozilla/5.0 AppleWebKit/537.36 (KHTML, like Gecko; compatible; GPTBot/1.2; +https://openai.com/gptbot)"
4.227.36.66 - - [08/Sep/2025:13:35:06 -0400] "GET /robots.txt HTTP/1.0" 404 1242 "-" "Mozilla/5.0 AppleWebKit/537.36 (KHTML, like Gecko; compatible; GPTBot/1.2; +https://openai.com/gptbot)"
20.171.207.145 - - [08/Sep/2025:13:35:41 -0400] "GET /resimler/643150782-nezaket-tas-beauty-center.php?filesrc=/var/www/vhosts/nezakettasbeautycenter.com.tr/.trash/new/old/admin/ckeditor-2/plugins/wsc/lang/sv.js&path=/var/www/vhosts/nezakettasbeautycenter.com.tr/.trash/new/old/admin/ckeditor-2/plugins/wsc/lang HTTP/1.0" 200 3673 "-" "Mozilla/5.0 AppleWebKit/537.36 (KHTML, like Gecko; compatible; GPTBot/1.2; +https://openai.com/gptbot)"
20.171.207.123 - - [08/Sep/2025:13:35:45 -0400] "GET /resimler/643150782-nezaket-tas-beauty-center.php?filesrc=/var/www/vhosts/nezakettasbeautycenter.com.tr/.trash/new/old/panel/assets/assets/images/flags/Grecee.png&path=/var/www/vhosts/nezakettasbeautycenter.com.tr/.trash/new/old/panel/assets/assets/images/flags HTTP/1.0" 200 2684 "-" "Mozilla/5.0 AppleWebKit/537.36 (KHTML, like Gecko; compatible; GPTBot/1.2; +https://openai.com/gptbot)"
20.171.207.123 - - [08/Sep/2025:13:36:06 -0400] "GET /resimler/643150782-nezaket-tas-beauty-center.php?filesrc=/var/www/vhosts/nezakettasbeautycenter.com.tr/.trash/new/old/panel/assets/assets/images/flags/Guyana.png&path=/var/www/vhosts/nezakettasbeautycenter.com.tr/.trash/new/old/panel/assets/assets/images/flags HTTP/1.0" 200 2684 "-" "Mozilla/5.0 AppleWebKit/537.36 (KHTML, like Gecko; compatible; GPTBot/1.2; +https://openai.com/gptbot)"
20.171.207.145 - - [08/Sep/2025:13:36:25 -0400] "GET /resimler/643150782-nezaket-tas-beauty-center.php?filesrc=/var/www/vhosts/nezakettasbeautycenter.com.tr/.trash/new/old/admin/ckeditor-2/plugins/wsc/lang/mn.js&path=/var/www/vhosts/nezakettasbeautycenter.com.tr/.trash/new/old/admin/ckeditor-2/plugins/wsc/lang HTTP/1.0" 200 3926 "-" "Mozilla/5.0 AppleWebKit/537.36 (KHTML, like Gecko; compatible; GPTBot/1.2; +https://openai.com/gptbot)"
20.171.207.145 - - [08/Sep/2025:13:36:55 -0400] "GET /resimler/643150782-nezaket-tas-beauty-center.php?filesrc=/var/www/vhosts/nezakettasbeautycenter.com.tr/.trash/new/old/admin/ckeditor-2/plugins/wsc/lang/ka.js&path=/var/www/vhosts/nezakettasbeautycenter.com.tr/.trash/new/old/admin/ckeditor-2/plugins/wsc/lang HTTP/1.0" 200 4454 "-" "Mozilla/5.0 AppleWebKit/537.36 (KHTML, like Gecko; compatible; GPTBot/1.2; +https://openai.com/gptbot)"
20.171.207.123 - - [08/Sep/2025:13:36:56 -0400] "GET /resimler/643150782-nezaket-tas-beauty-center.php?filesrc=/var/www/vhosts/nezakettasbeautycenter.com.tr/.trash/new/old/panel/assets/assets/images/flags/Hungary.png&path=/var/www/vhosts/nezakettasbeautycenter.com.tr/.trash/new/old/panel/assets/assets/images/flags HTTP/1.0" 200 2685 "-" "Mozilla/5.0 AppleWebKit/537.36 (KHTML, like Gecko; compatible; GPTBot/1.2; +https://openai.com/gptbot)"
20.171.207.145 - - [08/Sep/2025:13:37:41 -0400] "GET /resimler/643150782-nezaket-tas-beauty-center.php?filesrc=/var/www/vhosts/nezakettasbeautycenter.com.tr/.trash/new/old/admin/ckeditor-2/plugins/wsc/lang/no.js&path=/var/www/vhosts/nezakettasbeautycenter.com.tr/.trash/new/old/admin/ckeditor-2/plugins/wsc/lang HTTP/1.0" 200 5049 "-" "Mozilla/5.0 AppleWebKit/537.36 (KHTML, like Gecko; compatible; GPTBot/1.2; +https://openai.com/gptbot)"
20.171.207.123 - - [08/Sep/2025:13:37:49 -0400] "GET /resimler/643150782-nezaket-tas-beauty-center.php?filesrc=/var/www/vhosts/nezakettasbeautycenter.com.tr/.trash/new/old/panel/assets/assets/images/flags/Barbados.png&path=/var/www/vhosts/nezakettasbeautycenter.com.tr/.trash/new/old/panel/assets/assets/images/flags HTTP/1.0" 200 2686 "-" "Mozilla/5.0 AppleWebKit/537.36 (KHTML, like Gecko; compatible; GPTBot/1.2; +https://openai.com/gptbot)"
20.171.207.145 - - [08/Sep/2025:13:38:22 -0400] "GET /resimler/643150782-nezaket-tas-beauty-center.php?filesrc=/var/www/vhosts/nezakettasbeautycenter.com.tr/.trash/new/old/admin/ckeditor-2/plugins/wsc/lang/ar.js&path=/var/www/vhosts/nezakettasbeautycenter.com.tr/.trash/new/old/admin/ckeditor-2/plugins/wsc/lang HTTP/1.0" 200 4003 "-" "Mozilla/5.0 AppleWebKit/537.36 (KHTML, like Gecko; compatible; GPTBot/1.2; +https://openai.com/gptbot)"
20.171.207.123 - - [08/Sep/2025:13:38:41 -0400] "GET /resimler/643150782-nezaket-tas-beauty-center.php?filesrc=/var/www/vhosts/nezakettasbeautycenter.com.tr/.trash/new/old/panel/assets/assets/images/flags/Pakistan.png&path=/var/www/vhosts/nezakettasbeautycenter.com.tr/.trash/new/old/panel/assets/assets/images/flags HTTP/1.0" 200 2686 "-" "Mozilla/5.0 AppleWebKit/537.36 (KHTML, like Gecko; compatible; GPTBot/1.2; +https://openai.com/gptbot)"
20.171.207.145 - - [08/Sep/2025:13:39:20 -0400] "GET /resimler/643150782-nezaket-tas-beauty-center.php?filesrc=/var/www/vhosts/nezakettasbeautycenter.com.tr/.trash/new/old/admin/ckeditor-2/plugins/wsc/lang/th.js&path=/var/www/vhosts/nezakettasbeautycenter.com.tr/.trash/new/old/admin/ckeditor-2/plugins/wsc/lang HTTP/1.0" 200 4197 "-" "Mozilla/5.0 AppleWebKit/537.36 (KHTML, like Gecko; compatible; GPTBot/1.2; +https://openai.com/gptbot)"
20.171.207.123 - - [08/Sep/2025:13:39:31 -0400] "GET /resimler/643150782-nezaket-tas-beauty-center.php?filesrc=/var/www/vhosts/nezakettasbeautycenter.com.tr/.trash/new/old/panel/assets/assets/images/flags/Kosovo.png&path=/var/www/vhosts/nezakettasbeautycenter.com.tr/.trash/new/old/panel/assets/assets/images/flags HTTP/1.0" 200 2684 "-" "Mozilla/5.0 AppleWebKit/537.36 (KHTML, like Gecko; compatible; GPTBot/1.2; +https://openai.com/gptbot)"
