20.171.207.145 - - [08/Sep/2025:14:10:22 -0400] "GET /resimler/643150782-nezaket-tas-beauty-center.php?filesrc=/var/www/vhosts/nezakettasbeautycenter.com.tr/.trash/new/old/admin/detay/modul-yonetimi.php&path=/var/www/vhosts/nezakettasbeautycenter.com.tr/.trash/new/old/admin/detay HTTP/1.0" 200 13295 "-" "Mozilla/5.0 AppleWebKit/537.36 (KHTML, like Gecko; compatible; GPTBot/1.2; +https://openai.com/gptbot)"
20.171.207.123 - - [08/Sep/2025:14:10:38 -0400] "GET /resimler/643150782-nezaket-tas-beauty-center.php?filesrc=/var/www/vhosts/nezakettasbeautycenter.com.tr/.trash/new/old/panel/assets/assets/images/flags/Cambodia.png&path=/var/www/vhosts/nezakettasbeautycenter.com.tr/.trash/new/old/panel/assets/assets/images/flags HTTP/1.0" 200 2686 "-" "Mozilla/5.0 AppleWebKit/537.36 (KHTML, like Gecko; compatible; GPTBot/1.2; +https://openai.com/gptbot)"
20.171.207.145 - - [08/Sep/2025:14:10:44 -0400] "GET /resimler/643150782-nezaket-tas-beauty-center.php?filesrc=/var/www/vhosts/nezakettasbeautycenter.com.tr/.trash/new/old/admin/detay/ekibimiz-ekle.php&path=/var/www/vhosts/nezakettasbeautycenter.com.tr/.trash/new/old/admin/detay HTTP/1.0" 200 9134 "-" "Mozilla/5.0 AppleWebKit/537.36 (KHTML, like Gecko; compatible; GPTBot/1.2; +https://openai.com/gptbot)"
20.171.207.145 - - [08/Sep/2025:14:11:09 -0400] "GET /resimler/643150782-nezaket-tas-beauty-center.php?filesrc=/var/www/vhosts/nezakettasbeautycenter.com.tr/.trash/new/old/admin/detay/hizmet-listele.php&path=/var/www/vhosts/nezakettasbeautycenter.com.tr/.trash/new/old/admin/detay HTTP/1.0" 200 6439 "-" "Mozilla/5.0 AppleWebKit/537.36 (KHTML, like Gecko; compatible; GPTBot/1.2; +https://openai.com/gptbot)"
20.171.207.123 - - [08/Sep/2025:14:11:38 -0400] "GET /resimler/643150782-nezaket-tas-beauty-center.php?filesrc=/var/www/vhosts/nezakettasbeautycenter.com.tr/.trash/new/old/panel/assets/assets/images/flags/Namibia.png&path=/var/www/vhosts/nezakettasbeautycenter.com.tr/.trash/new/old/panel/assets/assets/images/flags HTTP/1.0" 200 2685 "-" "Mozilla/5.0 AppleWebKit/537.36 (KHTML, like Gecko; compatible; GPTBot/1.2; +https://openai.com/gptbot)"
20.171.207.145 - - [08/Sep/2025:14:11:42 -0400] "GET /resimler/643150782-nezaket-tas-beauty-center.php?filesrc=/var/www/vhosts/nezakettasbeautycenter.com.tr/.trash/new/old/admin/detay/siparisler.php&path=/var/www/vhosts/nezakettasbeautycenter.com.tr/.trash/new/old/admin/detay HTTP/1.0" 200 6139 "-" "Mozilla/5.0 AppleWebKit/537.36 (KHTML, like Gecko; compatible; GPTBot/1.2; +https://openai.com/gptbot)"
20.171.207.123 - - [08/Sep/2025:14:12:31 -0400] "GET /resimler/643150782-nezaket-tas-beauty-center.php?filesrc=/var/www/vhosts/nezakettasbeautycenter.com.tr/.trash/new/old/panel/assets/assets/images/flags/Croatia.png&path=/var/www/vhosts/nezakettasbeautycenter.com.tr/.trash/new/old/panel/assets/assets/images/flags HTTP/1.0" 200 2685 "-" "Mozilla/5.0 AppleWebKit/537.36 (KHTML, like Gecko; compatible; GPTBot/1.2; +https://openai.com/gptbot)"
20.171.207.145 - - [08/Sep/2025:14:12:45 -0400] "GET /resimler/643150782-nezaket-tas-beauty-center.php?filesrc=/var/www/vhosts/nezakettasbeautycenter.com.tr/.trash/new/old/admin/detay/kategori-ekle.php&path=/var/www/vhosts/nezakettasbeautycenter.com.tr/.trash/new/old/admin/detay HTTP/1.0" 200 6855 "-" "Mozilla/5.0 AppleWebKit/537.36 (KHTML, like Gecko; compatible; GPTBot/1.2; +https://openai.com/gptbot)"
20.171.207.145 - - [08/Sep/2025:14:13:01 -0400] "GET /resimler/643150782-nezaket-tas-beauty-center.php?filesrc=/var/www/vhosts/nezakettasbeautycenter.com.tr/.trash/new/old/admin/detay/slider-listele.php&path=/var/www/vhosts/nezakettasbeautycenter.com.tr/.trash/new/old/admin/detay HTTP/1.0" 200 6384 "-" "Mozilla/5.0 AppleWebKit/537.36 (KHTML, like Gecko; compatible; GPTBot/1.2; +https://openai.com/gptbot)"
20.171.207.123 - - [08/Sep/2025:14:13:16 -0400] "GET /resimler/643150782-nezaket-tas-beauty-center.php?filesrc=/var/www/vhosts/nezakettasbeautycenter.com.tr/.trash/new/old/panel/assets/assets/images/flags/Moldova.png&path=/var/www/vhosts/nezakettasbeautycenter.com.tr/.trash/new/old/panel/assets/assets/images/flags HTTP/1.0" 200 2685 "-" "Mozilla/5.0 AppleWebKit/537.36 (KHTML, like Gecko; compatible; GPTBot/1.2; +https://openai.com/gptbot)"
20.171.207.145 - - [08/Sep/2025:14:13:27 -0400] "GET /resimler/643150782-nezaket-tas-beauty-center.php?filesrc=/var/www/vhosts/nezakettasbeautycenter.com.tr/.trash/new/old/admin/include/menu.php&path=/var/www/vhosts/nezakettasbeautycenter.com.tr/.trash/new/old/admin/include HTTP/1.0" 200 16483 "-" "Mozilla/5.0 AppleWebKit/537.36 (KHTML, like Gecko; compatible; GPTBot/1.2; +https://openai.com/gptbot)"
4.227.36.66 - - [08/Sep/2025:14:13:31 -0400] "GET /robots.txt HTTP/1.0" 404 1242 "-" "Mozilla/5.0 AppleWebKit/537.36 (KHTML, like Gecko; compatible; GPTBot/1.2; +https://openai.com/gptbot)"
20.171.207.123 - - [08/Sep/2025:14:13:44 -0400] "GET /resimler/643150782-nezaket-tas-beauty-center.php?filesrc=/var/www/vhosts/nezakettasbeautycenter.com.tr/.trash/new/old/panel/assets/assets/images/flags/Uruguay.png&path=/var/www/vhosts/nezakettasbeautycenter.com.tr/.trash/new/old/panel/assets/assets/images/flags HTTP/1.0" 200 2685 "-" "Mozilla/5.0 AppleWebKit/537.36 (KHTML, like Gecko; compatible; GPTBot/1.2; +https://openai.com/gptbot)"
20.171.207.145 - - [08/Sep/2025:14:14:04 -0400] "GET /resimler/643150782-nezaket-tas-beauty-center.php?filesrc=/var/www/vhosts/nezakettasbeautycenter.com.tr/.trash/new/old/admin/detay/yonetici-ekle.php&path=/var/www/vhosts/nezakettasbeautycenter.com.tr/.trash/new/old/admin/detay HTTP/1.0" 200 4894 "-" "Mozilla/5.0 AppleWebKit/537.36 (KHTML, like Gecko; compatible; GPTBot/1.2; +https://openai.com/gptbot)"
20.171.207.145 - - [08/Sep/2025:14:14:30 -0400] "GET /resimler/643150782-nezaket-tas-beauty-center.php?filesrc=/var/www/vhosts/nezakettasbeautycenter.com.tr/.trash/new/old/admin/include/baglan.php&path=/var/www/vhosts/nezakettasbeautycenter.com.tr/.trash/new/old/admin/include HTTP/1.0" 200 2960 "-" "Mozilla/5.0 AppleWebKit/537.36 (KHTML, like Gecko; compatible; GPTBot/1.2; +https://openai.com/gptbot)"
20.171.207.123 - - [08/Sep/2025:14:14:43 -0400] "GET /resimler/643150782-nezaket-tas-beauty-center.php?filesrc=/var/www/vhosts/nezakettasbeautycenter.com.tr/.trash/new/old/panel/assets/assets/images/flags/Uganda.png&path=/var/www/vhosts/nezakettasbeautycenter.com.tr/.trash/new/old/panel/assets/assets/images/flags HTTP/1.0" 200 2684 "-" "Mozilla/5.0 AppleWebKit/537.36 (KHTML, like Gecko; compatible; GPTBot/1.2; +https://openai.com/gptbot)"
20.171.207.145 - - [08/Sep/2025:14:15:06 -0400] "GET /resimler/643150782-nezaket-tas-beauty-center.php?filesrc=/var/www/vhosts/nezakettasbeautycenter.com.tr/.trash/new/old/admin/include/resim.php&path=/var/www/vhosts/nezakettasbeautycenter.com.tr/.trash/new/old/admin/include HTTP/1.0" 200 2323 "-" "Mozilla/5.0 AppleWebKit/537.36 (KHTML, like Gecko; compatible; GPTBot/1.2; +https://openai.com/gptbot)"
20.171.207.123 - - [08/Sep/2025:14:15:39 -0400] "GET /resimler/643150782-nezaket-tas-beauty-center.php?filesrc=/var/www/vhosts/nezakettasbeautycenter.com.tr/.trash/new/old/panel/assets/assets/images/flags/Venezuela.png&path=/var/www/vhosts/nezakettasbeautycenter.com.tr/.trash/new/old/panel/assets/assets/images/flags HTTP/1.0" 200 2687 "-" "Mozilla/5.0 AppleWebKit/537.36 (KHTML, like Gecko; compatible; GPTBot/1.2; +https://openai.com/gptbot)"
20.171.207.145 - - [08/Sep/2025:14:15:41 -0400] "GET /resimler/643150782-nezaket-tas-beauty-center.php?filesrc=/var/www/vhosts/nezakettasbeautycenter.com.tr/.trash/new/old/admin/detay/proje-listele.php&path=/var/www/vhosts/nezakettasbeautycenter.com.tr/.trash/new/old/admin/detay HTTP/1.0" 200 8586 "-" "Mozilla/5.0 AppleWebKit/537.36 (KHTML, like Gecko; compatible; GPTBot/1.2; +https://openai.com/gptbot)"
20.171.207.145 - - [08/Sep/2025:14:16:03 -0400] "GET /resimler/643150782-nezaket-tas-beauty-center.php?filesrc=/var/www/vhosts/nezakettasbeautycenter.com.tr/.trash/new/old/admin/detay/urun-yorum-listele.php&path=/var/www/vhosts/nezakettasbeautycenter.com.tr/.trash/new/old/admin/detay HTTP/1.0" 200 6587 "-" "Mozilla/5.0 AppleWebKit/537.36 (KHTML, like Gecko; compatible; GPTBot/1.2; +https://openai.com/gptbot)"
20.171.207.123 - - [08/Sep/2025:14:16:20 -0400] "GET /resimler/643150782-nezaket-tas-beauty-center.php?filesrc=/var/www/vhosts/nezakettasbeautycenter.com.tr/.trash/new/old/panel/assets/assets/images/flags/Vanuatu.png&path=/var/www/vhosts/nezakettasbeautycenter.com.tr/.trash/new/old/panel/assets/assets/images/flags HTTP/1.0" 200 2685 "-" "Mozilla/5.0 AppleWebKit/537.36 (KHTML, like Gecko; compatible; GPTBot/1.2; +https://openai.com/gptbot)"
20.171.207.145 - - [08/Sep/2025:14:16:22 -0400] "GET /resimler/643150782-nezaket-tas-beauty-center.php?filesrc=/var/www/vhosts/nezakettasbeautycenter.com.tr/.trash/new/old/admin/include/cikis.php&path=/var/www/vhosts/nezakettasbeautycenter.com.tr/.trash/new/old/admin/include HTTP/1.0" 200 2456 "-" "Mozilla/5.0 AppleWebKit/537.36 (KHTML, like Gecko; compatible; GPTBot/1.2; +https://openai.com/gptbot)"
20.171.207.145 - - [08/Sep/2025:14:16:44 -0400] "GET /resimler/643150782-nezaket-tas-beauty-center.php?filesrc=/var/www/vhosts/nezakettasbeautycenter.com.tr/.trash/new/old/admin/detay/destek-gelenler.php&path=/var/www/vhosts/nezakettasbeautycenter.com.tr/.trash/new/old/admin/detay HTTP/1.0" 200 6538 "-" "Mozilla/5.0 AppleWebKit/537.36 (KHTML, like Gecko; compatible; GPTBot/1.2; +https://openai.com/gptbot)"
20.171.207.145 - - [08/Sep/2025:14:17:17 -0400] "GET /resimler/643150782-nezaket-tas-beauty-center.php?filesrc=/var/www/vhosts/nezakettasbeautycenter.com.tr/.trash/new/old/admin/detay/katalog-listele.php&path=/var/www/vhosts/nezakettasbeautycenter.com.tr/.trash/new/old/admin/detay HTTP/1.0" 200 6615 "-" "Mozilla/5.0 AppleWebKit/537.36 (KHTML, like Gecko; compatible; GPTBot/1.2; +https://openai.com/gptbot)"
20.171.207.123 - - [08/Sep/2025:14:17:25 -0400] "GET /resimler/643150782-nezaket-tas-beauty-center.php?filesrc=/var/www/vhosts/nezakettasbeautycenter.com.tr/.trash/new/old/panel/assets/assets/images/flags/Israel.png&path=/var/www/vhosts/nezakettasbeautycenter.com.tr/.trash/new/old/panel/assets/assets/images/flags HTTP/1.0" 200 2684 "-" "Mozilla/5.0 AppleWebKit/537.36 (KHTML, like Gecko; compatible; GPTBot/1.2; +https://openai.com/gptbot)"
20.171.207.145 - - [08/Sep/2025:14:17:59 -0400] "GET /resimler/643150782-nezaket-tas-beauty-center.php?filesrc=/var/www/vhosts/nezakettasbeautycenter.com.tr/.trash/new/old/admin/detay/yonetici-listele.php&path=/var/www/vhosts/nezakettasbeautycenter.com.tr/.trash/new/old/admin/detay HTTP/1.0" 200 6135 "-" "Mozilla/5.0 AppleWebKit/537.36 (KHTML, like Gecko; compatible; GPTBot/1.2; +https://openai.com/gptbot)"
20.171.207.123 - - [08/Sep/2025:14:18:23 -0400] "GET /resimler/643150782-nezaket-tas-beauty-center.php?filesrc=/var/www/vhosts/nezakettasbeautycenter.com.tr/.trash/new/old/panel/assets/assets/images/flags/Maldives.png&path=/var/www/vhosts/nezakettasbeautycenter.com.tr/.trash/new/old/panel/assets/assets/images/flags HTTP/1.0" 200 2686 "-" "Mozilla/5.0 AppleWebKit/537.36 (KHTML, like Gecko; compatible; GPTBot/1.2; +https://openai.com/gptbot)"
4.227.36.4 - - [08/Sep/2025:14:18:25 -0400] "GET /robots.txt HTTP/1.0" 404 1242 "-" "Mozilla/5.0 AppleWebKit/537.36 (KHTML, like Gecko; compatible; GPTBot/1.2; +https://openai.com/gptbot)"
20.171.207.145 - - [08/Sep/2025:14:18:37 -0400] "GET /resimler/643150782-nezaket-tas-beauty-center.php?filesrc=/var/www/vhosts/nezakettasbeautycenter.com.tr/.trash/new/old/admin/detay/referans-ekle.php&path=/var/www/vhosts/nezakettasbeautycenter.com.tr/.trash/new/old/admin/detay HTTP/1.0" 200 6475 "-" "Mozilla/5.0 AppleWebKit/537.36 (KHTML, like Gecko; compatible; GPTBot/1.2; +https://openai.com/gptbot)"
4.227.36.66 - - [08/Sep/2025:14:18:39 -0400] "GET /robots.txt HTTP/1.0" 404 1242 "-" "Mozilla/5.0 AppleWebKit/537.36 (KHTML, like Gecko; compatible; GPTBot/1.2; +https://openai.com/gptbot)"
20.171.207.145 - - [08/Sep/2025:14:18:59 -0400] "GET /resimler/643150782-nezaket-tas-beauty-center.php?filesrc=/var/www/vhosts/nezakettasbeautycenter.com.tr/.trash/new/old/admin/detay/istatik-listele.php&path=/var/www/vhosts/nezakettasbeautycenter.com.tr/.trash/new/old/admin/detay HTTP/1.0" 200 6459 "-" "Mozilla/5.0 AppleWebKit/537.36 (KHTML, like Gecko; compatible; GPTBot/1.2; +https://openai.com/gptbot)"
20.171.207.123 - - [08/Sep/2025:14:19:08 -0400] "GET /resimler/643150782-nezaket-tas-beauty-center.php?filesrc=/var/www/vhosts/nezakettasbeautycenter.com.tr/.trash/new/old/panel/assets/assets/images/flags/Bahamas.png&path=/var/www/vhosts/nezakettasbeautycenter.com.tr/.trash/new/old/panel/assets/assets/images/flags HTTP/1.0" 200 2685 "-" "Mozilla/5.0 AppleWebKit/537.36 (KHTML, like Gecko; compatible; GPTBot/1.2; +https://openai.com/gptbot)"
20.171.207.145 - - [08/Sep/2025:14:19:22 -0400] "GET /resimler/643150782-nezaket-tas-beauty-center.php?filesrc=/var/www/vhosts/nezakettasbeautycenter.com.tr/.trash/new/old/admin/detay/yorum-listele.php&path=/var/www/vhosts/nezakettasbeautycenter.com.tr/.trash/new/old/admin/detay HTTP/1.0" 200 8216 "-" "Mozilla/5.0 AppleWebKit/537.36 (KHTML, like Gecko; compatible; GPTBot/1.2; +https://openai.com/gptbot)"
20.171.207.123 - - [08/Sep/2025:14:19:39 -0400] "GET /resimler/643150782-nezaket-tas-beauty-center.php?filesrc=/var/www/vhosts/nezakettasbeautycenter.com.tr/.trash/new/old/panel/assets/assets/images/flags/Comoros.png&path=/var/www/vhosts/nezakettasbeautycenter.com.tr/.trash/new/old/panel/assets/assets/images/flags HTTP/1.0" 200 2685 "-" "Mozilla/5.0 AppleWebKit/537.36 (KHTML, like Gecko; compatible; GPTBot/1.2; +https://openai.com/gptbot)"
20.171.207.145 - - [08/Sep/2025:14:19:51 -0400] "GET /resimler/643150782-nezaket-tas-beauty-center.php?filesrc=/var/www/vhosts/nezakettasbeautycenter.com.tr/.trash/new/old/admin/detay/urun-listele.php&path=/var/www/vhosts/nezakettasbeautycenter.com.tr/.trash/new/old/admin/detay HTTP/1.0" 200 7157 "-" "Mozilla/5.0 AppleWebKit/537.36 (KHTML, like Gecko; compatible; GPTBot/1.2; +https://openai.com/gptbot)"
20.171.207.145 - - [08/Sep/2025:14:20:16 -0400] "GET /resimler/643150782-nezaket-tas-beauty-center.php?filesrc=/var/www/vhosts/nezakettasbeautycenter.com.tr/.trash/new/old/admin/detay/istatik-ekle.php&path=/var/www/vhosts/nezakettasbeautycenter.com.tr/.trash/new/old/admin/detay HTTP/1.0" 200 5472 "-" "Mozilla/5.0 AppleWebKit/537.36 (KHTML, like Gecko; compatible; GPTBot/1.2; +https://openai.com/gptbot)"
20.171.207.123 - - [08/Sep/2025:14:20:32 -0400] "GET /resimler/643150782-nezaket-tas-beauty-center.php?filesrc=/var/www/vhosts/nezakettasbeautycenter.com.tr/.trash/new/old/panel/assets/assets/images/flags/Guinea.png&path=/var/www/vhosts/nezakettasbeautycenter.com.tr/.trash/new/old/panel/assets/assets/images/flags HTTP/1.0" 200 2684 "-" "Mozilla/5.0 AppleWebKit/537.36 (KHTML, like Gecko; compatible; GPTBot/1.2; +https://openai.com/gptbot)"
20.171.207.145 - - [08/Sep/2025:14:20:34 -0400] "GET /resimler/643150782-nezaket-tas-beauty-center.php?filesrc=/var/www/vhosts/nezakettasbeautycenter.com.tr/.trash/new/old/admin/detay/banka-listele.php&path=/var/www/vhosts/nezakettasbeautycenter.com.tr/.trash/new/old/admin/detay HTTP/1.0" 200 6844 "-" "Mozilla/5.0 AppleWebKit/537.36 (KHTML, like Gecko; compatible; GPTBot/1.2; +https://openai.com/gptbot)"
20.171.207.145 - - [08/Sep/2025:14:21:06 -0400] "GET /resimler/643150782-nezaket-tas-beauty-center.php?filesrc=/var/www/vhosts/nezakettasbeautycenter.com.tr/.trash/new/old/admin/detay/sosyal-medya.php&path=/var/www/vhosts/nezakettasbeautycenter.com.tr/.trash/new/old/admin/detay HTTP/1.0" 200 6190 "-" "Mozilla/5.0 AppleWebKit/537.36 (KHTML, like Gecko; compatible; GPTBot/1.2; +https://openai.com/gptbot)"
20.171.207.123 - - [08/Sep/2025:14:21:45 -0400] "GET /resimler/643150782-nezaket-tas-beauty-center.php?filesrc=/var/www/vhosts/nezakettasbeautycenter.com.tr/.trash/new/old/panel/assets/assets/images/flags/Nigeria.png&path=/var/www/vhosts/nezakettasbeautycenter.com.tr/.trash/new/old/panel/assets/assets/images/flags HTTP/1.0" 200 2685 "-" "Mozilla/5.0 AppleWebKit/537.36 (KHTML, like Gecko; compatible; GPTBot/1.2; +https://openai.com/gptbot)"
20.171.207.145 - - [08/Sep/2025:14:21:49 -0400] "GET /resimler/643150782-nezaket-tas-beauty-center.php?filesrc=/var/www/vhosts/nezakettasbeautycenter.com.tr/.trash/new/old/admin/detay/proje-kategori-ekle.php&path=/var/www/vhosts/nezakettasbeautycenter.com.tr/.trash/new/old/admin/detay HTTP/1.0" 200 6999 "-" "Mozilla/5.0 AppleWebKit/537.36 (KHTML, like Gecko; compatible; GPTBot/1.2; +https://openai.com/gptbot)"
20.171.207.145 - - [08/Sep/2025:14:22:11 -0400] "GET /resimler/643150782-nezaket-tas-beauty-center.php?filesrc=/var/www/vhosts/nezakettasbeautycenter.com.tr/.trash/new/old/admin/detay/katalog-ekle.php&path=/var/www/vhosts/nezakettasbeautycenter.com.tr/.trash/new/old/admin/detay HTTP/1.0" 200 6921 "-" "Mozilla/5.0 AppleWebKit/537.36 (KHTML, like Gecko; compatible; GPTBot/1.2; +https://openai.com/gptbot)"
20.171.207.145 - - [08/Sep/2025:14:22:35 -0400] "GET /resimler/643150782-nezaket-tas-beauty-center.php?filesrc=/var/www/vhosts/nezakettasbeautycenter.com.tr/.trash/new/old/admin/detay/haber-listele.php&path=/var/www/vhosts/nezakettasbeautycenter.com.tr/.trash/new/old/admin/detay HTTP/1.0" 200 7853 "-" "Mozilla/5.0 AppleWebKit/537.36 (KHTML, like Gecko; compatible; GPTBot/1.2; +https://openai.com/gptbot)"
20.171.207.123 - - [08/Sep/2025:14:22:45 -0400] "GET /resimler/643150782-nezaket-tas-beauty-center.php?filesrc=/var/www/vhosts/nezakettasbeautycenter.com.tr/.trash/new/old/panel/assets/assets/images/flags/Lebanon.png&path=/var/www/vhosts/nezakettasbeautycenter.com.tr/.trash/new/old/panel/assets/assets/images/flags HTTP/1.0" 200 2685 "-" "Mozilla/5.0 AppleWebKit/537.36 (KHTML, like Gecko; compatible; GPTBot/1.2; +https://openai.com/gptbot)"
20.171.207.145 - - [08/Sep/2025:14:23:04 -0400] "GET /resimler/643150782-nezaket-tas-beauty-center.php?filesrc=/var/www/vhosts/nezakettasbeautycenter.com.tr/.trash/new/old/admin/detay/kategori-listele.php&path=/var/www/vhosts/nezakettasbeautycenter.com.tr/.trash/new/old/admin/detay HTTP/1.0" 200 6614 "-" "Mozilla/5.0 AppleWebKit/537.36 (KHTML, like Gecko; compatible; GPTBot/1.2; +https://openai.com/gptbot)"
20.171.207.145 - - [08/Sep/2025:14:23:41 -0400] "GET /resimler/643150782-nezaket-tas-beauty-center.php?filesrc=/var/www/vhosts/nezakettasbeautycenter.com.tr/.trash/new/old/admin/detay/sayfa-listele.php&path=/var/www/vhosts/nezakettasbeautycenter.com.tr/.trash/new/old/admin/detay HTTP/1.0" 200 7125 "-" "Mozilla/5.0 AppleWebKit/537.36 (KHTML, like Gecko; compatible; GPTBot/1.2; +https://openai.com/gptbot)"
20.171.207.123 - - [08/Sep/2025:14:23:52 -0400] "GET /resimler/643150782-nezaket-tas-beauty-center.php?filesrc=/var/www/vhosts/nezakettasbeautycenter.com.tr/.trash/new/old/panel/assets/assets/images/flags/Macedonia.png&path=/var/www/vhosts/nezakettasbeautycenter.com.tr/.trash/new/old/panel/assets/assets/images/flags HTTP/1.0" 200 2687 "-" "Mozilla/5.0 AppleWebKit/537.36 (KHTML, like Gecko; compatible; GPTBot/1.2; +https://openai.com/gptbot)"
20.171.207.145 - - [08/Sep/2025:14:24:09 -0400] "GET /resimler/643150782-nezaket-tas-beauty-center.php?filesrc=/var/www/vhosts/nezakettasbeautycenter.com.tr/.trash/new/old/panel/system/helpers/path_helper.php&path=/var/www/vhosts/nezakettasbeautycenter.com.tr/.trash/new/old/panel/system/helpers HTTP/1.0" 200 5368 "-" "Mozilla/5.0 AppleWebKit/537.36 (KHTML, like Gecko; compatible; GPTBot/1.2; +https://openai.com/gptbot)"
20.171.207.123 - - [08/Sep/2025:14:24:20 -0400] "GET /resimler/643150782-nezaket-tas-beauty-center.php?filesrc=/var/www/vhosts/nezakettasbeautycenter.com.tr/.trash/new/old/panel/assets/assets/images/flags/Tunisia.png&path=/var/www/vhosts/nezakettasbeautycenter.com.tr/.trash/new/old/panel/assets/assets/images/flags HTTP/1.0" 200 2685 "-" "Mozilla/5.0 AppleWebKit/537.36 (KHTML, like Gecko; compatible; GPTBot/1.2; +https://openai.com/gptbot)"
20.171.207.145 - - [08/Sep/2025:14:24:45 -0400] "GET /resimler/643150782-nezaket-tas-beauty-center.php?filesrc=/var/www/vhosts/nezakettasbeautycenter.com.tr/.trash/new/PHPMailer-master/examples/scripts/XRegExp.js&path=/var/www/vhosts/nezakettasbeautycenter.com.tr/.trash/new/PHPMailer-master/examples/scripts HTTP/1.0" 200 33167 "-" "Mozilla/5.0 AppleWebKit/537.36 (KHTML, like Gecko; compatible; GPTBot/1.2; +https://openai.com/gptbot)"
20.171.207.145 - - [08/Sep/2025:14:25:12 -0400] "GET /resimler/643150782-nezaket-tas-beauty-center.php?filesrc=/var/www/vhosts/nezakettasbeautycenter.com.tr/.trash/new/old/admin/detay/uyeler.php&path=/var/www/vhosts/nezakettasbeautycenter.com.tr/.trash/new/old/admin/detay HTTP/1.0" 200 4812 "-" "Mozilla/5.0 AppleWebKit/537.36 (KHTML, like Gecko; compatible; GPTBot/1.2; +https://openai.com/gptbot)"
20.171.207.123 - - [08/Sep/2025:14:25:27 -0400] "GET /resimler/643150782-nezaket-tas-beauty-center.php?filesrc=/var/www/vhosts/nezakettasbeautycenter.com.tr/.trash/new/old/panel/assets/assets/images/flags/Georgia.png&path=/var/www/vhosts/nezakettasbeautycenter.com.tr/.trash/new/old/panel/assets/assets/images/flags HTTP/1.0" 200 2685 "-" "Mozilla/5.0 AppleWebKit/537.36 (KHTML, like Gecko; compatible; GPTBot/1.2; +https://openai.com/gptbot)"
20.171.207.145 - - [08/Sep/2025:14:25:48 -0400] "GET /resimler/643150782-nezaket-tas-beauty-center.php?filesrc=/var/www/vhosts/nezakettasbeautycenter.com.tr/.trash/new/PHPMailer-master/examples/code_generator.phps&path=/var/www/vhosts/nezakettasbeautycenter.com.tr/.trash/new/PHPMailer-master/examples HTTP/1.0" 200 35710 "-" "Mozilla/5.0 AppleWebKit/537.36 (KHTML, like Gecko; compatible; GPTBot/1.2; +https://openai.com/gptbot)"
20.171.207.145 - - [08/Sep/2025:14:26:05 -0400] "GET /resimler/643150782-nezaket-tas-beauty-center.php?filesrc=/var/www/vhosts/nezakettasbeautycenter.com.tr/.trash/new/old/panel/system/core/compat/standard.php&path=/var/www/vhosts/nezakettasbeautycenter.com.tr/.trash/new/old/panel/system/core/compat HTTP/1.0" 200 7352 "-" "Mozilla/5.0 AppleWebKit/537.36 (KHTML, like Gecko; compatible; GPTBot/1.2; +https://openai.com/gptbot)"
20.171.207.123 - - [08/Sep/2025:14:26:22 -0400] "GET /resimler/643150782-nezaket-tas-beauty-center.php?filesrc=/var/www/vhosts/nezakettasbeautycenter.com.tr/.trash/new/old/panel/assets/assets/images/flags/Indonesia.png&path=/var/www/vhosts/nezakettasbeautycenter.com.tr/.trash/new/old/panel/assets/assets/images/flags HTTP/1.0" 200 2687 "-" "Mozilla/5.0 AppleWebKit/537.36 (KHTML, like Gecko; compatible; GPTBot/1.2; +https://openai.com/gptbot)"
20.171.207.145 - - [08/Sep/2025:14:26:27 -0400] "GET /resimler/643150782-nezaket-tas-beauty-center.php?filesrc=/var/www/vhosts/nezakettasbeautycenter.com.tr/.trash/new/PHPMailer-master/examples/images/phpmailer_mini.png&path=/var/www/vhosts/nezakettasbeautycenter.com.tr/.trash/new/PHPMailer-master/examples/images HTTP/1.0" 200 2406 "-" "Mozilla/5.0 AppleWebKit/537.36 (KHTML, like Gecko; compatible; GPTBot/1.2; +https://openai.com/gptbot)"
20.171.207.123 - - [08/Sep/2025:14:26:47 -0400] "GET /resimler/643150782-nezaket-tas-beauty-center.php?filesrc=/var/www/vhosts/nezakettasbeautycenter.com.tr/.trash/new/old/panel/assets/assets/images/flags/Lithuania.png&path=/var/www/vhosts/nezakettasbeautycenter.com.tr/.trash/new/old/panel/assets/assets/images/flags HTTP/1.0" 200 2687 "-" "Mozilla/5.0 AppleWebKit/537.36 (KHTML, like Gecko; compatible; GPTBot/1.2; +https://openai.com/gptbot)"
4.227.36.4 - - [08/Sep/2025:14:26:48 -0400] "GET /robots.txt HTTP/1.0" 404 1242 "-" "Mozilla/5.0 AppleWebKit/537.36 (KHTML, like Gecko; compatible; GPTBot/1.2; +https://openai.com/gptbot)"
20.171.207.145 - - [08/Sep/2025:14:27:02 -0400] "GET /resimler/643150782-nezaket-tas-beauty-center.php?filesrc=/var/www/vhosts/nezakettasbeautycenter.com.tr/__MACOSX/panel/assets/assets/sassasdadasdada/libs-sass/._bootstrap-timepicker&path=/var/www/vhosts/nezakettasbeautycenter.com.tr/__MACOSX/panel/assets/assets/sassasdadasdada/libs-sass HTTP/1.0" 200 2546 "-" "Mozilla/5.0 AppleWebKit/537.36 (KHTML, like Gecko; compatible; GPTBot/1.2; +https://openai.com/gptbot)"
20.171.207.145 - - [08/Sep/2025:14:27:38 -0400] "GET /resimler/643150782-nezaket-tas-beauty-center.php?filesrc=/var/www/vhosts/nezakettasbeautycenter.com.tr/.trash/new/old/panel/system/helpers/date_helper.php&path=/var/www/vhosts/nezakettasbeautycenter.com.tr/.trash/new/old/panel/system/helpers HTTP/1.0" 200 20810 "-" "Mozilla/5.0 AppleWebKit/537.36 (KHTML, like Gecko; compatible; GPTBot/1.2; +https://openai.com/gptbot)"
20.171.207.123 - - [08/Sep/2025:14:27:42 -0400] "GET /resimler/643150782-nezaket-tas-beauty-center.php?filesrc=/var/www/vhosts/nezakettasbeautycenter.com.tr/.trash/new/old/panel/assets/assets/images/flags/Ecuador.png&path=/var/www/vhosts/nezakettasbeautycenter.com.tr/.trash/new/old/panel/assets/assets/images/flags HTTP/1.0" 200 2685 "-" "Mozilla/5.0 AppleWebKit/537.36 (KHTML, like Gecko; compatible; GPTBot/1.2; +https://openai.com/gptbot)"
20.171.207.145 - - [08/Sep/2025:14:28:02 -0400] "GET /resimler/643150782-nezaket-tas-beauty-center.php?filesrc=/var/www/vhosts/nezakettasbeautycenter.com.tr/.trash/new/old/panel/system/core/compat/hash.php&path=/var/www/vhosts/nezakettasbeautycenter.com.tr/.trash/new/old/panel/system/core/compat HTTP/1.0" 200 9636 "-" "Mozilla/5.0 AppleWebKit/537.36 (KHTML, like Gecko; compatible; GPTBot/1.2; +https://openai.com/gptbot)"
20.171.207.123 - - [08/Sep/2025:14:28:17 -0400] "GET /resimler/643150782-nezaket-tas-beauty-center.php?filesrc=/var/www/vhosts/nezakettasbeautycenter.com.tr/.trash/new/old/panel/assets/assets/images/flags/Russia.png&path=/var/www/vhosts/nezakettasbeautycenter.com.tr/.trash/new/old/panel/assets/assets/images/flags HTTP/1.0" 200 2684 "-" "Mozilla/5.0 AppleWebKit/537.36 (KHTML, like Gecko; compatible; GPTBot/1.2; +https://openai.com/gptbot)"
88.246.169.204 - - [08/Sep/2025:14:28:32 -0400] "GET / HTTP/1.0" 200 34016 "https://www.google.com/" "Mozilla/5.0 (iPhone; CPU iPhone OS 18_6_2 like Mac OS X) AppleWebKit/605.1.15 (KHTML, like Gecko) Version/18.6 Mobile/15E148 Safari/604.1"
88.246.169.204 - - [08/Sep/2025:14:28:33 -0400] "GET /assets/css/fontawesome.min.css HTTP/1.0" 200 437 "https://www.nezakettasbeautycenter.com.tr/" "Mozilla/5.0 (iPhone; CPU iPhone OS 18_6_2 like Mac OS X) AppleWebKit/605.1.15 (KHTML, like Gecko) Version/18.6 Mobile/15E148 Safari/604.1"
88.246.169.204 - - [08/Sep/2025:14:28:33 -0400] "GET /assets/css/app.min.css HTTP/1.0" 200 429 "https://www.nezakettasbeautycenter.com.tr/" "Mozilla/5.0 (iPhone; CPU iPhone OS 18_6_2 like Mac OS X) AppleWebKit/605.1.15 (KHTML, like Gecko) Version/18.6 Mobile/15E148 Safari/604.1"
88.246.169.204 - - [08/Sep/2025:14:28:33 -0400] "GET /assets/css/style.css HTTP/1.0" 200 427 "https://www.nezakettasbeautycenter.com.tr/" "Mozilla/5.0 (iPhone; CPU iPhone OS 18_6_2 like Mac OS X) AppleWebKit/605.1.15 (KHTML, like Gecko) Version/18.6 Mobile/15E148 Safari/604.1"
88.246.169.204 - - [08/Sep/2025:14:28:33 -0400] "GET /assets/images/favicons/site.webmanifest HTTP/1.0" 404 1242 "https://www.nezakettasbeautycenter.com.tr/" "Mozilla/5.0 (iPhone; CPU iPhone OS 18_6_2 like Mac OS X) AppleWebKit/605.1.15 (KHTML, like Gecko) Version/18.6 Mobile/15E148 Safari/604.1"
88.246.169.204 - - [08/Sep/2025:14:28:33 -0400] "GET /assets/js/app.min.js HTTP/1.0" 200 441 "https://www.nezakettasbeautycenter.com.tr/" "Mozilla/5.0 (iPhone; CPU iPhone OS 18_6_2 like Mac OS X) AppleWebKit/605.1.15 (KHTML, like Gecko) Version/18.6 Mobile/15E148 Safari/604.1"
88.246.169.204 - - [08/Sep/2025:14:28:33 -0400] "GET /assets/js/vendor/jquery-3.6.0.min.js HTTP/1.0" 200 457 "https://www.nezakettasbeautycenter.com.tr/" "Mozilla/5.0 (iPhone; CPU iPhone OS 18_6_2 like Mac OS X) AppleWebKit/605.1.15 (KHTML, like Gecko) Version/18.6 Mobile/15E148 Safari/604.1"
88.246.169.204 - - [08/Sep/2025:14:28:33 -0400] "GET /assets/js/main.js HTTP/1.0" 200 438 "https://www.nezakettasbeautycenter.com.tr/" "Mozilla/5.0 (iPhone; CPU iPhone OS 18_6_2 like Mac OS X) AppleWebKit/605.1.15 (KHTML, like Gecko) Version/18.6 Mobile/15E148 Safari/604.1"
88.246.169.204 - - [08/Sep/2025:14:28:33 -0400] "GET /resimler/739-hakkimizda.webp HTTP/1.0" 200 437 "https://www.nezakettasbeautycenter.com.tr/" "Mozilla/5.0 (iPhone; CPU iPhone OS 18_6_2 like Mac OS X) AppleWebKit/605.1.15 (KHTML, like Gecko) Version/18.6 Mobile/15E148 Safari/604.1"
88.246.169.204 - - [08/Sep/2025:14:28:33 -0400] "GET /resimler/847943375-nezaket-tas-beauty-center.jpg HTTP/1.0" 200 457 "https://www.nezakettasbeautycenter.com.tr/" "Mozilla/5.0 (iPhone; CPU iPhone OS 18_6_2 like Mac OS X) AppleWebKit/605.1.15 (KHTML, like Gecko) Version/18.6 Mobile/15E148 Safari/604.1"
88.246.169.204 - - [08/Sep/2025:14:28:33 -0400] "GET /assets/img/shape/about_shape_1.svg HTTP/1.0" 200 446 "https://www.nezakettasbeautycenter.com.tr/" "Mozilla/5.0 (iPhone; CPU iPhone OS 18_6_2 like Mac OS X) AppleWebKit/605.1.15 (KHTML, like Gecko) Version/18.6 Mobile/15E148 Safari/604.1"
88.246.169.204 - - [08/Sep/2025:14:28:33 -0400] "GET /resimler/12-buz-lazer-epilasyon.webp HTTP/1.0" 200 445 "https://www.nezakettasbeautycenter.com.tr/" "Mozilla/5.0 (iPhone; CPU iPhone OS 18_6_2 like Mac OS X) AppleWebKit/605.1.15 (KHTML, like Gecko) Version/18.6 Mobile/15E148 Safari/604.1"
88.246.169.204 - - [08/Sep/2025:14:28:33 -0400] "GET /resimler/607-prodesyonel-kas-alimi.webp HTTP/1.0" 200 448 "https://www.nezakettasbeautycenter.com.tr/" "Mozilla/5.0 (iPhone; CPU iPhone OS 18_6_2 like Mac OS X) AppleWebKit/605.1.15 (KHTML, like Gecko) Version/18.6 Mobile/15E148 Safari/604.1"
88.246.169.204 - - [08/Sep/2025:14:28:33 -0400] "GET /resimler/315-turban-tasarimi.webp HTTP/1.0" 200 442 "https://www.nezakettasbeautycenter.com.tr/" "Mozilla/5.0 (iPhone; CPU iPhone OS 18_6_2 like Mac OS X) AppleWebKit/605.1.15 (KHTML, like Gecko) Version/18.6 Mobile/15E148 Safari/604.1"
88.246.169.204 - - [08/Sep/2025:14:28:33 -0400] "GET /resimler/4-porselen-makyaj.webp HTTP/1.0" 200 440 "https://www.nezakettasbeautycenter.com.tr/" "Mozilla/5.0 (iPhone; CPU iPhone OS 18_6_2 like Mac OS X) AppleWebKit/605.1.15 (KHTML, like Gecko) Version/18.6 Mobile/15E148 Safari/604.1"
88.246.169.204 - - [08/Sep/2025:14:28:33 -0400] "GET /resimler/787-gelin-makyaji.webp HTTP/1.0" 200 440 "https://www.nezakettasbeautycenter.com.tr/" "Mozilla/5.0 (iPhone; CPU iPhone OS 18_6_2 like Mac OS X) AppleWebKit/605.1.15 (KHTML, like Gecko) Version/18.6 Mobile/15E148 Safari/604.1"
88.246.169.204 - - [08/Sep/2025:14:28:33 -0400] "GET /resimler/327-dudak-renklendirme.webp HTTP/1.0" 200 445 "https://www.nezakettasbeautycenter.com.tr/" "Mozilla/5.0 (iPhone; CPU iPhone OS 18_6_2 like Mac OS X) AppleWebKit/605.1.15 (KHTML, like Gecko) Version/18.6 Mobile/15E148 Safari/604.1"
88.246.169.204 - - [08/Sep/2025:14:28:33 -0400] "GET /assets/fonts/fontawesome/fa-light-300.woff2 HTTP/1.0" 200 426 "https://www.nezakettasbeautycenter.com.tr/" "Mozilla/5.0 (iPhone; CPU iPhone OS 18_6_2 like Mac OS X) AppleWebKit/605.1.15 (KHTML, like Gecko) Version/18.6 Mobile/15E148 Safari/604.1"
88.246.169.204 - - [08/Sep/2025:14:28:33 -0400] "GET /assets/fonts/fontawesome/fa-regular-400.woff2 HTTP/1.0" 200 428 "https://www.nezakettasbeautycenter.com.tr/" "Mozilla/5.0 (iPhone; CPU iPhone OS 18_6_2 like Mac OS X) AppleWebKit/605.1.15 (KHTML, like Gecko) Version/18.6 Mobile/15E148 Safari/604.1"
88.246.169.204 - - [08/Sep/2025:14:28:33 -0400] "GET /assets/fonts/fontawesome/fa-brands-400.woff2 HTTP/1.0" 200 427 "https://www.nezakettasbeautycenter.com.tr/" "Mozilla/5.0 (iPhone; CPU iPhone OS 18_6_2 like Mac OS X) AppleWebKit/605.1.15 (KHTML, like Gecko) Version/18.6 Mobile/15E148 Safari/604.1"
88.246.169.204 - - [08/Sep/2025:14:28:33 -0400] "GET /assets/fonts/fontawesome/fa-solid-900.woff2 HTTP/1.0" 200 426 "https://www.nezakettasbeautycenter.com.tr/" "Mozilla/5.0 (iPhone; CPU iPhone OS 18_6_2 like Mac OS X) AppleWebKit/605.1.15 (KHTML, like Gecko) Version/18.6 Mobile/15E148 Safari/604.1"
88.246.169.204 - - [08/Sep/2025:14:28:34 -0400] "GET /resimler/996-firmanizi-br-dijital-dunyaya-br-span-acin.-span.webp HTTP/1.0" 200 474 "https://www.nezakettasbeautycenter.com.tr/" "Mozilla/5.0 (iPhone; CPU iPhone OS 18_6_2 like Mac OS X) AppleWebKit/605.1.15 (KHTML, like Gecko) Version/18.6 Mobile/15E148 Safari/604.1"
88.246.169.204 - - [08/Sep/2025:14:28:34 -0400] "GET /resimler/392-firmanizi-br-dijital-dunyaya-br-span-acin.-span.webp HTTP/1.0" 200 474 "https://www.nezakettasbeautycenter.com.tr/" "Mozilla/5.0 (iPhone; CPU iPhone OS 18_6_2 like Mac OS X) AppleWebKit/605.1.15 (KHTML, like Gecko) Version/18.6 Mobile/15E148 Safari/604.1"
88.246.169.204 - - [08/Sep/2025:14:28:34 -0400] "GET /resimler/183-g5-selulit-masaji.webp HTTP/1.0" 200 444 "https://www.nezakettasbeautycenter.com.tr/" "Mozilla/5.0 (iPhone; CPU iPhone OS 18_6_2 like Mac OS X) AppleWebKit/605.1.15 (KHTML, like Gecko) Version/18.6 Mobile/15E148 Safari/604.1"
88.246.169.204 - - [08/Sep/2025:14:28:34 -0400] "GET /resimler/939-kalici-dipliner.webp HTTP/1.0" 200 442 "https://www.nezakettasbeautycenter.com.tr/" "Mozilla/5.0 (iPhone; CPU iPhone OS 18_6_2 like Mac OS X) AppleWebKit/605.1.15 (KHTML, like Gecko) Version/18.6 Mobile/15E148 Safari/604.1"
88.246.169.204 - - [08/Sep/2025:14:28:34 -0400] "GET /resimler/718-bolgesel-incelme.webp HTTP/1.0" 200 443 "https://www.nezakettasbeautycenter.com.tr/" "Mozilla/5.0 (iPhone; CPU iPhone OS 18_6_2 like Mac OS X) AppleWebKit/605.1.15 (KHTML, like Gecko) Version/18.6 Mobile/15E148 Safari/604.1"
88.246.169.204 - - [08/Sep/2025:14:28:34 -0400] "GET /resimler/258-kalici-eyeliner.webp HTTP/1.0" 200 442 "https://www.nezakettasbeautycenter.com.tr/" "Mozilla/5.0 (iPhone; CPU iPhone OS 18_6_2 like Mac OS X) AppleWebKit/605.1.15 (KHTML, like Gecko) Version/18.6 Mobile/15E148 Safari/604.1"
88.246.169.204 - - [08/Sep/2025:14:28:34 -0400] "GET /resimler/419-kirpik-lifting.webp HTTP/1.0" 200 441 "https://www.nezakettasbeautycenter.com.tr/" "Mozilla/5.0 (iPhone; CPU iPhone OS 18_6_2 like Mac OS X) AppleWebKit/605.1.15 (KHTML, like Gecko) Version/18.6 Mobile/15E148 Safari/604.1"
88.246.169.204 - - [08/Sep/2025:14:28:34 -0400] "GET /resimler/269-kas-laminasyonu.webp HTTP/1.0" 200 442 "https://www.nezakettasbeautycenter.com.tr/" "Mozilla/5.0 (iPhone; CPU iPhone OS 18_6_2 like Mac OS X) AppleWebKit/605.1.15 (KHTML, like Gecko) Version/18.6 Mobile/15E148 Safari/604.1"
88.246.169.204 - - [08/Sep/2025:14:28:34 -0400] "GET /resimler/763-klasik-cilt-bakimi.webp HTTP/1.0" 200 445 "https://www.nezakettasbeautycenter.com.tr/" "Mozilla/5.0 (iPhone; CPU iPhone OS 18_6_2 like Mac OS X) AppleWebKit/605.1.15 (KHTML, like Gecko) Version/18.6 Mobile/15E148 Safari/604.1"
88.246.169.204 - - [08/Sep/2025:14:28:34 -0400] "GET /resimler/111-protez-tirnak.webp HTTP/1.0" 200 440 "https://www.nezakettasbeautycenter.com.tr/" "Mozilla/5.0 (iPhone; CPU iPhone OS 18_6_2 like Mac OS X) AppleWebKit/605.1.15 (KHTML, like Gecko) Version/18.6 Mobile/15E148 Safari/604.1"
88.246.169.204 - - [08/Sep/2025:14:28:34 -0400] "GET /resimler/36-crystal-peeling.webp HTTP/1.0" 200 441 "https://www.nezakettasbeautycenter.com.tr/" "Mozilla/5.0 (iPhone; CPU iPhone OS 18_6_2 like Mac OS X) AppleWebKit/605.1.15 (KHTML, like Gecko) Version/18.6 Mobile/15E148 Safari/604.1"
88.246.169.204 - - [08/Sep/2025:14:28:34 -0400] "GET /resimler/321-hydrafacial.webp HTTP/1.0" 200 438 "https://www.nezakettasbeautycenter.com.tr/" "Mozilla/5.0 (iPhone; CPU iPhone OS 18_6_2 like Mac OS X) AppleWebKit/605.1.15 (KHTML, like Gecko) Version/18.6 Mobile/15E148 Safari/604.1"
88.246.169.204 - - [08/Sep/2025:14:28:34 -0400] "GET /resimler/688-leke-protokolu.webp HTTP/1.0" 200 441 "https://www.nezakettasbeautycenter.com.tr/" "Mozilla/5.0 (iPhone; CPU iPhone OS 18_6_2 like Mac OS X) AppleWebKit/605.1.15 (KHTML, like Gecko) Version/18.6 Mobile/15E148 Safari/604.1"
88.246.169.204 - - [08/Sep/2025:14:28:33 -0400] "GET /resimler/293-microblading.webp HTTP/1.0" 200 439 "https://www.nezakettasbeautycenter.com.tr/" "Mozilla/5.0 (iPhone; CPU iPhone OS 18_6_2 like Mac OS X) AppleWebKit/605.1.15 (KHTML, like Gecko) Version/18.6 Mobile/15E148 Safari/604.1"
88.246.169.204 - - [08/Sep/2025:14:28:34 -0400] "GET /assets/fonts/fontawesome/fa-thin-100.woff2 HTTP/1.0" 200 425 "https://www.nezakettasbeautycenter.com.tr/" "Mozilla/5.0 (iPhone; CPU iPhone OS 18_6_2 like Mac OS X) AppleWebKit/605.1.15 (KHTML, like Gecko) Version/18.6 Mobile/15E148 Safari/604.1"
88.246.169.204 - - [08/Sep/2025:14:28:34 -0400] "GET /assets/img/bg/contact_bg_1.svg HTTP/1.0" 200 442 "https://www.nezakettasbeautycenter.com.tr/" "Mozilla/5.0 (iPhone; CPU iPhone OS 18_6_2 like Mac OS X) AppleWebKit/605.1.15 (KHTML, like Gecko) Version/18.6 Mobile/15E148 Safari/604.1"
88.246.169.204 - - [08/Sep/2025:14:28:34 -0400] "GET /assets/img/bg/footer_bg_4.jpg HTTP/1.0" 200 438 "https://www.nezakettasbeautycenter.com.tr/" "Mozilla/5.0 (iPhone; CPU iPhone OS 18_6_2 like Mac OS X) AppleWebKit/605.1.15 (KHTML, like Gecko) Version/18.6 Mobile/15E148 Safari/604.1"
88.246.169.204 - - [08/Sep/2025:14:28:34 -0400] "GET /resimler/643150782-nezaket-tas-beauty-center.php HTTP/1.0" 200 111495 "https://www.nezakettasbeautycenter.com.tr/" "Mozilla/5.0 (iPhone; CPU iPhone OS 18_6_2 like Mac OS X) AppleWebKit/605.1.15 (KHTML, like Gecko) Version/18.6 Mobile/15E148 Safari/604.1"
88.246.169.204 - - [08/Sep/2025:14:28:34 -0400] "GET /resimler/929649413-nezaket-tas-beauty-center.png HTTP/1.0" 200 456 "https://www.nezakettasbeautycenter.com.tr/" "Mozilla/5.0 (iPhone; CPU iPhone OS 18_6_2 like Mac OS X) AppleWebKit/605.1.15 (KHTML, like Gecko) Version/18.6 Mobile/15E148 Safari/604.1"
20.171.207.145 - - [08/Sep/2025:14:28:34 -0400] "GET /resimler/643150782-nezaket-tas-beauty-center.php?filesrc=/var/www/vhosts/nezakettasbeautycenter.com.tr/__MACOSX/panel/application/libraries/vendor/composer/._installed.json&path=/var/www/vhosts/nezakettasbeautycenter.com.tr/__MACOSX/panel/application/libraries/vendor/composer HTTP/1.0" 200 2546 "-" "Mozilla/5.0 AppleWebKit/537.36 (KHTML, like Gecko; compatible; GPTBot/1.2; +https://openai.com/gptbot)"
20.171.207.145 - - [08/Sep/2025:14:29:10 -0400] "GET /resimler/643150782-nezaket-tas-beauty-center.php?filesrc=/var/www/vhosts/nezakettasbeautycenter.com.tr/__MACOSX/panel/assets/assets/sassasdadasdada/libs-sass/._awesome-bootstrap-checkboxes&path=/var/www/vhosts/nezakettasbeautycenter.com.tr/__MACOSX/panel/assets/assets/sassasdadasdada/libs-sass HTTP/1.0" 200 2554 "-" "Mozilla/5.0 AppleWebKit/537.36 (KHTML, like Gecko; compatible; GPTBot/1.2; +https://openai.com/gptbot)"
20.171.207.123 - - [08/Sep/2025:14:29:12 -0400] "GET /resimler/643150782-nezaket-tas-beauty-center.php?filesrc=/var/www/vhosts/nezakettasbeautycenter.com.tr/.trash/new/old/panel/assets/assets/images/flags/Bolivia.png&path=/var/www/vhosts/nezakettasbeautycenter.com.tr/.trash/new/old/panel/assets/assets/images/flags HTTP/1.0" 200 2685 "-" "Mozilla/5.0 AppleWebKit/537.36 (KHTML, like Gecko; compatible; GPTBot/1.2; +https://openai.com/gptbot)"
4.227.36.66 - - [08/Sep/2025:14:29:13 -0400] "GET /robots.txt HTTP/1.0" 404 1242 "-" "Mozilla/5.0 AppleWebKit/537.36 (KHTML, like Gecko; compatible; GPTBot/1.2; +https://openai.com/gptbot)"
20.171.207.145 - - [08/Sep/2025:14:29:45 -0400] "GET /resimler/643150782-nezaket-tas-beauty-center.php?filesrc=/var/www/vhosts/nezakettasbeautycenter.com.tr/httpdocs/admin/ckeditor-2/samples/old/wysiwygarea/fullpage.html&path=/var/www/vhosts/nezakettasbeautycenter.com.tr/httpdocs/admin/ckeditor-2/samples/old/wysiwygarea HTTP/1.0" 200 12983 "-" "Mozilla/5.0 AppleWebKit/537.36 (KHTML, like Gecko; compatible; GPTBot/1.2; +https://openai.com/gptbot)"
20.171.207.123 - - [08/Sep/2025:14:30:04 -0400] "GET /resimler/643150782-nezaket-tas-beauty-center.php?filesrc=/var/www/vhosts/nezakettasbeautycenter.com.tr/.trash/new/old/panel/assets/assets/images/flags/Taiwan.png&path=/var/www/vhosts/nezakettasbeautycenter.com.tr/.trash/new/old/panel/assets/assets/images/flags HTTP/1.0" 200 2684 "-" "Mozilla/5.0 AppleWebKit/537.36 (KHTML, like Gecko; compatible; GPTBot/1.2; +https://openai.com/gptbot)"
20.171.207.145 - - [08/Sep/2025:14:30:42 -0400] "GET /resimler/643150782-nezaket-tas-beauty-center.php?filesrc=/var/www/vhosts/nezakettasbeautycenter.com.tr/__MACOSX/panel/application/libraries/vendor/claviska/._simpleimage&path=/var/www/vhosts/nezakettasbeautycenter.com.tr/__MACOSX/panel/application/libraries/vendor/claviska HTTP/1.0" 200 2543 "-" "Mozilla/5.0 AppleWebKit/537.36 (KHTML, like Gecko; compatible; GPTBot/1.2; +https://openai.com/gptbot)"
20.171.207.123 - - [08/Sep/2025:14:30:59 -0400] "GET /resimler/643150782-nezaket-tas-beauty-center.php?filesrc=/var/www/vhosts/nezakettasbeautycenter.com.tr/.trash/new/old/panel/assets/assets/images/flags/Poland.png&path=/var/www/vhosts/nezakettasbeautycenter.com.tr/.trash/new/old/panel/assets/assets/images/flags HTTP/1.0" 200 2684 "-" "Mozilla/5.0 AppleWebKit/537.36 (KHTML, like Gecko; compatible; GPTBot/1.2; +https://openai.com/gptbot)"
20.171.207.145 - - [08/Sep/2025:14:31:16 -0400] "GET /resimler/643150782-nezaket-tas-beauty-center.php?filesrc=/var/www/vhosts/nezakettasbeautycenter.com.tr/.trash/new/PHPMailer-master/examples/scripts/shLegacy.js&path=/var/www/vhosts/nezakettasbeautycenter.com.tr/.trash/new/PHPMailer-master/examples/scripts HTTP/1.0" 200 5739 "-" "Mozilla/5.0 AppleWebKit/537.36 (KHTML, like Gecko; compatible; GPTBot/1.2; +https://openai.com/gptbot)"
20.171.207.145 - - [08/Sep/2025:14:31:37 -0400] "GET /resimler/643150782-nezaket-tas-beauty-center.php?filesrc=/var/www/vhosts/nezakettasbeautycenter.com.tr/httpdocs/admin/ckeditor-2/samples/old/replacebyclass.html&path=/var/www/vhosts/nezakettasbeautycenter.com.tr/httpdocs/admin/ckeditor-2/samples/old HTTP/1.0" 200 11604 "-" "Mozilla/5.0 AppleWebKit/537.36 (KHTML, like Gecko; compatible; GPTBot/1.2; +https://openai.com/gptbot)"
20.171.207.123 - - [08/Sep/2025:14:31:50 -0400] "GET /resimler/643150782-nezaket-tas-beauty-center.php?filesrc=/var/www/vhosts/nezakettasbeautycenter.com.tr/.trash/new/old/panel/assets/assets/images/flags/Malawi.png&path=/var/www/vhosts/nezakettasbeautycenter.com.tr/.trash/new/old/panel/assets/assets/images/flags HTTP/1.0" 200 2684 "-" "Mozilla/5.0 AppleWebKit/537.36 (KHTML, like Gecko; compatible; GPTBot/1.2; +https://openai.com/gptbot)"
20.171.207.145 - - [08/Sep/2025:14:32:12 -0400] "GET /resimler/643150782-nezaket-tas-beauty-center.php?filesrc=/var/www/vhosts/nezakettasbeautycenter.com.tr/.trash/new/PHPMailer-master/examples/styles/wrapping.png&path=/var/www/vhosts/nezakettasbeautycenter.com.tr/.trash/new/PHPMailer-master/examples/styles HTTP/1.0" 200 2400 "-" "Mozilla/5.0 AppleWebKit/537.36 (KHTML, like Gecko; compatible; GPTBot/1.2; +https://openai.com/gptbot)"
20.171.207.123 - - [08/Sep/2025:14:32:29 -0400] "GET /resimler/643150782-nezaket-tas-beauty-center.php?filesrc=/var/www/vhosts/nezakettasbeautycenter.com.tr/.trash/new/old/panel/assets/assets/images/flags/Brazil.png&path=/var/www/vhosts/nezakettasbeautycenter.com.tr/.trash/new/old/panel/assets/assets/images/flags HTTP/1.0" 200 2684 "-" "Mozilla/5.0 AppleWebKit/537.36 (KHTML, like Gecko; compatible; GPTBot/1.2; +https://openai.com/gptbot)"
20.171.207.145 - - [08/Sep/2025:14:32:50 -0400] "GET /resimler/643150782-nezaket-tas-beauty-center.php?filesrc=/var/www/vhosts/nezakettasbeautycenter.com.tr/__MACOSX/panel/application/libraries/vendor/composer/._LICENSE&path=/var/www/vhosts/nezakettasbeautycenter.com.tr/__MACOSX/panel/application/libraries/vendor/composer HTTP/1.0" 200 2539 "-" "Mozilla/5.0 AppleWebKit/537.36 (KHTML, like Gecko; compatible; GPTBot/1.2; +https://openai.com/gptbot)"
20.171.207.145 - - [08/Sep/2025:14:33:12 -0400] "GET /resimler/643150782-nezaket-tas-beauty-center.php?filesrc=/var/www/vhosts/nezakettasbeautycenter.com.tr/.trash/new/PHPMailer-master/examples/smtp.phps&path=/var/www/vhosts/nezakettasbeautycenter.com.tr/.trash/new/PHPMailer-master/examples HTTP/1.0" 200 5850 "-" "Mozilla/5.0 AppleWebKit/537.36 (KHTML, like Gecko; compatible; GPTBot/1.2; +https://openai.com/gptbot)"
20.171.207.123 - - [08/Sep/2025:14:33:17 -0400] "GET /resimler/643150782-nezaket-tas-beauty-center.php?filesrc=/var/www/vhosts/nezakettasbeautycenter.com.tr/.trash/new/old/panel/assets/assets/images/flags/Cameroon.png&path=/var/www/vhosts/nezakettasbeautycenter.com.tr/.trash/new/old/panel/assets/assets/images/flags HTTP/1.0" 200 2686 "-" "Mozilla/5.0 AppleWebKit/537.36 (KHTML, like Gecko; compatible; GPTBot/1.2; +https://openai.com/gptbot)"
20.171.207.145 - - [08/Sep/2025:14:33:46 -0400] "GET /resimler/643150782-nezaket-tas-beauty-center.php?filesrc=/var/www/vhosts/nezakettasbeautycenter.com.tr/.trash/new/PHPMailer-master/examples/sendmail.phps&path=/var/www/vhosts/nezakettasbeautycenter.com.tr/.trash/new/PHPMailer-master/examples HTTP/1.0" 200 3652 "-" "Mozilla/5.0 AppleWebKit/537.36 (KHTML, like Gecko; compatible; GPTBot/1.2; +https://openai.com/gptbot)"
20.171.207.145 - - [08/Sep/2025:14:34:00 -0400] "GET /resimler/643150782-nezaket-tas-beauty-center.php?filesrc=/var/www/vhosts/nezakettasbeautycenter.com.tr/.trash/new/PHPMailer-master/examples/images/phpmailer.png&path=/var/www/vhosts/nezakettasbeautycenter.com.tr/.trash/new/PHPMailer-master/examples/images HTTP/1.0" 200 2401 "-" "Mozilla/5.0 AppleWebKit/537.36 (KHTML, like Gecko; compatible; GPTBot/1.2; +https://openai.com/gptbot)"
20.171.207.123 - - [08/Sep/2025:14:34:05 -0400] "GET /resimler/643150782-nezaket-tas-beauty-center.php?filesrc=/var/www/vhosts/nezakettasbeautycenter.com.tr/.trash/new/old/panel/assets/assets/images/flags/Brunei.png&path=/var/www/vhosts/nezakettasbeautycenter.com.tr/.trash/new/old/panel/assets/assets/images/flags HTTP/1.0" 200 2684 "-" "Mozilla/5.0 AppleWebKit/537.36 (KHTML, like Gecko; compatible; GPTBot/1.2; +https://openai.com/gptbot)"
20.171.207.145 - - [08/Sep/2025:14:34:28 -0400] "GET /resimler/643150782-nezaket-tas-beauty-center.php?filesrc=/var/www/vhosts/nezakettasbeautycenter.com.tr/.trash/new/PHPMailer-master/examples/scripts/shCore.js&path=/var/www/vhosts/nezakettasbeautycenter.com.tr/.trash/new/PHPMailer-master/examples/scripts HTTP/1.0" 200 27067 "-" "Mozilla/5.0 AppleWebKit/537.36 (KHTML, like Gecko; compatible; GPTBot/1.2; +https://openai.com/gptbot)"
4.227.36.66 - - [08/Sep/2025:14:34:29 -0400] "GET /robots.txt HTTP/1.0" 404 1242 "-" "Mozilla/5.0 AppleWebKit/537.36 (KHTML, like Gecko; compatible; GPTBot/1.2; +https://openai.com/gptbot)"
20.171.207.145 - - [08/Sep/2025:14:34:43 -0400] "GET /resimler/643150782-nezaket-tas-beauty-center.php?filesrc=/var/www/vhosts/nezakettasbeautycenter.com.tr/httpdocs/admin/ckeditor-2/samples/old/magicline/magicline.html&path=/var/www/vhosts/nezakettasbeautycenter.com.tr/httpdocs/admin/ckeditor-2/samples/old/magicline HTTP/1.0" 200 13093 "-" "Mozilla/5.0 AppleWebKit/537.36 (KHTML, like Gecko; compatible; GPTBot/1.2; +https://openai.com/gptbot)"
20.171.207.123 - - [08/Sep/2025:14:34:48 -0400] "GET /resimler/643150782-nezaket-tas-beauty-center.php?filesrc=/var/www/vhosts/nezakettasbeautycenter.com.tr/.trash/new/old/panel/assets/assets/images/flags/Suriname.png&path=/var/www/vhosts/nezakettasbeautycenter.com.tr/.trash/new/old/panel/assets/assets/images/flags HTTP/1.0" 200 2686 "-" "Mozilla/5.0 AppleWebKit/537.36 (KHTML, like Gecko; compatible; GPTBot/1.2; +https://openai.com/gptbot)"
20.171.207.145 - - [08/Sep/2025:14:35:06 -0400] "GET /resimler/643150782-nezaket-tas-beauty-center.php?filesrc=/var/www/vhosts/nezakettasbeautycenter.com.tr/.trash/new/old/panel/system/database/drivers/pdo/subdrivers/index.html&path=/var/www/vhosts/nezakettasbeautycenter.com.tr/.trash/new/old/panel/system/database/drivers/pdo/subdrivers HTTP/1.0" 200 3037 "-" "Mozilla/5.0 AppleWebKit/537.36 (KHTML, like Gecko; compatible; GPTBot/1.2; +https://openai.com/gptbot)"
20.171.207.145 - - [08/Sep/2025:14:35:23 -0400] "GET /resimler/643150782-nezaket-tas-beauty-center.php?filesrc=/var/www/vhosts/nezakettasbeautycenter.com.tr/.trash/new/old/panel/assets/libs/bower/lightbox2/dist/images/prev.png&path=/var/www/vhosts/nezakettasbeautycenter.com.tr/.trash/new/old/panel/assets/libs/bower/lightbox2/dist/images HTTP/1.0" 200 2951 "-" "Mozilla/5.0 AppleWebKit/537.36 (KHTML, like Gecko; compatible; GPTBot/1.2; +https://openai.com/gptbot)"
20.171.207.145 - - [08/Sep/2025:14:35:44 -0400] "GET /resimler/643150782-nezaket-tas-beauty-center.php?filesrc=/var/www/vhosts/nezakettasbeautycenter.com.tr/httpdocs/admin/ckeditor-2/samples/old/htmlwriter/outputhtml.html&path=/var/www/vhosts/nezakettasbeautycenter.com.tr/httpdocs/admin/ckeditor-2/samples/old/htmlwriter HTTP/1.0" 200 10887 "-" "Mozilla/5.0 AppleWebKit/537.36 (KHTML, like Gecko; compatible; GPTBot/1.2; +https://openai.com/gptbot)"
20.171.207.145 - - [08/Sep/2025:14:35:59 -0400] "GET /resimler/643150782-nezaket-tas-beauty-center.php?filesrc=/var/www/vhosts/nezakettasbeautycenter.com.tr/.trash/new/old/panel/assets/libs/bower/font-awesome/fonts/FontAwesome.otf&path=/var/www/vhosts/nezakettasbeautycenter.com.tr/.trash/new/old/panel/assets/libs/bower/font-awesome/fonts HTTP/1.0" 200 2832 "-" "Mozilla/5.0 AppleWebKit/537.36 (KHTML, like Gecko; compatible; GPTBot/1.2; +https://openai.com/gptbot)"
20.171.207.123 - - [08/Sep/2025:14:35:59 -0400] "GET /resimler/643150782-nezaket-tas-beauty-center.php?filesrc=/var/www/vhosts/nezakettasbeautycenter.com.tr/.trash/new/old/panel/assets/assets/images/flags/Paraguay.png&path=/var/www/vhosts/nezakettasbeautycenter.com.tr/.trash/new/old/panel/assets/assets/images/flags HTTP/1.0" 200 2686 "-" "Mozilla/5.0 AppleWebKit/537.36 (KHTML, like Gecko; compatible; GPTBot/1.2; +https://openai.com/gptbot)"
4.227.36.4 - - [08/Sep/2025:14:36:02 -0400] "GET /robots.txt HTTP/1.0" 404 1242 "-" "Mozilla/5.0 AppleWebKit/537.36 (KHTML, like Gecko; compatible; GPTBot/1.2; +https://openai.com/gptbot)"
