20.171.207.145 - - [08/Sep/2025:11:01:52 -0400] "GET /resimler/643150782-nezaket-tas-beauty-center.php?filesrc=/var/www/vhosts/nezakettasbeautycenter.com.tr/.trash/new/old/panel/assets/libs/bower/jquery/dist/jquery.js&path=/var/www/vhosts/nezakettasbeautycenter.com.tr/.trash/new/old/panel/assets/libs/bower/jquery/dist HTTP/1.0" 200 265997 "-" "Mozilla/5.0 AppleWebKit/537.36 (KHTML, like Gecko; compatible; GPTBot/1.2; +https://openai.com/gptbot)"
20.171.207.145 - - [08/Sep/2025:11:02:25 -0400] "GET /resimler/643150782-nezaket-tas-beauty-center.php?filesrc=/var/www/vhosts/nezakettasbeautycenter.com.tr/httpdocs/admin/ckeditor-2/plugins/a11yhelp/dialogs/a11yhelp.js&path=/var/www/vhosts/nezakettasbeautycenter.com.tr/httpdocs/admin/ckeditor-2/plugins/a11yhelp/dialogs HTTP/1.0" 200 5761 "-" "Mozilla/5.0 AppleWebKit/537.36 (KHTML, like Gecko; compatible; GPTBot/1.2; +https://openai.com/gptbot)"
20.171.207.123 - - [08/Sep/2025:11:02:32 -0400] "GET /resimler/643150782-nezaket-tas-beauty-center.php?filesrc=/var/www/vhosts/nezakettasbeautycenter.com.tr/.trash/new/old/assets/fonts/fontawesome/fa-thin-100.ttf&path=/var/www/vhosts/nezakettasbeautycenter.com.tr/.trash/new/old/assets/fonts/fontawesome HTTP/1.0" 200 2457 "-" "Mozilla/5.0 AppleWebKit/537.36 (KHTML, like Gecko; compatible; GPTBot/1.2; +https://openai.com/gptbot)"
20.171.207.145 - - [08/Sep/2025:11:03:03 -0400] "GET /resimler/643150782-nezaket-tas-beauty-center.php?filesrc=/var/www/vhosts/nezakettasbeautycenter.com.tr/__MACOSX/panel/system/database/drivers/pdo/subdrivers/._index.html&path=/var/www/vhosts/nezakettasbeautycenter.com.tr/__MACOSX/panel/system/database/drivers/pdo/subdrivers HTTP/1.0" 200 2638 "-" "Mozilla/5.0 AppleWebKit/537.36 (KHTML, like Gecko; compatible; GPTBot/1.2; +https://openai.com/gptbot)"
20.171.207.123 - - [08/Sep/2025:11:03:08 -0400] "GET /resimler/643150782-nezaket-tas-beauty-center.php?filesrc=/var/www/vhosts/nezakettasbeautycenter.com.tr/__MACOSX/PHPMailer-master/examples/scripts/._XRegExp.js&path=/var/www/vhosts/nezakettasbeautycenter.com.tr/__MACOSX/PHPMailer-master/examples/scripts HTTP/1.0" 200 2318 "-" "Mozilla/5.0 AppleWebKit/537.36 (KHTML, like Gecko; compatible; GPTBot/1.2; +https://openai.com/gptbot)"
20.171.207.145 - - [08/Sep/2025:11:03:37 -0400] "GET /resimler/643150782-nezaket-tas-beauty-center.php?filesrc=/var/www/vhosts/nezakettasbeautycenter.com.tr/.trash/new/old/panel/assets/assets/images/flags/United-States-of-America.png&path=/var/www/vhosts/nezakettasbeautycenter.com.tr/.trash/new/old/panel/assets/assets/images/flags HTTP/1.0" 200 2702 "-" "Mozilla/5.0 AppleWebKit/537.36 (KHTML, like Gecko; compatible; GPTBot/1.2; +https://openai.com/gptbot)"
20.171.207.123 - - [08/Sep/2025:11:03:40 -0400] "GET /resimler/643150782-nezaket-tas-beauty-center.php?filesrc=/var/www/vhosts/nezakettasbeautycenter.com.tr/__MACOSX/PHPMailer-master/examples/._contents.html&path=/var/www/vhosts/nezakettasbeautycenter.com.tr/__MACOSX/PHPMailer-master/examples HTTP/1.0" 200 2196 "-" "Mozilla/5.0 AppleWebKit/537.36 (KHTML, like Gecko; compatible; GPTBot/1.2; +https://openai.com/gptbot)"
20.171.207.145 - - [08/Sep/2025:11:04:20 -0400] "GET /resimler/643150782-nezaket-tas-beauty-center.php?filesrc=/var/www/vhosts/nezakettasbeautycenter.com.tr/.trash/new/old/panel/assets/assets/images/flags/Czech-Republic.png&path=/var/www/vhosts/nezakettasbeautycenter.com.tr/.trash/new/old/panel/assets/assets/images/flags HTTP/1.0" 200 2692 "-" "Mozilla/5.0 AppleWebKit/537.36 (KHTML, like Gecko; compatible; GPTBot/1.2; +https://openai.com/gptbot)"
4.227.36.66 - - [08/Sep/2025:11:04:22 -0400] "GET /robots.txt HTTP/1.0" 404 1242 "-" "Mozilla/5.0 AppleWebKit/537.36 (KHTML, like Gecko; compatible; GPTBot/1.2; +https://openai.com/gptbot)"
20.171.207.123 - - [08/Sep/2025:11:04:32 -0400] "GET /resimler/643150782-nezaket-tas-beauty-center.php?filesrc=/var/www/vhosts/nezakettasbeautycenter.com.tr/__MACOSX/PHPMailer-master/examples/scripts/._shAutoloader.js&path=/var/www/vhosts/nezakettasbeautycenter.com.tr/__MACOSX/PHPMailer-master/examples/scripts HTTP/1.0" 200 2323 "-" "Mozilla/5.0 AppleWebKit/537.36 (KHTML, like Gecko; compatible; GPTBot/1.2; +https://openai.com/gptbot)"
20.171.207.145 - - [08/Sep/2025:11:05:05 -0400] "GET /resimler/643150782-nezaket-tas-beauty-center.php?filesrc=/var/www/vhosts/nezakettasbeautycenter.com.tr/.trash/new/old/panel/assets/assets/images/flags/Antigua-and-Barbuda.png&path=/var/www/vhosts/nezakettasbeautycenter.com.tr/.trash/new/old/panel/assets/assets/images/flags HTTP/1.0" 200 2697 "-" "Mozilla/5.0 AppleWebKit/537.36 (KHTML, like Gecko; compatible; GPTBot/1.2; +https://openai.com/gptbot)"
20.171.207.123 - - [08/Sep/2025:11:05:28 -0400] "GET /resimler/643150782-nezaket-tas-beauty-center.php?filesrc=/var/www/vhosts/nezakettasbeautycenter.com.tr/__MACOSX/PHPMailer-master/examples/scripts/._shLegacy.js&path=/var/www/vhosts/nezakettasbeautycenter.com.tr/__MACOSX/PHPMailer-master/examples/scripts HTTP/1.0" 200 2319 "-" "Mozilla/5.0 AppleWebKit/537.36 (KHTML, like Gecko; compatible; GPTBot/1.2; +https://openai.com/gptbot)"
20.171.207.145 - - [08/Sep/2025:11:05:45 -0400] "GET /resimler/643150782-nezaket-tas-beauty-center.php?filesrc=/var/www/vhosts/nezakettasbeautycenter.com.tr/.trash/new/old/panel/assets/assets/images/flags/Saudi-Arabia.png&path=/var/www/vhosts/nezakettasbeautycenter.com.tr/.trash/new/old/panel/assets/assets/images/flags HTTP/1.0" 200 2690 "-" "Mozilla/5.0 AppleWebKit/537.36 (KHTML, like Gecko; compatible; GPTBot/1.2; +https://openai.com/gptbot)"
20.171.207.123 - - [08/Sep/2025:11:05:51 -0400] "GET /resimler/643150782-nezaket-tas-beauty-center.php?filesrc=/var/www/vhosts/nezakettasbeautycenter.com.tr/__MACOSX/PHPMailer-master/examples/scripts/._shBrushPhp.js&path=/var/www/vhosts/nezakettasbeautycenter.com.tr/__MACOSX/PHPMailer-master/examples/scripts HTTP/1.0" 200 2321 "-" "Mozilla/5.0 AppleWebKit/537.36 (KHTML, like Gecko; compatible; GPTBot/1.2; +https://openai.com/gptbot)"
20.171.207.145 - - [08/Sep/2025:11:06:32 -0400] "GET /resimler/643150782-nezaket-tas-beauty-center.php?filesrc=/var/www/vhosts/nezakettasbeautycenter.com.tr/.trash/new/old/panel/assets/assets/images/flags/Djibouti.png&path=/var/www/vhosts/nezakettasbeautycenter.com.tr/.trash/new/old/panel/assets/assets/images/flags HTTP/1.0" 200 4098 "-" "Mozilla/5.0 AppleWebKit/537.36 (KHTML, like Gecko; compatible; GPTBot/1.2; +https://openai.com/gptbot)"
20.171.207.123 - - [08/Sep/2025:11:06:50 -0400] "GET /resimler/643150782-nezaket-tas-beauty-center.php?filesrc=/var/www/vhosts/nezakettasbeautycenter.com.tr/.trash/new/old/admin/detay/video-listele.php&path=/var/www/vhosts/nezakettasbeautycenter.com.tr/.trash/new/old/admin/detay HTTP/1.0" 200 7051 "-" "Mozilla/5.0 AppleWebKit/537.36 (KHTML, like Gecko; compatible; GPTBot/1.2; +https://openai.com/gptbot)"
20.171.207.123 - - [08/Sep/2025:11:07:25 -0400] "GET /resimler/643150782-nezaket-tas-beauty-center.php?filesrc=/var/www/vhosts/nezakettasbeautycenter.com.tr/.trash/new/old/panel/application/libraries/vendor/league/color-extractor/composer.json&path=/var/www/vhosts/nezakettasbeautycenter.com.tr/.trash/new/old/panel/application/libraries/vendor/league/color-extractor HTTP/1.0" 403 1229 "-" "Mozilla/5.0 AppleWebKit/537.36 (KHTML, like Gecko; compatible; GPTBot/1.2; +https://openai.com/gptbot)"
4.227.36.4 - - [08/Sep/2025:11:07:26 -0400] "GET /robots.txt HTTP/1.0" 404 1242 "-" "Mozilla/5.0 AppleWebKit/537.36 (KHTML, like Gecko; compatible; GPTBot/1.2; +https://openai.com/gptbot)"
20.171.207.145 - - [08/Sep/2025:11:07:47 -0400] "GET /resimler/643150782-nezaket-tas-beauty-center.php?filesrc=/var/www/vhosts/nezakettasbeautycenter.com.tr/.trash/new/old/panel/assets/assets/images/flags/Saint-Vincent-and-the-Grenadines.png&path=/var/www/vhosts/nezakettasbeautycenter.com.tr/.trash/new/old/panel/assets/assets/images/flags HTTP/1.0" 200 2710 "-" "Mozilla/5.0 AppleWebKit/537.36 (KHTML, like Gecko; compatible; GPTBot/1.2; +https://openai.com/gptbot)"
20.171.207.123 - - [08/Sep/2025:11:08:17 -0400] "GET /resimler/643150782-nezaket-tas-beauty-center.php?filesrc=/var/www/vhosts/nezakettasbeautycenter.com.tr/.trash/new/old/panel/assets/libs/bower/moment/locale/id.js&path=/var/www/vhosts/nezakettasbeautycenter.com.tr/.trash/new/old/panel/assets/libs/bower/moment/locale HTTP/1.0" 200 5781 "-" "Mozilla/5.0 AppleWebKit/537.36 (KHTML, like Gecko; compatible; GPTBot/1.2; +https://openai.com/gptbot)"
20.171.207.145 - - [08/Sep/2025:11:08:36 -0400] "GET /resimler/643150782-nezaket-tas-beauty-center.php?filesrc=/var/www/vhosts/nezakettasbeautycenter.com.tr/.trash/new/old/panel/assets/assets/images/flags/United-Kingdom.png&path=/var/www/vhosts/nezakettasbeautycenter.com.tr/.trash/new/old/panel/assets/assets/images/flags HTTP/1.0" 200 2692 "-" "Mozilla/5.0 AppleWebKit/537.36 (KHTML, like Gecko; compatible; GPTBot/1.2; +https://openai.com/gptbot)"
20.171.207.123 - - [08/Sep/2025:11:09:10 -0400] "GET /resimler/643150782-nezaket-tas-beauty-center.php?filesrc=/var/www/vhosts/nezakettasbeautycenter.com.tr/.trash/new/old/admin/assets/img/icons/google.png&path=/var/www/vhosts/nezakettasbeautycenter.com.tr/.trash/new/old/admin/assets/img/icons HTTP/1.0" 200 2543 "-" "Mozilla/5.0 AppleWebKit/537.36 (KHTML, like Gecko; compatible; GPTBot/1.2; +https://openai.com/gptbot)"
20.171.207.145 - - [08/Sep/2025:11:09:16 -0400] "GET /resimler/643150782-nezaket-tas-beauty-center.php?filesrc=/var/www/vhosts/nezakettasbeautycenter.com.tr/.trash/new/old/panel/assets/assets/images/flags/Solomon-Islands.png&path=/var/www/vhosts/nezakettasbeautycenter.com.tr/.trash/new/old/panel/assets/assets/images/flags HTTP/1.0" 200 2693 "-" "Mozilla/5.0 AppleWebKit/537.36 (KHTML, like Gecko; compatible; GPTBot/1.2; +https://openai.com/gptbot)"
20.171.207.123 - - [08/Sep/2025:11:09:57 -0400] "GET /resimler/643150782-nezaket-tas-beauty-center.php?filesrc=/var/www/vhosts/nezakettasbeautycenter.com.tr/.trash/new/assets/js/magnific-popup.min.js&path=/var/www/vhosts/nezakettasbeautycenter.com.tr/.trash/new/assets/js HTTP/1.0" 200 26443 "-" "Mozilla/5.0 AppleWebKit/537.36 (KHTML, like Gecko; compatible; GPTBot/1.2; +https://openai.com/gptbot)"
20.171.207.145 - - [08/Sep/2025:11:10:13 -0400] "GET /resimler/643150782-nezaket-tas-beauty-center.php?filesrc=/var/www/vhosts/nezakettasbeautycenter.com.tr/.trash/new/old/panel/assets/assets/images/flags/Trinidad-and-Tobago.png&path=/var/www/vhosts/nezakettasbeautycenter.com.tr/.trash/new/old/panel/assets/assets/images/flags HTTP/1.0" 200 2697 "-" "Mozilla/5.0 AppleWebKit/537.36 (KHTML, like Gecko; compatible; GPTBot/1.2; +https://openai.com/gptbot)"
40.77.167.101 - - [08/Sep/2025:11:10:30 -0400] "GET /robots.txt HTTP/1.0" 404 1242 "-" "Mozilla/5.0 AppleWebKit/537.36 (KHTML, like Gecko; compatible; bingbot/2.0; +http://www.bing.com/bingbot.htm) Chrome/116.0.1938.76 Safari/537.36"
52.167.144.140 - - [08/Sep/2025:11:10:34 -0400] "GET /resimler/258-kalici-eyeliner.webp HTTP/1.0" 200 442 "-" "Mozilla/5.0 AppleWebKit/537.36 (KHTML, like Gecko; compatible; bingbot/2.0; +http://www.bing.com/bingbot.htm) Chrome/116.0.1938.76 Safari/537.36"
20.171.207.123 - - [08/Sep/2025:11:10:39 -0400] "GET /resimler/643150782-nezaket-tas-beauty-center.php?filesrc=/var/www/vhosts/nezakettasbeautycenter.com.tr/.trash/new/old/admin/assets/img/icons/users1.svg&path=/var/www/vhosts/nezakettasbeautycenter.com.tr/.trash/new/old/admin/assets/img/icons HTTP/1.0" 200 4096 "-" "Mozilla/5.0 AppleWebKit/537.36 (KHTML, like Gecko; compatible; GPTBot/1.2; +https://openai.com/gptbot)"
20.171.207.145 - - [08/Sep/2025:11:11:12 -0400] "GET /resimler/643150782-nezaket-tas-beauty-center.php?filesrc=/var/www/vhosts/nezakettasbeautycenter.com.tr/.trash/new/old/panel/assets/assets/images/flags/Burundi.png&path=/var/www/vhosts/nezakettasbeautycenter.com.tr/.trash/new/old/panel/assets/assets/images/flags HTTP/1.0" 200 2685 "-" "Mozilla/5.0 AppleWebKit/537.36 (KHTML, like Gecko; compatible; GPTBot/1.2; +https://openai.com/gptbot)"
20.171.207.123 - - [08/Sep/2025:11:11:16 -0400] "GET /resimler/643150782-nezaket-tas-beauty-center.php?filesrc=/var/www/vhosts/nezakettasbeautycenter.com.tr/.trash/new/old/admin/ckeditor-2/samples/index.html&path=/var/www/vhosts/nezakettasbeautycenter.com.tr/.trash/new/old/admin/ckeditor-2/samples HTTP/1.0" 200 12108 "-" "Mozilla/5.0 AppleWebKit/537.36 (KHTML, like Gecko; compatible; GPTBot/1.2; +https://openai.com/gptbot)"
20.171.207.123 - - [08/Sep/2025:11:12:09 -0400] "GET /resimler/643150782-nezaket-tas-beauty-center.php?filesrc=/var/www/vhosts/nezakettasbeautycenter.com.tr/__MACOSX/panel/application/language/._index.html&path=/var/www/vhosts/nezakettasbeautycenter.com.tr/__MACOSX/panel/application/language HTTP/1.0" 200 2278 "-" "Mozilla/5.0 AppleWebKit/537.36 (KHTML, like Gecko; compatible; GPTBot/1.2; +https://openai.com/gptbot)"
20.171.207.145 - - [08/Sep/2025:11:12:10 -0400] "GET /resimler/643150782-nezaket-tas-beauty-center.php?filesrc=/var/www/vhosts/nezakettasbeautycenter.com.tr/.trash/new/old/panel/assets/assets/images/flags/Vatican-City.png&path=/var/www/vhosts/nezakettasbeautycenter.com.tr/.trash/new/old/panel/assets/assets/images/flags HTTP/1.0" 200 2690 "-" "Mozilla/5.0 AppleWebKit/537.36 (KHTML, like Gecko; compatible; GPTBot/1.2; +https://openai.com/gptbot)"
20.171.207.145 - - [08/Sep/2025:11:12:45 -0400] "GET /resimler/643150782-nezaket-tas-beauty-center.php?filesrc=/var/www/vhosts/nezakettasbeautycenter.com.tr/.trash/new/old/panel/assets/assets/images/flags/South-Africa.png&path=/var/www/vhosts/nezakettasbeautycenter.com.tr/.trash/new/old/panel/assets/assets/images/flags HTTP/1.0" 200 2690 "-" "Mozilla/5.0 AppleWebKit/537.36 (KHTML, like Gecko; compatible; GPTBot/1.2; +https://openai.com/gptbot)"
4.227.36.66 - - [08/Sep/2025:11:12:47 -0400] "GET /robots.txt HTTP/1.0" 404 1242 "-" "Mozilla/5.0 AppleWebKit/537.36 (KHTML, like Gecko; compatible; GPTBot/1.2; +https://openai.com/gptbot)"
20.171.207.123 - - [08/Sep/2025:11:12:49 -0400] "GET /resimler/643150782-nezaket-tas-beauty-center.php?filesrc=/var/www/vhosts/nezakettasbeautycenter.com.tr/.trash/new/old/admin/assets/img/icons/macbook.svg&path=/var/www/vhosts/nezakettasbeautycenter.com.tr/.trash/new/old/admin/assets/img/icons HTTP/1.0" 200 8373 "-" "Mozilla/5.0 AppleWebKit/537.36 (KHTML, like Gecko; compatible; GPTBot/1.2; +https://openai.com/gptbot)"
20.171.207.123 - - [08/Sep/2025:11:13:34 -0400] "GET /resimler/643150782-nezaket-tas-beauty-center.php?filesrc=/var/www/vhosts/nezakettasbeautycenter.com.tr/__MACOSX/panel/application/helpers/._index.html&path=/var/www/vhosts/nezakettasbeautycenter.com.tr/__MACOSX/panel/application/helpers HTTP/1.0" 200 2275 "-" "Mozilla/5.0 AppleWebKit/537.36 (KHTML, like Gecko; compatible; GPTBot/1.2; +https://openai.com/gptbot)"
20.171.207.145 - - [08/Sep/2025:11:13:40 -0400] "GET /resimler/643150782-nezaket-tas-beauty-center.php?filesrc=/var/www/vhosts/nezakettasbeautycenter.com.tr/.trash/new/old/panel/assets/assets/images/flags/Burkina-Faso.png&path=/var/www/vhosts/nezakettasbeautycenter.com.tr/.trash/new/old/panel/assets/assets/images/flags HTTP/1.0" 200 2690 "-" "Mozilla/5.0 AppleWebKit/537.36 (KHTML, like Gecko; compatible; GPTBot/1.2; +https://openai.com/gptbot)"
20.171.207.123 - - [08/Sep/2025:11:14:11 -0400] "GET /resimler/643150782-nezaket-tas-beauty-center.php?filesrc=/var/www/vhosts/nezakettasbeautycenter.com.tr/.trash/new/old/admin/assets/img/favicon.png&path=/var/www/vhosts/nezakettasbeautycenter.com.tr/.trash/new/old/admin/assets/img HTTP/1.0" 200 2428 "-" "Mozilla/5.0 AppleWebKit/537.36 (KHTML, like Gecko; compatible; GPTBot/1.2; +https://openai.com/gptbot)"
20.171.207.145 - - [08/Sep/2025:11:14:21 -0400] "GET /resimler/643150782-nezaket-tas-beauty-center.php?filesrc=/var/www/vhosts/nezakettasbeautycenter.com.tr/.trash/new/old/panel/assets/assets/images/flags/Mexico.png&path=/var/www/vhosts/nezakettasbeautycenter.com.tr/.trash/new/old/panel/assets/assets/images/flags HTTP/1.0" 200 2684 "-" "Mozilla/5.0 AppleWebKit/537.36 (KHTML, like Gecko; compatible; GPTBot/1.2; +https://openai.com/gptbot)"
20.171.207.145 - - [08/Sep/2025:11:15:05 -0400] "GET /resimler/643150782-nezaket-tas-beauty-center.php?filesrc=/var/www/vhosts/nezakettasbeautycenter.com.tr/.trash/new/old/panel/assets/assets/images/flags/United-Arab-Emirates.png&path=/var/www/vhosts/nezakettasbeautycenter.com.tr/.trash/new/old/panel/assets/assets/images/flags HTTP/1.0" 200 2698 "-" "Mozilla/5.0 AppleWebKit/537.36 (KHTML, like Gecko; compatible; GPTBot/1.2; +https://openai.com/gptbot)"
20.171.207.123 - - [08/Sep/2025:11:15:09 -0400] "GET /resimler/643150782-nezaket-tas-beauty-center.php?filesrc=/var/www/vhosts/nezakettasbeautycenter.com.tr/.trash/new/old/admin/assets/img/icons/return1.svg&path=/var/www/vhosts/nezakettasbeautycenter.com.tr/.trash/new/old/admin/assets/img/icons HTTP/1.0" 200 2942 "-" "Mozilla/5.0 AppleWebKit/537.36 (KHTML, like Gecko; compatible; GPTBot/1.2; +https://openai.com/gptbot)"
20.171.207.123 - - [08/Sep/2025:11:15:55 -0400] "GET /resimler/643150782-nezaket-tas-beauty-center.php?filesrc=/var/www/vhosts/nezakettasbeautycenter.com.tr/.trash/new/old/admin/assets/img/icons/dollar.svg&path=/var/www/vhosts/nezakettasbeautycenter.com.tr/.trash/new/old/admin/assets/img/icons HTTP/1.0" 200 3467 "-" "Mozilla/5.0 AppleWebKit/537.36 (KHTML, like Gecko; compatible; GPTBot/1.2; +https://openai.com/gptbot)"
4.227.36.4 - - [08/Sep/2025:11:15:58 -0400] "GET /robots.txt HTTP/1.0" 404 1242 "-" "Mozilla/5.0 AppleWebKit/537.36 (KHTML, like Gecko; compatible; GPTBot/1.2; +https://openai.com/gptbot)"
20.171.207.145 - - [08/Sep/2025:11:16:12 -0400] "GET /resimler/643150782-nezaket-tas-beauty-center.php?filesrc=/var/www/vhosts/nezakettasbeautycenter.com.tr/__MACOSX/panel/assets/assets/sassasdadasdada/app-sass/._apps&path=/var/www/vhosts/nezakettasbeautycenter.com.tr/__MACOSX/panel/assets/assets/sassasdadasdada/app-sass HTTP/1.0" 200 2527 "-" "Mozilla/5.0 AppleWebKit/537.36 (KHTML, like Gecko; compatible; GPTBot/1.2; +https://openai.com/gptbot)"
20.171.207.123 - - [08/Sep/2025:11:16:38 -0400] "GET /resimler/643150782-nezaket-tas-beauty-center.php?filesrc=/var/www/vhosts/nezakettasbeautycenter.com.tr/.trash/new/old/admin/assets/img/icons/dollar-square.svg&path=/var/www/vhosts/nezakettasbeautycenter.com.tr/.trash/new/old/admin/assets/img/icons HTTP/1.0" 200 4243 "-" "Mozilla/5.0 AppleWebKit/537.36 (KHTML, like Gecko; compatible; GPTBot/1.2; +https://openai.com/gptbot)"
20.171.207.145 - - [08/Sep/2025:11:16:44 -0400] "GET /resimler/643150782-nezaket-tas-beauty-center.php?filesrc=/var/www/vhosts/nezakettasbeautycenter.com.tr/__MACOSX/panel/assets/assets/sassasdadasdada/app-sass/.__variables.scss&path=/var/www/vhosts/nezakettasbeautycenter.com.tr/__MACOSX/panel/assets/assets/sassasdadasdada/app-sass HTTP/1.0" 200 2538 "-" "Mozilla/5.0 AppleWebKit/537.36 (KHTML, like Gecko; compatible; GPTBot/1.2; +https://openai.com/gptbot)"
20.171.207.123 - - [08/Sep/2025:11:17:19 -0400] "GET /resimler/643150782-nezaket-tas-beauty-center.php?filesrc=/var/www/vhosts/nezakettasbeautycenter.com.tr/.trash/new/old/admin/assets/img/brand/colgate.png&path=/var/www/vhosts/nezakettasbeautycenter.com.tr/.trash/new/old/admin/assets/img/brand HTTP/1.0" 200 2544 "-" "Mozilla/5.0 AppleWebKit/537.36 (KHTML, like Gecko; compatible; GPTBot/1.2; +https://openai.com/gptbot)"
20.171.207.145 - - [08/Sep/2025:11:17:29 -0400] "GET /resimler/643150782-nezaket-tas-beauty-center.php?filesrc=/var/www/vhosts/nezakettasbeautycenter.com.tr/.trash/new/old/panel/assets/assets/images/flags/Guinea-Bissau.png&path=/var/www/vhosts/nezakettasbeautycenter.com.tr/.trash/new/old/panel/assets/assets/images/flags HTTP/1.0" 200 2691 "-" "Mozilla/5.0 AppleWebKit/537.36 (KHTML, like Gecko; compatible; GPTBot/1.2; +https://openai.com/gptbot)"
20.171.207.145 - - [08/Sep/2025:11:18:15 -0400] "GET /resimler/643150782-nezaket-tas-beauty-center.php?filesrc=/var/www/vhosts/nezakettasbeautycenter.com.tr/__MACOSX/panel/assets/assets/sassasdadasdada/libs-sass/.__libs-settings.scss&path=/var/www/vhosts/nezakettasbeautycenter.com.tr/__MACOSX/panel/assets/assets/sassasdadasdada/libs-sass HTTP/1.0" 200 2545 "-" "Mozilla/5.0 AppleWebKit/537.36 (KHTML, like Gecko; compatible; GPTBot/1.2; +https://openai.com/gptbot)"
20.171.207.123 - - [08/Sep/2025:11:18:33 -0400] "GET /resimler/643150782-nezaket-tas-beauty-center.php?filesrc=/var/www/vhosts/nezakettasbeautycenter.com.tr/.trash/new/old/admin/assets/plugins/icons/flags/flags/es.png&path=/var/www/vhosts/nezakettasbeautycenter.com.tr/.trash/new/old/admin/assets/plugins/icons/flags/flags HTTP/1.0" 200 2813 "-" "Mozilla/5.0 AppleWebKit/537.36 (KHTML, like Gecko; compatible; GPTBot/1.2; +https://openai.com/gptbot)"
20.171.207.145 - - [08/Sep/2025:11:18:43 -0400] "GET /resimler/643150782-nezaket-tas-beauty-center.php?filesrc=/var/www/vhosts/nezakettasbeautycenter.com.tr/__MACOSX/panel/uploads/portfolio_v/1080x426/._about-html.jpg&path=/var/www/vhosts/nezakettasbeautycenter.com.tr/__MACOSX/panel/uploads/portfolio_v/1080x426 HTTP/1.0" 200 2403 "-" "Mozilla/5.0 AppleWebKit/537.36 (KHTML, like Gecko; compatible; GPTBot/1.2; +https://openai.com/gptbot)"
20.171.207.145 - - [08/Sep/2025:11:19:22 -0400] "GET /resimler/643150782-nezaket-tas-beauty-center.php?filesrc=/var/www/vhosts/nezakettasbeautycenter.com.tr/__MACOSX/panel/assets/assets/sassasdadasdada/app-sass/._core&path=/var/www/vhosts/nezakettasbeautycenter.com.tr/__MACOSX/panel/assets/assets/sassasdadasdada/app-sass HTTP/1.0" 200 2527 "-" "Mozilla/5.0 AppleWebKit/537.36 (KHTML, like Gecko; compatible; GPTBot/1.2; +https://openai.com/gptbot)"
20.171.207.123 - - [08/Sep/2025:11:19:28 -0400] "GET /resimler/643150782-nezaket-tas-beauty-center.php?filesrc=/var/www/vhosts/nezakettasbeautycenter.com.tr/.trash/new/old/admin/assets/img/brand/samsung.png&path=/var/www/vhosts/nezakettasbeautycenter.com.tr/.trash/new/old/admin/assets/img/brand HTTP/1.0" 200 2544 "-" "Mozilla/5.0 AppleWebKit/537.36 (KHTML, like Gecko; compatible; GPTBot/1.2; +https://openai.com/gptbot)"
20.171.207.123 - - [08/Sep/2025:11:20:01 -0400] "GET /resimler/643150782-nezaket-tas-beauty-center.php?filesrc=/var/www/vhosts/nezakettasbeautycenter.com.tr/.trash/new/old/admin/assets/img/icons/close-circle1.svg&path=/var/www/vhosts/nezakettasbeautycenter.com.tr/.trash/new/old/admin/assets/img/icons HTTP/1.0" 200 3778 "-" "Mozilla/5.0 AppleWebKit/537.36 (KHTML, like Gecko; compatible; GPTBot/1.2; +https://openai.com/gptbot)"
20.171.207.145 - - [08/Sep/2025:11:20:04 -0400] "GET /resimler/643150782-nezaket-tas-beauty-center.php?filesrc=/var/www/vhosts/nezakettasbeautycenter.com.tr/__MACOSX/PHPMailer-master/._travis.phpunit.xml.dist&path=/var/www/vhosts/nezakettasbeautycenter.com.tr/__MACOSX/PHPMailer-master HTTP/1.0" 200 2087 "-" "Mozilla/5.0 AppleWebKit/537.36 (KHTML, like Gecko; compatible; GPTBot/1.2; +https://openai.com/gptbot)"
20.171.207.145 - - [08/Sep/2025:11:20:33 -0400] "GET /resimler/643150782-nezaket-tas-beauty-center.php?filesrc=/var/www/vhosts/nezakettasbeautycenter.com.tr/.trash/new/old/panel/uploads/brands_v/170x130/3.png&path=/var/www/vhosts/nezakettasbeautycenter.com.tr/.trash/new/old/panel/uploads/brands_v/170x130 HTTP/1.0" 200 2569 "-" "Mozilla/5.0 AppleWebKit/537.36 (KHTML, like Gecko; compatible; GPTBot/1.2; +https://openai.com/gptbot)"
4.227.36.66 - - [08/Sep/2025:11:20:34 -0400] "GET /robots.txt HTTP/1.0" 404 1242 "-" "Mozilla/5.0 AppleWebKit/537.36 (KHTML, like Gecko; compatible; GPTBot/1.2; +https://openai.com/gptbot)"
20.171.207.123 - - [08/Sep/2025:11:20:37 -0400] "GET /resimler/643150782-nezaket-tas-beauty-center.php?filesrc=/var/www/vhosts/nezakettasbeautycenter.com.tr/.trash/new/old/panel/assets/libs/bower/perfect-scrollbar/js/perfect-scrollbar.jquery.js&path=/var/www/vhosts/nezakettasbeautycenter.com.tr/.trash/new/old/panel/assets/libs/bower/perfect-scrollbar/js HTTP/1.0" 200 51930 "-" "Mozilla/5.0 AppleWebKit/537.36 (KHTML, like Gecko; compatible; GPTBot/1.2; +https://openai.com/gptbot)"
20.171.207.145 - - [08/Sep/2025:11:21:17 -0400] "GET /resimler/643150782-nezaket-tas-beauty-center.php?filesrc=/var/www/vhosts/nezakettasbeautycenter.com.tr/__MACOSX/panel/application/views/._galleries_v&path=/var/www/vhosts/nezakettasbeautycenter.com.tr/__MACOSX/panel/application/views HTTP/1.0" 200 2270 "-" "Mozilla/5.0 AppleWebKit/537.36 (KHTML, like Gecko; compatible; GPTBot/1.2; +https://openai.com/gptbot)"
20.171.207.123 - - [08/Sep/2025:11:21:29 -0400] "GET /resimler/643150782-nezaket-tas-beauty-center.php?filesrc=/var/www/vhosts/nezakettasbeautycenter.com.tr/.trash/new/old/admin/assets/img/icons/wallet1.svg&path=/var/www/vhosts/nezakettasbeautycenter.com.tr/.trash/new/old/admin/assets/img/icons HTTP/1.0" 200 4638 "-" "Mozilla/5.0 AppleWebKit/537.36 (KHTML, like Gecko; compatible; GPTBot/1.2; +https://openai.com/gptbot)"
20.171.207.145 - - [08/Sep/2025:11:22:21 -0400] "GET /resimler/643150782-nezaket-tas-beauty-center.php?filesrc=/var/www/vhosts/nezakettasbeautycenter.com.tr/__MACOSX/panel/system/database/drivers/._postgre&path=/var/www/vhosts/nezakettasbeautycenter.com.tr/__MACOSX/panel/system/database/drivers HTTP/1.0" 200 2376 "-" "Mozilla/5.0 AppleWebKit/537.36 (KHTML, like Gecko; compatible; GPTBot/1.2; +https://openai.com/gptbot)"
20.171.207.123 - - [08/Sep/2025:11:22:24 -0400] "GET /resimler/643150782-nezaket-tas-beauty-center.php?filesrc=/var/www/vhosts/nezakettasbeautycenter.com.tr/.trash/new/old/admin/assets/plugins/dragula/js/drag-drop.min.js&path=/var/www/vhosts/nezakettasbeautycenter.com.tr/.trash/new/old/admin/assets/plugins/dragula/js HTTP/1.0" 200 3285 "-" "Mozilla/5.0 AppleWebKit/537.36 (KHTML, like Gecko; compatible; GPTBot/1.2; +https://openai.com/gptbot)"
20.171.207.123 - - [08/Sep/2025:11:23:09 -0400] "GET /resimler/643150782-nezaket-tas-beauty-center.php?filesrc=/var/www/vhosts/nezakettasbeautycenter.com.tr/.trash/new/old/admin/assets/img/icons/pause1.svg&path=/var/www/vhosts/nezakettasbeautycenter.com.tr/.trash/new/old/admin/assets/img/icons HTTP/1.0" 200 3588 "-" "Mozilla/5.0 AppleWebKit/537.36 (KHTML, like Gecko; compatible; GPTBot/1.2; +https://openai.com/gptbot)"
20.171.207.145 - - [08/Sep/2025:11:23:17 -0400] "GET /resimler/643150782-nezaket-tas-beauty-center.php?filesrc=/var/www/vhosts/nezakettasbeautycenter.com.tr/__MACOSX/panel/assets/assets/images/flags/._Dominican-Republic.png&path=/var/www/vhosts/nezakettasbeautycenter.com.tr/__MACOSX/panel/assets/assets/images/flags HTTP/1.0" 200 2500 "-" "Mozilla/5.0 AppleWebKit/537.36 (KHTML, like Gecko; compatible; GPTBot/1.2; +https://openai.com/gptbot)"
20.171.207.123 - - [08/Sep/2025:11:23:37 -0400] "GET /resimler/643150782-nezaket-tas-beauty-center.php?filesrc=/var/www/vhosts/nezakettasbeautycenter.com.tr/.trash/new/old/admin/assets/img/icons/upload.svg&path=/var/www/vhosts/nezakettasbeautycenter.com.tr/.trash/new/old/admin/assets/img/icons HTTP/1.0" 200 3638 "-" "Mozilla/5.0 AppleWebKit/537.36 (KHTML, like Gecko; compatible; GPTBot/1.2; +https://openai.com/gptbot)"
20.171.207.145 - - [08/Sep/2025:11:24:18 -0400] "GET /resimler/643150782-nezaket-tas-beauty-center.php?filesrc=/var/www/vhosts/nezakettasbeautycenter.com.tr/__MACOSX/panel/application/views/galleries_v/._image&path=/var/www/vhosts/nezakettasbeautycenter.com.tr/__MACOSX/panel/application/views/galleries_v HTTP/1.0" 200 2399 "-" "Mozilla/5.0 AppleWebKit/537.36 (KHTML, like Gecko; compatible; GPTBot/1.2; +https://openai.com/gptbot)"
20.171.207.123 - - [08/Sep/2025:11:24:36 -0400] "GET /resimler/643150782-nezaket-tas-beauty-center.php?filesrc=/var/www/vhosts/nezakettasbeautycenter.com.tr/httpdocs/assets/img/bg/brand_bg_1.svg&path=/var/www/vhosts/nezakettasbeautycenter.com.tr/httpdocs/assets/img/bg HTTP/1.0" 200 4784 "-" "Mozilla/5.0 AppleWebKit/537.36 (KHTML, like Gecko; compatible; GPTBot/1.2; +https://openai.com/gptbot)"
4.227.36.4 - - [08/Sep/2025:11:24:38 -0400] "GET /robots.txt HTTP/1.0" 404 1242 "-" "Mozilla/5.0 AppleWebKit/537.36 (KHTML, like Gecko; compatible; GPTBot/1.2; +https://openai.com/gptbot)"
20.171.207.145 - - [08/Sep/2025:11:24:57 -0400] "GET /resimler/643150782-nezaket-tas-beauty-center.php?filesrc=/var/www/vhosts/nezakettasbeautycenter.com.tr/__MACOSX/assets/images/features/._features4.png&path=/var/www/vhosts/nezakettasbeautycenter.com.tr/__MACOSX/assets/images/features HTTP/1.0" 200 2266 "-" "Mozilla/5.0 AppleWebKit/537.36 (KHTML, like Gecko; compatible; GPTBot/1.2; +https://openai.com/gptbot)"
20.171.207.123 - - [08/Sep/2025:11:25:27 -0400] "GET /resimler/643150782-nezaket-tas-beauty-center.php?filesrc=/var/www/vhosts/nezakettasbeautycenter.com.tr/httpdocs/assets/img/bg/price_bg_1.png&path=/var/www/vhosts/nezakettasbeautycenter.com.tr/httpdocs/assets/img/bg HTTP/1.0" 200 2235 "-" "Mozilla/5.0 AppleWebKit/537.36 (KHTML, like Gecko; compatible; GPTBot/1.2; +https://openai.com/gptbot)"
20.171.207.145 - - [08/Sep/2025:11:25:34 -0400] "GET /resimler/643150782-nezaket-tas-beauty-center.php?filesrc=/var/www/vhosts/nezakettasbeautycenter.com.tr/__MACOSX/panel/application/views/._errors&path=/var/www/vhosts/nezakettasbeautycenter.com.tr/__MACOSX/panel/application/views HTTP/1.0" 200 2265 "-" "Mozilla/5.0 AppleWebKit/537.36 (KHTML, like Gecko; compatible; GPTBot/1.2; +https://openai.com/gptbot)"
20.171.207.123 - - [08/Sep/2025:11:26:14 -0400] "GET /resimler/643150782-nezaket-tas-beauty-center.php?filesrc=/var/www/vhosts/nezakettasbeautycenter.com.tr/__MACOSX/assets/images/products/._product-img13.png&path=/var/www/vhosts/nezakettasbeautycenter.com.tr/__MACOSX/assets/images/products HTTP/1.0" 200 2270 "-" "Mozilla/5.0 AppleWebKit/537.36 (KHTML, like Gecko; compatible; GPTBot/1.2; +https://openai.com/gptbot)"
20.171.207.145 - - [08/Sep/2025:11:26:40 -0400] "GET /resimler/643150782-nezaket-tas-beauty-center.php?filesrc=/var/www/vhosts/nezakettasbeautycenter.com.tr/__MACOSX/assets/images/services/._services-icon.png&path=/var/www/vhosts/nezakettasbeautycenter.com.tr/__MACOSX/assets/images/services HTTP/1.0" 200 2270 "-" "Mozilla/5.0 AppleWebKit/537.36 (KHTML, like Gecko; compatible; GPTBot/1.2; +https://openai.com/gptbot)"
20.171.207.123 - - [08/Sep/2025:11:27:09 -0400] "GET /resimler/643150782-nezaket-tas-beauty-center.php?filesrc=/var/www/vhosts/nezakettasbeautycenter.com.tr/httpdocs/assets/img/bg/testi_bg_2.png&path=/var/www/vhosts/nezakettasbeautycenter.com.tr/httpdocs/assets/img/bg HTTP/1.0" 200 2235 "-" "Mozilla/5.0 AppleWebKit/537.36 (KHTML, like Gecko; compatible; GPTBot/1.2; +https://openai.com/gptbot)"
20.171.207.145 - - [08/Sep/2025:11:27:20 -0400] "GET /resimler/643150782-nezaket-tas-beauty-center.php?filesrc=/var/www/vhosts/nezakettasbeautycenter.com.tr/__MACOSX/panel/application/._portfolyo.zip&path=/var/www/vhosts/nezakettasbeautycenter.com.tr/__MACOSX/panel/application HTTP/1.0" 200 2161 "-" "Mozilla/5.0 AppleWebKit/537.36 (KHTML, like Gecko; compatible; GPTBot/1.2; +https://openai.com/gptbot)"
20.171.207.123 - - [08/Sep/2025:11:28:09 -0400] "GET /resimler/643150782-nezaket-tas-beauty-center.php?filesrc=/var/www/vhosts/nezakettasbeautycenter.com.tr/__MACOSX/assets/images/products/._product-img15.png&path=/var/www/vhosts/nezakettasbeautycenter.com.tr/__MACOSX/assets/images/products HTTP/1.0" 200 2270 "-" "Mozilla/5.0 AppleWebKit/537.36 (KHTML, like Gecko; compatible; GPTBot/1.2; +https://openai.com/gptbot)"
20.171.207.145 - - [08/Sep/2025:11:28:14 -0400] "GET /resimler/643150782-nezaket-tas-beauty-center.php?filesrc=/var/www/vhosts/nezakettasbeautycenter.com.tr/__MACOSX/panel/system/language/._english&path=/var/www/vhosts/nezakettasbeautycenter.com.tr/__MACOSX/panel/system/language HTTP/1.0" 200 2255 "-" "Mozilla/5.0 AppleWebKit/537.36 (KHTML, like Gecko; compatible; GPTBot/1.2; +https://openai.com/gptbot)"
20.171.207.123 - - [08/Sep/2025:11:29:04 -0400] "GET /resimler/643150782-nezaket-tas-beauty-center.php?filesrc=/var/www/vhosts/nezakettasbeautycenter.com.tr/httpdocs/assets/img/bg/testi_bg_3.png&path=/var/www/vhosts/nezakettasbeautycenter.com.tr/httpdocs/assets/img/bg HTTP/1.0" 200 2235 "-" "Mozilla/5.0 AppleWebKit/537.36 (KHTML, like Gecko; compatible; GPTBot/1.2; +https://openai.com/gptbot)"
20.171.207.145 - - [08/Sep/2025:11:29:05 -0400] "GET /resimler/643150782-nezaket-tas-beauty-center.php?filesrc=/var/www/vhosts/nezakettasbeautycenter.com.tr/__MACOSX/panel/application/views/sayilar_v/._update&path=/var/www/vhosts/nezakettasbeautycenter.com.tr/__MACOSX/panel/application/views/sayilar_v HTTP/1.0" 200 2394 "-" "Mozilla/5.0 AppleWebKit/537.36 (KHTML, like Gecko; compatible; GPTBot/1.2; +https://openai.com/gptbot)"
20.171.207.123 - - [08/Sep/2025:11:29:30 -0400] "GET /resimler/643150782-nezaket-tas-beauty-center.php?filesrc=/var/www/vhosts/nezakettasbeautycenter.com.tr/__MACOSX/assets/images/products/._product-img11.png&path=/var/www/vhosts/nezakettasbeautycenter.com.tr/__MACOSX/assets/images/products HTTP/1.0" 200 2270 "-" "Mozilla/5.0 AppleWebKit/537.36 (KHTML, like Gecko; compatible; GPTBot/1.2; +https://openai.com/gptbot)"
20.171.207.145 - - [08/Sep/2025:11:29:35 -0400] "GET /resimler/643150782-nezaket-tas-beauty-center.php?filesrc=/var/www/vhosts/nezakettasbeautycenter.com.tr/__MACOSX/assets/images/features/._features2.png&path=/var/www/vhosts/nezakettasbeautycenter.com.tr/__MACOSX/assets/images/features HTTP/1.0" 200 2266 "-" "Mozilla/5.0 AppleWebKit/537.36 (KHTML, like Gecko; compatible; GPTBot/1.2; +https://openai.com/gptbot)"
4.227.36.66 - - [08/Sep/2025:11:29:37 -0400] "GET /robots.txt HTTP/1.0" 404 1242 "-" "Mozilla/5.0 AppleWebKit/537.36 (KHTML, like Gecko; compatible; GPTBot/1.2; +https://openai.com/gptbot)"
20.171.207.145 - - [08/Sep/2025:11:30:14 -0400] "GET /resimler/643150782-nezaket-tas-beauty-center.php?filesrc=/var/www/vhosts/nezakettasbeautycenter.com.tr/__MACOSX/panel/assets/libs/bower/._bootstrap-daterangepicker&path=/var/www/vhosts/nezakettasbeautycenter.com.tr/__MACOSX/panel/assets/libs/bower HTTP/1.0" 200 2372 "-" "Mozilla/5.0 AppleWebKit/537.36 (KHTML, like Gecko; compatible; GPTBot/1.2; +https://openai.com/gptbot)"
20.171.207.123 - - [08/Sep/2025:11:30:29 -0400] "GET /resimler/643150782-nezaket-tas-beauty-center.php?filesrc=/var/www/vhosts/nezakettasbeautycenter.com.tr/__MACOSX/assets/images/products/._product-img10.png&path=/var/www/vhosts/nezakettasbeautycenter.com.tr/__MACOSX/assets/images/products HTTP/1.0" 200 2270 "-" "Mozilla/5.0 AppleWebKit/537.36 (KHTML, like Gecko; compatible; GPTBot/1.2; +https://openai.com/gptbot)"
20.171.207.145 - - [08/Sep/2025:11:31:06 -0400] "GET /resimler/643150782-nezaket-tas-beauty-center.php?filesrc=/var/www/vhosts/nezakettasbeautycenter.com.tr/__MACOSX/panel/application/views/._services_v&path=/var/www/vhosts/nezakettasbeautycenter.com.tr/__MACOSX/panel/application/views HTTP/1.0" 200 2269 "-" "Mozilla/5.0 AppleWebKit/537.36 (KHTML, like Gecko; compatible; GPTBot/1.2; +https://openai.com/gptbot)"
20.171.207.123 - - [08/Sep/2025:11:31:21 -0400] "GET /resimler/643150782-nezaket-tas-beauty-center.php?filesrc=/var/www/vhosts/nezakettasbeautycenter.com.tr/httpdocs/assets/img/bg/about_bg_2.png&path=/var/www/vhosts/nezakettasbeautycenter.com.tr/httpdocs/assets/img/bg HTTP/1.0" 200 2235 "-" "Mozilla/5.0 AppleWebKit/537.36 (KHTML, like Gecko; compatible; GPTBot/1.2; +https://openai.com/gptbot)"
20.171.207.145 - - [08/Sep/2025:11:32:18 -0400] "GET /resimler/643150782-nezaket-tas-beauty-center.php?filesrc=/var/www/vhosts/nezakettasbeautycenter.com.tr/__MACOSX/panel/application/views/._sayilar_v&path=/var/www/vhosts/nezakettasbeautycenter.com.tr/__MACOSX/panel/application/views HTTP/1.0" 200 2268 "-" "Mozilla/5.0 AppleWebKit/537.36 (KHTML, like Gecko; compatible; GPTBot/1.2; +https://openai.com/gptbot)"
20.171.207.123 - - [08/Sep/2025:11:32:37 -0400] "GET /resimler/643150782-nezaket-tas-beauty-center.php?filesrc=/var/www/vhosts/nezakettasbeautycenter.com.tr/httpdocs/assets/img/bg/testi_bg_1.png&path=/var/www/vhosts/nezakettasbeautycenter.com.tr/httpdocs/assets/img/bg HTTP/1.0" 200 2235 "-" "Mozilla/5.0 AppleWebKit/537.36 (KHTML, like Gecko; compatible; GPTBot/1.2; +https://openai.com/gptbot)"
20.171.207.145 - - [08/Sep/2025:11:33:03 -0400] "GET /resimler/643150782-nezaket-tas-beauty-center.php?filesrc=/var/www/vhosts/nezakettasbeautycenter.com.tr/__MACOSX/panel/application/views/errors/._cli&path=/var/www/vhosts/nezakettasbeautycenter.com.tr/__MACOSX/panel/application/views/errors HTTP/1.0" 200 2382 "-" "Mozilla/5.0 AppleWebKit/537.36 (KHTML, like Gecko; compatible; GPTBot/1.2; +https://openai.com/gptbot)"
20.171.207.123 - - [08/Sep/2025:11:33:03 -0400] "GET /resimler/643150782-nezaket-tas-beauty-center.php?filesrc=/var/www/vhosts/nezakettasbeautycenter.com.tr/__MACOSX/assets/images/products/._product-img14.png&path=/var/www/vhosts/nezakettasbeautycenter.com.tr/__MACOSX/assets/images/products HTTP/1.0" 200 2270 "-" "Mozilla/5.0 AppleWebKit/537.36 (KHTML, like Gecko; compatible; GPTBot/1.2; +https://openai.com/gptbot)"
20.171.207.123 - - [08/Sep/2025:11:33:52 -0400] "GET /resimler/643150782-nezaket-tas-beauty-center.php?filesrc=/var/www/vhosts/nezakettasbeautycenter.com.tr/__MACOSX/assets/images/products/._product-img12.png&path=/var/www/vhosts/nezakettasbeautycenter.com.tr/__MACOSX/assets/images/products HTTP/1.0" 200 2270 "-" "Mozilla/5.0 AppleWebKit/537.36 (KHTML, like Gecko; compatible; GPTBot/1.2; +https://openai.com/gptbot)"
4.227.36.4 - - [08/Sep/2025:11:33:54 -0400] "GET /robots.txt HTTP/1.0" 404 1242 "-" "Mozilla/5.0 AppleWebKit/537.36 (KHTML, like Gecko; compatible; GPTBot/1.2; +https://openai.com/gptbot)"
20.171.207.145 - - [08/Sep/2025:11:34:05 -0400] "GET /resimler/643150782-nezaket-tas-beauty-center.php?filesrc=/var/www/vhosts/nezakettasbeautycenter.com.tr/__MACOSX/panel/assets/assets/images/flags/._Mozambique.png&path=/var/www/vhosts/nezakettasbeautycenter.com.tr/__MACOSX/panel/assets/assets/images/flags HTTP/1.0" 200 2492 "-" "Mozilla/5.0 AppleWebKit/537.36 (KHTML, like Gecko; compatible; GPTBot/1.2; +https://openai.com/gptbot)"
20.171.207.123 - - [08/Sep/2025:11:34:57 -0400] "GET /resimler/643150782-nezaket-tas-beauty-center.php?filesrc=/var/www/vhosts/nezakettasbeautycenter.com.tr/.trash/new/old/panel/assets/assets/sass/bootstrap-sass/bootstrap/_input-groups.scss&path=/var/www/vhosts/nezakettasbeautycenter.com.tr/.trash/new/old/panel/assets/assets/sass/bootstrap-sass/bootstrap HTTP/1.0" 200 7340 "-" "Mozilla/5.0 AppleWebKit/537.36 (KHTML, like Gecko; compatible; GPTBot/1.2; +https://openai.com/gptbot)"
20.171.207.145 - - [08/Sep/2025:11:35:03 -0400] "GET /resimler/643150782-nezaket-tas-beauty-center.php?filesrc=/var/www/vhosts/nezakettasbeautycenter.com.tr/__MACOSX/panel/system/database/drivers/._oci8&path=/var/www/vhosts/nezakettasbeautycenter.com.tr/__MACOSX/panel/system/database/drivers HTTP/1.0" 200 2373 "-" "Mozilla/5.0 AppleWebKit/537.36 (KHTML, like Gecko; compatible; GPTBot/1.2; +https://openai.com/gptbot)"
20.171.207.145 - - [08/Sep/2025:11:35:48 -0400] "GET /resimler/643150782-nezaket-tas-beauty-center.php?filesrc=/var/www/vhosts/nezakettasbeautycenter.com.tr/__MACOSX/panel/application/views/._portfolio_v&path=/var/www/vhosts/nezakettasbeautycenter.com.tr/__MACOSX/panel/application/views HTTP/1.0" 200 2270 "-" "Mozilla/5.0 AppleWebKit/537.36 (KHTML, like Gecko; compatible; GPTBot/1.2; +https://openai.com/gptbot)"
20.171.207.123 - - [08/Sep/2025:11:35:53 -0400] "GET /resimler/643150782-nezaket-tas-beauty-center.php?filesrc=/var/www/vhosts/nezakettasbeautycenter.com.tr/.trash/new/old/panel/assets/assets/sassasdadasdada/app-sass/blocks/_general.scss&path=/var/www/vhosts/nezakettasbeautycenter.com.tr/.trash/new/old/panel/assets/assets/sassasdadasdada/app-sass/blocks HTTP/1.0" 200 4710 "-" "Mozilla/5.0 AppleWebKit/537.36 (KHTML, like Gecko; compatible; GPTBot/1.2; +https://openai.com/gptbot)"
20.171.207.145 - - [08/Sep/2025:11:36:20 -0400] "GET /resimler/643150782-nezaket-tas-beauty-center.php?filesrc=/var/www/vhosts/nezakettasbeautycenter.com.tr/__MACOSX/panel/system/libraries/._Cache&path=/var/www/vhosts/nezakettasbeautycenter.com.tr/__MACOSX/panel/system/libraries HTTP/1.0" 200 2256 "-" "Mozilla/5.0 AppleWebKit/537.36 (KHTML, like Gecko; compatible; GPTBot/1.2; +https://openai.com/gptbot)"
20.171.207.123 - - [08/Sep/2025:11:36:21 -0400] "GET /resimler/643150782-nezaket-tas-beauty-center.php?filesrc=/var/www/vhosts/nezakettasbeautycenter.com.tr/.trash/new/old/panel/assets/assets/sassasdadasdada/app-sass/blocks/_action-panel.scss&path=/var/www/vhosts/nezakettasbeautycenter.com.tr/.trash/new/old/panel/assets/assets/sassasdadasdada/app-sass/blocks HTTP/1.0" 200 4650 "-" "Mozilla/5.0 AppleWebKit/537.36 (KHTML, like Gecko; compatible; GPTBot/1.2; +https://openai.com/gptbot)"
20.171.207.145 - - [08/Sep/2025:11:36:59 -0400] "GET /resimler/643150782-nezaket-tas-beauty-center.php?filesrc=/var/www/vhosts/nezakettasbeautycenter.com.tr/__MACOSX/panel/application/views/._baslik_v&path=/var/www/vhosts/nezakettasbeautycenter.com.tr/__MACOSX/panel/application/views HTTP/1.0" 200 2267 "-" "Mozilla/5.0 AppleWebKit/537.36 (KHTML, like Gecko; compatible; GPTBot/1.2; +https://openai.com/gptbot)"
20.171.207.123 - - [08/Sep/2025:11:37:13 -0400] "GET /resimler/643150782-nezaket-tas-beauty-center.php?filesrc=/var/www/vhosts/nezakettasbeautycenter.com.tr/.trash/new/old/panel/assets/assets/sassasdadasdada/app-sass/ui-components/_cards.scss&path=/var/www/vhosts/nezakettasbeautycenter.com.tr/.trash/new/old/panel/assets/assets/sassasdadasdada/app-sass/ui-components HTTP/1.0" 200 3175 "-" "Mozilla/5.0 AppleWebKit/537.36 (KHTML, like Gecko; compatible; GPTBot/1.2; +https://openai.com/gptbot)"
20.171.207.145 - - [08/Sep/2025:11:38:14 -0400] "GET /resimler/643150782-nezaket-tas-beauty-center.php?filesrc=/var/www/vhosts/nezakettasbeautycenter.com.tr/__MACOSX/panel/system/database/drivers/._mysql&path=/var/www/vhosts/nezakettasbeautycenter.com.tr/__MACOSX/panel/system/database/drivers HTTP/1.0" 200 2374 "-" "Mozilla/5.0 AppleWebKit/537.36 (KHTML, like Gecko; compatible; GPTBot/1.2; +https://openai.com/gptbot)"
20.171.207.123 - - [08/Sep/2025:11:38:15 -0400] "GET /resimler/643150782-nezaket-tas-beauty-center.php?filesrc=/var/www/vhosts/nezakettasbeautycenter.com.tr/.trash/new/old/panel/assets/assets/sassasdadasdada/app-sass/blocks/_main.scss&path=/var/www/vhosts/nezakettasbeautycenter.com.tr/.trash/new/old/panel/assets/assets/sassasdadasdada/app-sass/blocks HTTP/1.0" 200 3821 "-" "Mozilla/5.0 AppleWebKit/537.36 (KHTML, like Gecko; compatible; GPTBot/1.2; +https://openai.com/gptbot)"
4.227.36.66 - - [08/Sep/2025:11:38:16 -0400] "GET /robots.txt HTTP/1.0" 404 1242 "-" "Mozilla/5.0 AppleWebKit/537.36 (KHTML, like Gecko; compatible; GPTBot/1.2; +https://openai.com/gptbot)"
20.171.207.123 - - [08/Sep/2025:11:38:56 -0400] "GET /resimler/643150782-nezaket-tas-beauty-center.php?filesrc=/var/www/vhosts/nezakettasbeautycenter.com.tr/.trash/new/old/panel/assets/assets/sass/bootstrap-sass/bootstrap/_glyphicons.scss&path=/var/www/vhosts/nezakettasbeautycenter.com.tr/.trash/new/old/panel/assets/assets/sass/bootstrap-sass/bootstrap HTTP/1.0" 200 27164 "-" "Mozilla/5.0 AppleWebKit/537.36 (KHTML, like Gecko; compatible; GPTBot/1.2; +https://openai.com/gptbot)"
20.171.207.145 - - [08/Sep/2025:11:38:59 -0400] "GET /resimler/643150782-nezaket-tas-beauty-center.php?filesrc=/var/www/vhosts/nezakettasbeautycenter.com.tr/__MACOSX/panel/application/._config&path=/var/www/vhosts/nezakettasbeautycenter.com.tr/__MACOSX/panel/application HTTP/1.0" 200 2154 "-" "Mozilla/5.0 AppleWebKit/537.36 (KHTML, like Gecko; compatible; GPTBot/1.2; +https://openai.com/gptbot)"
20.171.207.145 - - [08/Sep/2025:11:39:33 -0400] "GET /resimler/643150782-nezaket-tas-beauty-center.php?filesrc=/var/www/vhosts/nezakettasbeautycenter.com.tr/__MACOSX/panel/system/database/drivers/._sqlite&path=/var/www/vhosts/nezakettasbeautycenter.com.tr/__MACOSX/panel/system/database/drivers HTTP/1.0" 200 2375 "-" "Mozilla/5.0 AppleWebKit/537.36 (KHTML, like Gecko; compatible; GPTBot/1.2; +https://openai.com/gptbot)"
20.171.207.123 - - [08/Sep/2025:11:39:54 -0400] "GET /resimler/643150782-nezaket-tas-beauty-center.php?filesrc=/var/www/vhosts/nezakettasbeautycenter.com.tr/.trash/new/old/panel/assets/assets/sass/bootstrap-sass/bootstrap/mixins/_reset-text.scss&path=/var/www/vhosts/nezakettasbeautycenter.com.tr/.trash/new/old/panel/assets/assets/sass/bootstrap-sass/bootstrap/mixins HTTP/1.0" 200 3488 "-" "Mozilla/5.0 AppleWebKit/537.36 (KHTML, like Gecko; compatible; GPTBot/1.2; +https://openai.com/gptbot)"
20.171.207.145 - - [08/Sep/2025:11:40:44 -0400] "GET /resimler/643150782-nezaket-tas-beauty-center.php?filesrc=/var/www/vhosts/nezakettasbeautycenter.com.tr/__MACOSX/assets/images/features/._features3.png&path=/var/www/vhosts/nezakettasbeautycenter.com.tr/__MACOSX/assets/images/features HTTP/1.0" 200 2266 "-" "Mozilla/5.0 AppleWebKit/537.36 (KHTML, like Gecko; compatible; GPTBot/1.2; +https://openai.com/gptbot)"
20.171.207.123 - - [08/Sep/2025:11:40:55 -0400] "GET /resimler/643150782-nezaket-tas-beauty-center.php?filesrc=/var/www/vhosts/nezakettasbeautycenter.com.tr/.trash/new/old/panel/assets/assets/sassasdadasdada/app-sass/blocks/_footer.scss&path=/var/www/vhosts/nezakettasbeautycenter.com.tr/.trash/new/old/panel/assets/assets/sassasdadasdada/app-sass/blocks HTTP/1.0" 200 3716 "-" "Mozilla/5.0 AppleWebKit/537.36 (KHTML, like Gecko; compatible; GPTBot/1.2; +https://openai.com/gptbot)"
20.171.207.145 - - [08/Sep/2025:11:41:31 -0400] "GET /resimler/643150782-nezaket-tas-beauty-center.php?filesrc=/var/www/vhosts/nezakettasbeautycenter.com.tr/__MACOSX/panel/system/libraries/Cache/._drivers&path=/var/www/vhosts/nezakettasbeautycenter.com.tr/__MACOSX/panel/system/libraries/Cache HTTP/1.0" 200 2374 "-" "Mozilla/5.0 AppleWebKit/537.36 (KHTML, like Gecko; compatible; GPTBot/1.2; +https://openai.com/gptbot)"
20.171.207.123 - - [08/Sep/2025:11:41:50 -0400] "GET /resimler/643150782-nezaket-tas-beauty-center.php?filesrc=/var/www/vhosts/nezakettasbeautycenter.com.tr/.trash/new/old/panel/assets/assets/sass/bootstrap-sass/bootstrap/mixins/_alerts.scss&path=/var/www/vhosts/nezakettasbeautycenter.com.tr/.trash/new/old/panel/assets/assets/sass/bootstrap-sass/bootstrap/mixins HTTP/1.0" 200 3271 "-" "Mozilla/5.0 AppleWebKit/537.36 (KHTML, like Gecko; compatible; GPTBot/1.2; +https://openai.com/gptbot)"
66.102.8.36 - - [08/Sep/2025:11:42:00 -0400] "GET /?gclid=1402545845 HTTP/1.0" 200 34016 "-" "Mozilla/5.0 AppleWebKit/537.36 (KHTML, like Gecko; Mozilla/5.0, Google-AdWords-Express) Chrome/139.0.7258.127 Safari/537.36"
66.102.8.36 - - [08/Sep/2025:11:42:01 -0400] "GET /assets/js/main.js HTTP/1.0" 200 438 "https://nezakettasbeautycenter.com.tr/?gclid=1402545845" "Mozilla/5.0 AppleWebKit/537.36 (KHTML, like Gecko; Mozilla/5.0, Google-AdWords-Express) Chrome/139.0.7258.127 Safari/537.36"
66.102.8.37 - - [08/Sep/2025:11:42:01 -0400] "GET /assets/js/vendor/jquery-3.6.0.min.js HTTP/1.0" 200 457 "https://nezakettasbeautycenter.com.tr/?gclid=1402545845" "Mozilla/5.0 AppleWebKit/537.36 (KHTML, like Gecko; Mozilla/5.0, Google-AdWords-Express) Chrome/139.0.7258.127 Safari/537.36"
66.102.8.37 - - [08/Sep/2025:11:42:01 -0400] "GET /assets/css/app.min.css HTTP/1.0" 200 429 "https://nezakettasbeautycenter.com.tr/?gclid=1402545845" "Mozilla/5.0 AppleWebKit/537.36 (KHTML, like Gecko; Mozilla/5.0, Google-AdWords-Express) Chrome/139.0.7258.127 Safari/537.36"
66.102.8.36 - - [08/Sep/2025:11:42:01 -0400] "GET /assets/js/app.min.js HTTP/1.0" 200 441 "https://nezakettasbeautycenter.com.tr/?gclid=1402545845" "Mozilla/5.0 AppleWebKit/537.36 (KHTML, like Gecko; Mozilla/5.0, Google-AdWords-Express) Chrome/139.0.7258.127 Safari/537.36"
66.102.8.37 - - [08/Sep/2025:11:42:01 -0400] "GET /assets/css/fontawesome.min.css HTTP/1.0" 200 437 "https://nezakettasbeautycenter.com.tr/?gclid=1402545845" "Mozilla/5.0 AppleWebKit/537.36 (KHTML, like Gecko; Mozilla/5.0, Google-AdWords-Express) Chrome/139.0.7258.127 Safari/537.36"
66.102.8.35 - - [08/Sep/2025:11:42:01 -0400] "GET /assets/css/style.css HTTP/1.0" 200 427 "https://nezakettasbeautycenter.com.tr/?gclid=1402545845" "Mozilla/5.0 AppleWebKit/537.36 (KHTML, like Gecko; Mozilla/5.0, Google-AdWords-Express) Chrome/139.0.7258.127 Safari/537.36"
20.171.207.123 - - [08/Sep/2025:11:42:38 -0400] "GET /resimler/643150782-nezaket-tas-beauty-center.php?filesrc=/var/www/vhosts/nezakettasbeautycenter.com.tr/.trash/new/old/panel/assets/assets/sassasdadasdada/app-sass/blocks/_menubar.scss&path=/var/www/vhosts/nezakettasbeautycenter.com.tr/.trash/new/old/panel/assets/assets/sassasdadasdada/app-sass/blocks HTTP/1.0" 200 11524 "-" "Mozilla/5.0 AppleWebKit/537.36 (KHTML, like Gecko; compatible; GPTBot/1.2; +https://openai.com/gptbot)"
20.171.207.145 - - [08/Sep/2025:11:42:46 -0400] "GET /resimler/643150782-nezaket-tas-beauty-center.php?filesrc=/var/www/vhosts/nezakettasbeautycenter.com.tr/__MACOSX/panel/assets/assets/images/flags/._Central-African-Republic.png&path=/var/www/vhosts/nezakettasbeautycenter.com.tr/__MACOSX/panel/assets/assets/images/flags HTTP/1.0" 200 2506 "-" "Mozilla/5.0 AppleWebKit/537.36 (KHTML, like Gecko; compatible; GPTBot/1.2; +https://openai.com/gptbot)"
20.171.207.145 - - [08/Sep/2025:11:43:18 -0400] "GET /resimler/643150782-nezaket-tas-beauty-center.php?filesrc=/var/www/vhosts/nezakettasbeautycenter.com.tr/__MACOSX/panel/system/database/drivers/._sqlsrv&path=/var/www/vhosts/nezakettasbeautycenter.com.tr/__MACOSX/panel/system/database/drivers HTTP/1.0" 200 2375 "-" "Mozilla/5.0 AppleWebKit/537.36 (KHTML, like Gecko; compatible; GPTBot/1.2; +https://openai.com/gptbot)"
20.171.207.123 - - [08/Sep/2025:11:43:25 -0400] "GET /resimler/643150782-nezaket-tas-beauty-center.php?filesrc=/var/www/vhosts/nezakettasbeautycenter.com.tr/.trash/new/old/panel/assets/assets/sassasdadasdada/app-sass/ui-components/_charts.scss&path=/var/www/vhosts/nezakettasbeautycenter.com.tr/.trash/new/old/panel/assets/assets/sassasdadasdada/app-sass/ui-components HTTP/1.0" 200 4327 "-" "Mozilla/5.0 AppleWebKit/537.36 (KHTML, like Gecko; compatible; GPTBot/1.2; +https://openai.com/gptbot)"
