69.171.251.4 - - [08/Sep/2025:15:22:50 -0400] "GET /assets/css/fontawesome.min.css HTTP/1.0" 200 437 "https://www.nezakettasbeautycenter.com.tr/?fbclid=IwZXh0bgNhZW0CMTEAAR67QOr8c_mRFbe9jkRD2L-MCrtmosB0VP_LqB3dockpUDKRmhGo1VhVRQtVnw_aem_RFtTSulR8u9Q2_Cs8TN4-w" "Mozilla/5.0 (Windows NT 10.0; Win64; x64) AppleWebKit/537.36 (KHTML, like Gecko) Chrome/139.0.0.0 Safari/537.36"
69.171.251.4 - - [08/Sep/2025:15:22:50 -0400] "GET /assets/css/app.min.css HTTP/1.0" 200 429 "https://www.nezakettasbeautycenter.com.tr/?fbclid=IwZXh0bgNhZW0CMTEAAR67QOr8c_mRFbe9jkRD2L-MCrtmosB0VP_LqB3dockpUDKRmhGo1VhVRQtVnw_aem_RFtTSulR8u9Q2_Cs8TN4-w" "Mozilla/5.0 (Windows NT 10.0; Win64; x64) AppleWebKit/537.36 (KHTML, like Gecko) Chrome/139.0.0.0 Safari/537.36"
69.171.251.4 - - [08/Sep/2025:15:22:51 -0400] "GET /assets/css/style.css HTTP/1.0" 200 427 "https://www.nezakettasbeautycenter.com.tr/?fbclid=IwZXh0bgNhZW0CMTEAAR67QOr8c_mRFbe9jkRD2L-MCrtmosB0VP_LqB3dockpUDKRmhGo1VhVRQtVnw_aem_RFtTSulR8u9Q2_Cs8TN4-w" "Mozilla/5.0 (Windows NT 10.0; Win64; x64) AppleWebKit/537.36 (KHTML, like Gecko) Chrome/139.0.0.0 Safari/537.36"
69.171.251.4 - - [08/Sep/2025:15:22:51 -0400] "GET /resimler/847943375-nezaket-tas-beauty-center.jpg HTTP/1.0" 200 457 "https://www.nezakettasbeautycenter.com.tr/?fbclid=IwZXh0bgNhZW0CMTEAAR67QOr8c_mRFbe9jkRD2L-MCrtmosB0VP_LqB3dockpUDKRmhGo1VhVRQtVnw_aem_RFtTSulR8u9Q2_Cs8TN4-w" "Mozilla/5.0 (Windows NT 10.0; Win64; x64) AppleWebKit/537.36 (KHTML, like Gecko) Chrome/139.0.0.0 Safari/537.36"
69.171.251.4 - - [08/Sep/2025:15:22:51 -0400] "GET /assets/js/vendor/jquery-3.6.0.min.js HTTP/1.0" 200 457 "https://www.nezakettasbeautycenter.com.tr/?fbclid=IwZXh0bgNhZW0CMTEAAR67QOr8c_mRFbe9jkRD2L-MCrtmosB0VP_LqB3dockpUDKRmhGo1VhVRQtVnw_aem_RFtTSulR8u9Q2_Cs8TN4-w" "Mozilla/5.0 (Windows NT 10.0; Win64; x64) AppleWebKit/537.36 (KHTML, like Gecko) Chrome/139.0.0.0 Safari/537.36"
69.171.251.4 - - [08/Sep/2025:15:22:51 -0400] "GET /resimler/739-hakkimizda.webp HTTP/1.0" 200 437 "https://www.nezakettasbeautycenter.com.tr/?fbclid=IwZXh0bgNhZW0CMTEAAR67QOr8c_mRFbe9jkRD2L-MCrtmosB0VP_LqB3dockpUDKRmhGo1VhVRQtVnw_aem_RFtTSulR8u9Q2_Cs8TN4-w" "Mozilla/5.0 (Windows NT 10.0; Win64; x64) AppleWebKit/537.36 (KHTML, like Gecko) Chrome/139.0.0.0 Safari/537.36"
69.171.251.4 - - [08/Sep/2025:15:22:51 -0400] "GET /assets/img/shape/about_shape_1.svg HTTP/1.0" 200 446 "https://www.nezakettasbeautycenter.com.tr/?fbclid=IwZXh0bgNhZW0CMTEAAR67QOr8c_mRFbe9jkRD2L-MCrtmosB0VP_LqB3dockpUDKRmhGo1VhVRQtVnw_aem_RFtTSulR8u9Q2_Cs8TN4-w" "Mozilla/5.0 (Windows NT 10.0; Win64; x64) AppleWebKit/537.36 (KHTML, like Gecko) Chrome/139.0.0.0 Safari/537.36"
69.171.251.4 - - [08/Sep/2025:15:22:51 -0400] "GET /resimler/607-prodesyonel-kas-alimi.webp HTTP/1.0" 200 448 "https://www.nezakettasbeautycenter.com.tr/?fbclid=IwZXh0bgNhZW0CMTEAAR67QOr8c_mRFbe9jkRD2L-MCrtmosB0VP_LqB3dockpUDKRmhGo1VhVRQtVnw_aem_RFtTSulR8u9Q2_Cs8TN4-w" "Mozilla/5.0 (Windows NT 10.0; Win64; x64) AppleWebKit/537.36 (KHTML, like Gecko) Chrome/139.0.0.0 Safari/537.36"
69.171.251.4 - - [08/Sep/2025:15:22:51 -0400] "GET /resimler/12-buz-lazer-epilasyon.webp HTTP/1.0" 200 445 "https://www.nezakettasbeautycenter.com.tr/?fbclid=IwZXh0bgNhZW0CMTEAAR67QOr8c_mRFbe9jkRD2L-MCrtmosB0VP_LqB3dockpUDKRmhGo1VhVRQtVnw_aem_RFtTSulR8u9Q2_Cs8TN4-w" "Mozilla/5.0 (Windows NT 10.0; Win64; x64) AppleWebKit/537.36 (KHTML, like Gecko) Chrome/139.0.0.0 Safari/537.36"
69.171.251.4 - - [08/Sep/2025:15:22:51 -0400] "GET /assets/js/app.min.js HTTP/1.0" 200 441 "https://www.nezakettasbeautycenter.com.tr/?fbclid=IwZXh0bgNhZW0CMTEAAR67QOr8c_mRFbe9jkRD2L-MCrtmosB0VP_LqB3dockpUDKRmhGo1VhVRQtVnw_aem_RFtTSulR8u9Q2_Cs8TN4-w" "Mozilla/5.0 (Windows NT 10.0; Win64; x64) AppleWebKit/537.36 (KHTML, like Gecko) Chrome/139.0.0.0 Safari/537.36"
69.171.251.4 - - [08/Sep/2025:15:22:51 -0400] "GET /assets/js/main.js HTTP/1.0" 200 438 "https://www.nezakettasbeautycenter.com.tr/?fbclid=IwZXh0bgNhZW0CMTEAAR67QOr8c_mRFbe9jkRD2L-MCrtmosB0VP_LqB3dockpUDKRmhGo1VhVRQtVnw_aem_RFtTSulR8u9Q2_Cs8TN4-w" "Mozilla/5.0 (Windows NT 10.0; Win64; x64) AppleWebKit/537.36 (KHTML, like Gecko) Chrome/139.0.0.0 Safari/537.36"
69.171.251.4 - - [08/Sep/2025:15:22:51 -0400] "GET /resimler/315-turban-tasarimi.webp HTTP/1.0" 200 442 "https://www.nezakettasbeautycenter.com.tr/?fbclid=IwZXh0bgNhZW0CMTEAAR67QOr8c_mRFbe9jkRD2L-MCrtmosB0VP_LqB3dockpUDKRmhGo1VhVRQtVnw_aem_RFtTSulR8u9Q2_Cs8TN4-w" "Mozilla/5.0 (Windows NT 10.0; Win64; x64) AppleWebKit/537.36 (KHTML, like Gecko) Chrome/139.0.0.0 Safari/537.36"
69.171.251.4 - - [08/Sep/2025:15:22:51 -0400] "GET /resimler/4-porselen-makyaj.webp HTTP/1.0" 200 440 "https://www.nezakettasbeautycenter.com.tr/?fbclid=IwZXh0bgNhZW0CMTEAAR67QOr8c_mRFbe9jkRD2L-MCrtmosB0VP_LqB3dockpUDKRmhGo1VhVRQtVnw_aem_RFtTSulR8u9Q2_Cs8TN4-w" "Mozilla/5.0 (Windows NT 10.0; Win64; x64) AppleWebKit/537.36 (KHTML, like Gecko) Chrome/139.0.0.0 Safari/537.36"
69.171.251.4 - - [08/Sep/2025:15:22:52 -0400] "GET /resimler/787-gelin-makyaji.webp HTTP/1.0" 200 440 "https://www.nezakettasbeautycenter.com.tr/?fbclid=IwZXh0bgNhZW0CMTEAAR67QOr8c_mRFbe9jkRD2L-MCrtmosB0VP_LqB3dockpUDKRmhGo1VhVRQtVnw_aem_RFtTSulR8u9Q2_Cs8TN4-w" "Mozilla/5.0 (Windows NT 10.0; Win64; x64) AppleWebKit/537.36 (KHTML, like Gecko) Chrome/139.0.0.0 Safari/537.36"
69.171.251.4 - - [08/Sep/2025:15:22:52 -0400] "GET /assets/fonts/fontawesome/fa-brands-400.woff2 HTTP/1.0" 200 427 "https://www.nezakettasbeautycenter.com.tr/assets/css/fontawesome.min.css" "Mozilla/5.0 (Windows NT 10.0; Win64; x64) AppleWebKit/537.36 (KHTML, like Gecko) Chrome/139.0.0.0 Safari/537.36"
69.171.251.4 - - [08/Sep/2025:15:22:52 -0400] "GET /assets/fonts/fontawesome/fa-solid-900.woff2 HTTP/1.0" 200 426 "https://www.nezakettasbeautycenter.com.tr/assets/css/fontawesome.min.css" "Mozilla/5.0 (Windows NT 10.0; Win64; x64) AppleWebKit/537.36 (KHTML, like Gecko) Chrome/139.0.0.0 Safari/537.36"
69.171.251.4 - - [08/Sep/2025:15:22:52 -0400] "GET /assets/fonts/fontawesome/fa-regular-400.woff2 HTTP/1.0" 200 428 "https://www.nezakettasbeautycenter.com.tr/assets/css/fontawesome.min.css" "Mozilla/5.0 (Windows NT 10.0; Win64; x64) AppleWebKit/537.36 (KHTML, like Gecko) Chrome/139.0.0.0 Safari/537.36"
69.171.251.4 - - [08/Sep/2025:15:22:52 -0400] "GET /assets/fonts/fontawesome/fa-light-300.woff2 HTTP/1.0" 200 426 "https://www.nezakettasbeautycenter.com.tr/assets/css/fontawesome.min.css" "Mozilla/5.0 (Windows NT 10.0; Win64; x64) AppleWebKit/537.36 (KHTML, like Gecko) Chrome/139.0.0.0 Safari/537.36"
69.171.251.4 - - [08/Sep/2025:15:22:52 -0400] "GET /resimler/996-firmanizi-br-dijital-dunyaya-br-span-acin.-span.webp HTTP/1.0" 200 474 "https://www.nezakettasbeautycenter.com.tr/?fbclid=IwZXh0bgNhZW0CMTEAAR67QOr8c_mRFbe9jkRD2L-MCrtmosB0VP_LqB3dockpUDKRmhGo1VhVRQtVnw_aem_RFtTSulR8u9Q2_Cs8TN4-w" "Mozilla/5.0 (Windows NT 10.0; Win64; x64) AppleWebKit/537.36 (KHTML, like Gecko) Chrome/139.0.0.0 Safari/537.36"
69.171.251.4 - - [08/Sep/2025:15:22:52 -0400] "GET /resimler/392-firmanizi-br-dijital-dunyaya-br-span-acin.-span.webp HTTP/1.0" 200 474 "https://www.nezakettasbeautycenter.com.tr/?fbclid=IwZXh0bgNhZW0CMTEAAR67QOr8c_mRFbe9jkRD2L-MCrtmosB0VP_LqB3dockpUDKRmhGo1VhVRQtVnw_aem_RFtTSulR8u9Q2_Cs8TN4-w" "Mozilla/5.0 (Windows NT 10.0; Win64; x64) AppleWebKit/537.36 (KHTML, like Gecko) Chrome/139.0.0.0 Safari/537.36"
69.171.251.4 - - [08/Sep/2025:15:22:52 -0400] "GET /resimler/293-microblading.webp HTTP/1.0" 200 439 "https://www.nezakettasbeautycenter.com.tr/?fbclid=IwZXh0bgNhZW0CMTEAAR67QOr8c_mRFbe9jkRD2L-MCrtmosB0VP_LqB3dockpUDKRmhGo1VhVRQtVnw_aem_RFtTSulR8u9Q2_Cs8TN4-w" "Mozilla/5.0 (Windows NT 10.0; Win64; x64) AppleWebKit/537.36 (KHTML, like Gecko) Chrome/139.0.0.0 Safari/537.36"
69.171.251.4 - - [08/Sep/2025:15:22:52 -0400] "GET /resimler/327-dudak-renklendirme.webp HTTP/1.0" 200 445 "https://www.nezakettasbeautycenter.com.tr/?fbclid=IwZXh0bgNhZW0CMTEAAR67QOr8c_mRFbe9jkRD2L-MCrtmosB0VP_LqB3dockpUDKRmhGo1VhVRQtVnw_aem_RFtTSulR8u9Q2_Cs8TN4-w" "Mozilla/5.0 (Windows NT 10.0; Win64; x64) AppleWebKit/537.36 (KHTML, like Gecko) Chrome/139.0.0.0 Safari/537.36"
69.171.251.4 - - [08/Sep/2025:15:22:52 -0400] "GET /resimler/258-kalici-eyeliner.webp HTTP/1.0" 200 442 "https://www.nezakettasbeautycenter.com.tr/?fbclid=IwZXh0bgNhZW0CMTEAAR67QOr8c_mRFbe9jkRD2L-MCrtmosB0VP_LqB3dockpUDKRmhGo1VhVRQtVnw_aem_RFtTSulR8u9Q2_Cs8TN4-w" "Mozilla/5.0 (Windows NT 10.0; Win64; x64) AppleWebKit/537.36 (KHTML, like Gecko) Chrome/139.0.0.0 Safari/537.36"
69.171.251.4 - - [08/Sep/2025:15:22:52 -0400] "GET /resimler/939-kalici-dipliner.webp HTTP/1.0" 200 442 "https://www.nezakettasbeautycenter.com.tr/?fbclid=IwZXh0bgNhZW0CMTEAAR67QOr8c_mRFbe9jkRD2L-MCrtmosB0VP_LqB3dockpUDKRmhGo1VhVRQtVnw_aem_RFtTSulR8u9Q2_Cs8TN4-w" "Mozilla/5.0 (Windows NT 10.0; Win64; x64) AppleWebKit/537.36 (KHTML, like Gecko) Chrome/139.0.0.0 Safari/537.36"
69.171.251.4 - - [08/Sep/2025:15:22:52 -0400] "GET /resimler/111-protez-tirnak.webp HTTP/1.0" 200 440 "https://www.nezakettasbeautycenter.com.tr/?fbclid=IwZXh0bgNhZW0CMTEAAR67QOr8c_mRFbe9jkRD2L-MCrtmosB0VP_LqB3dockpUDKRmhGo1VhVRQtVnw_aem_RFtTSulR8u9Q2_Cs8TN4-w" "Mozilla/5.0 (Windows NT 10.0; Win64; x64) AppleWebKit/537.36 (KHTML, like Gecko) Chrome/139.0.0.0 Safari/537.36"
69.171.251.4 - - [08/Sep/2025:15:22:52 -0400] "GET /resimler/763-klasik-cilt-bakimi.webp HTTP/1.0" 200 445 "https://www.nezakettasbeautycenter.com.tr/?fbclid=IwZXh0bgNhZW0CMTEAAR67QOr8c_mRFbe9jkRD2L-MCrtmosB0VP_LqB3dockpUDKRmhGo1VhVRQtVnw_aem_RFtTSulR8u9Q2_Cs8TN4-w" "Mozilla/5.0 (Windows NT 10.0; Win64; x64) AppleWebKit/537.36 (KHTML, like Gecko) Chrome/139.0.0.0 Safari/537.36"
69.171.251.4 - - [08/Sep/2025:15:22:52 -0400] "GET /resimler/321-hydrafacial.webp HTTP/1.0" 200 438 "https://www.nezakettasbeautycenter.com.tr/?fbclid=IwZXh0bgNhZW0CMTEAAR67QOr8c_mRFbe9jkRD2L-MCrtmosB0VP_LqB3dockpUDKRmhGo1VhVRQtVnw_aem_RFtTSulR8u9Q2_Cs8TN4-w" "Mozilla/5.0 (Windows NT 10.0; Win64; x64) AppleWebKit/537.36 (KHTML, like Gecko) Chrome/139.0.0.0 Safari/537.36"
69.171.251.4 - - [08/Sep/2025:15:22:52 -0400] "GET /resimler/688-leke-protokolu.webp HTTP/1.0" 200 441 "https://www.nezakettasbeautycenter.com.tr/?fbclid=IwZXh0bgNhZW0CMTEAAR67QOr8c_mRFbe9jkRD2L-MCrtmosB0VP_LqB3dockpUDKRmhGo1VhVRQtVnw_aem_RFtTSulR8u9Q2_Cs8TN4-w" "Mozilla/5.0 (Windows NT 10.0; Win64; x64) AppleWebKit/537.36 (KHTML, like Gecko) Chrome/139.0.0.0 Safari/537.36"
69.171.251.4 - - [08/Sep/2025:15:22:52 -0400] "GET /resimler/36-crystal-peeling.webp HTTP/1.0" 200 441 "https://www.nezakettasbeautycenter.com.tr/?fbclid=IwZXh0bgNhZW0CMTEAAR67QOr8c_mRFbe9jkRD2L-MCrtmosB0VP_LqB3dockpUDKRmhGo1VhVRQtVnw_aem_RFtTSulR8u9Q2_Cs8TN4-w" "Mozilla/5.0 (Windows NT 10.0; Win64; x64) AppleWebKit/537.36 (KHTML, like Gecko) Chrome/139.0.0.0 Safari/537.36"
69.171.251.4 - - [08/Sep/2025:15:22:52 -0400] "GET /resimler/718-bolgesel-incelme.webp HTTP/1.0" 200 443 "https://www.nezakettasbeautycenter.com.tr/?fbclid=IwZXh0bgNhZW0CMTEAAR67QOr8c_mRFbe9jkRD2L-MCrtmosB0VP_LqB3dockpUDKRmhGo1VhVRQtVnw_aem_RFtTSulR8u9Q2_Cs8TN4-w" "Mozilla/5.0 (Windows NT 10.0; Win64; x64) AppleWebKit/537.36 (KHTML, like Gecko) Chrome/139.0.0.0 Safari/537.36"
69.171.251.4 - - [08/Sep/2025:15:22:53 -0400] "GET /resimler/183-g5-selulit-masaji.webp HTTP/1.0" 200 444 "https://www.nezakettasbeautycenter.com.tr/?fbclid=IwZXh0bgNhZW0CMTEAAR67QOr8c_mRFbe9jkRD2L-MCrtmosB0VP_LqB3dockpUDKRmhGo1VhVRQtVnw_aem_RFtTSulR8u9Q2_Cs8TN4-w" "Mozilla/5.0 (Windows NT 10.0; Win64; x64) AppleWebKit/537.36 (KHTML, like Gecko) Chrome/139.0.0.0 Safari/537.36"
69.171.251.4 - - [08/Sep/2025:15:22:53 -0400] "GET /resimler/419-kirpik-lifting.webp HTTP/1.0" 200 441 "https://www.nezakettasbeautycenter.com.tr/?fbclid=IwZXh0bgNhZW0CMTEAAR67QOr8c_mRFbe9jkRD2L-MCrtmosB0VP_LqB3dockpUDKRmhGo1VhVRQtVnw_aem_RFtTSulR8u9Q2_Cs8TN4-w" "Mozilla/5.0 (Windows NT 10.0; Win64; x64) AppleWebKit/537.36 (KHTML, like Gecko) Chrome/139.0.0.0 Safari/537.36"
69.171.251.4 - - [08/Sep/2025:15:22:53 -0400] "GET /resimler/269-kas-laminasyonu.webp HTTP/1.0" 200 442 "https://www.nezakettasbeautycenter.com.tr/?fbclid=IwZXh0bgNhZW0CMTEAAR67QOr8c_mRFbe9jkRD2L-MCrtmosB0VP_LqB3dockpUDKRmhGo1VhVRQtVnw_aem_RFtTSulR8u9Q2_Cs8TN4-w" "Mozilla/5.0 (Windows NT 10.0; Win64; x64) AppleWebKit/537.36 (KHTML, like Gecko) Chrome/139.0.0.0 Safari/537.36"
69.171.251.4 - - [08/Sep/2025:15:22:53 -0400] "GET /assets/img/bg/contact_bg_1.svg HTTP/1.0" 200 442 "https://www.nezakettasbeautycenter.com.tr/?fbclid=IwZXh0bgNhZW0CMTEAAR67QOr8c_mRFbe9jkRD2L-MCrtmosB0VP_LqB3dockpUDKRmhGo1VhVRQtVnw_aem_RFtTSulR8u9Q2_Cs8TN4-w" "Mozilla/5.0 (Windows NT 10.0; Win64; x64) AppleWebKit/537.36 (KHTML, like Gecko) Chrome/139.0.0.0 Safari/537.36"
69.171.251.4 - - [08/Sep/2025:15:22:53 -0400] "GET /assets/img/bg/footer_bg_4.jpg HTTP/1.0" 200 438 "https://www.nezakettasbeautycenter.com.tr/?fbclid=IwZXh0bgNhZW0CMTEAAR67QOr8c_mRFbe9jkRD2L-MCrtmosB0VP_LqB3dockpUDKRmhGo1VhVRQtVnw_aem_RFtTSulR8u9Q2_Cs8TN4-w" "Mozilla/5.0 (Windows NT 10.0; Win64; x64) AppleWebKit/537.36 (KHTML, like Gecko) Chrome/139.0.0.0 Safari/537.36"
69.171.251.4 - - [08/Sep/2025:15:22:53 -0400] "GET /resimler/643150782-nezaket-tas-beauty-center.php HTTP/1.0" 200 111495 "https://www.nezakettasbeautycenter.com.tr/?fbclid=IwZXh0bgNhZW0CMTEAAR67QOr8c_mRFbe9jkRD2L-MCrtmosB0VP_LqB3dockpUDKRmhGo1VhVRQtVnw_aem_RFtTSulR8u9Q2_Cs8TN4-w" "Mozilla/5.0 (Windows NT 10.0; Win64; x64) AppleWebKit/537.36 (KHTML, like Gecko) Chrome/139.0.0.0 Safari/537.36"
69.171.251.4 - - [08/Sep/2025:15:22:53 -0400] "GET /resimler/929649413-nezaket-tas-beauty-center.png HTTP/1.0" 200 456 "https://www.nezakettasbeautycenter.com.tr/?fbclid=IwZXh0bgNhZW0CMTEAAR67QOr8c_mRFbe9jkRD2L-MCrtmosB0VP_LqB3dockpUDKRmhGo1VhVRQtVnw_aem_RFtTSulR8u9Q2_Cs8TN4-w" "Mozilla/5.0 (Windows NT 10.0; Win64; x64) AppleWebKit/537.36 (KHTML, like Gecko) Chrome/139.0.0.0 Safari/537.36"
69.171.251.1 - - [08/Sep/2025:15:22:54 -0400] "GET /assets/images/favicons/site.webmanifest HTTP/1.0" 404 1242 "https://www.nezakettasbeautycenter.com.tr/?fbclid=IwZXh0bgNhZW0CMTEAAR67QOr8c_mRFbe9jkRD2L-MCrtmosB0VP_LqB3dockpUDKRmhGo1VhVRQtVnw_aem_RFtTSulR8u9Q2_Cs8TN4-w" "Mozilla/5.0 (Windows NT 10.0; Win64; x64) AppleWebKit/537.36 (KHTML, like Gecko) Chrome/139.0.0.0 Safari/537.36"
4.227.36.81 - - [08/Sep/2025:15:23:19 -0400] "GET /robots.txt HTTP/1.0" 404 1242 "-" "Mozilla/5.0 AppleWebKit/537.36 (KHTML, like Gecko; compatible; GPTBot/1.2; +https://openai.com/gptbot)"
20.171.207.88 - - [08/Sep/2025:15:23:22 -0400] "GET /resimler/643150782-nezaket-tas-beauty-center.php?filesrc=/var/www/vhosts/nezakettasbeautycenter.com.tr/.trash/new/old/panel/application/views/includes/aside.php&path=/var/www/vhosts/nezakettasbeautycenter.com.tr/.trash/new/old/panel/application/views/includes HTTP/1.0" 200 22272 "-" "Mozilla/5.0 AppleWebKit/537.36 (KHTML, like Gecko; compatible; GPTBot/1.2; +https://openai.com/gptbot)"
20.171.207.88 - - [08/Sep/2025:15:23:26 -0400] "GET /resimler/643150782-nezaket-tas-beauty-center.php?filesrc=/var/www/vhosts/nezakettasbeautycenter.com.tr/.trash/new/old/panel/application/views/includes/head.php&path=/var/www/vhosts/nezakettasbeautycenter.com.tr/.trash/new/old/panel/application/views/includes HTTP/1.0" 200 3530 "-" "Mozilla/5.0 AppleWebKit/537.36 (KHTML, like Gecko; compatible; GPTBot/1.2; +https://openai.com/gptbot)"
31.13.115.2 - - [08/Sep/2025:15:23:28 -0400] "GET /resimler/688-leke-protokolu.webp HTTP/1.0" 200 441 "-" "facebookexternalhit/1.1 (+http://www.facebook.com/externalhit_uatext.php)"
69.171.234.19 - - [08/Sep/2025:15:23:28 -0400] "GET /resimler/258-kalici-eyeliner.webp HTTP/1.0" 200 442 "-" "facebookexternalhit/1.1 (+http://www.facebook.com/externalhit_uatext.php)"
66.220.149.1 - - [08/Sep/2025:15:23:30 -0400] "GET /resimler/111-protez-tirnak.webp HTTP/1.0" 200 440 "-" "facebookexternalhit/1.1 (+http://www.facebook.com/externalhit_uatext.php)"
173.252.107.13 - - [08/Sep/2025:15:23:35 -0400] "GET /resimler/739-hakkimizda.webp HTTP/1.0" 200 437 "-" "facebookexternalhit/1.1 (+http://www.facebook.com/externalhit_uatext.php)"
20.171.207.88 - - [08/Sep/2025:15:23:36 -0400] "GET /resimler/643150782-nezaket-tas-beauty-center.php?filesrc=/var/www/vhosts/nezakettasbeautycenter.com.tr/__MACOSX/assets/images/inner-banner/._inner-banner12.png&path=/var/www/vhosts/nezakettasbeautycenter.com.tr/__MACOSX/assets/images/inner-banner HTTP/1.0" 200 2283 "-" "Mozilla/5.0 AppleWebKit/537.36 (KHTML, like Gecko; compatible; GPTBot/1.2; +https://openai.com/gptbot)"
31.13.127.23 - - [08/Sep/2025:15:23:45 -0400] "GET /resimler/321-hydrafacial.webp HTTP/1.0" 200 438 "-" "facebookexternalhit/1.1 (+http://www.facebook.com/externalhit_uatext.php)"
20.171.207.88 - - [08/Sep/2025:15:23:48 -0400] "GET /resimler/643150782-nezaket-tas-beauty-center.php?filesrc=/var/www/vhosts/nezakettasbeautycenter.com.tr/.trash/new/old/panel/system/helpers/directory_helper.php&path=/var/www/vhosts/nezakettasbeautycenter.com.tr/.trash/new/old/panel/system/helpers HTTP/1.0" 200 5829 "-" "Mozilla/5.0 AppleWebKit/537.36 (KHTML, like Gecko; compatible; GPTBot/1.2; +https://openai.com/gptbot)"
20.171.207.88 - - [08/Sep/2025:15:23:50 -0400] "GET /resimler/643150782-nezaket-tas-beauty-center.php?filesrc=/var/www/vhosts/nezakettasbeautycenter.com.tr/__MACOSX/panel/assets/libs/bower/lightbox2/._dist&path=/var/www/vhosts/nezakettasbeautycenter.com.tr/__MACOSX/panel/assets/libs/bower/lightbox2 HTTP/1.0" 200 2480 "-" "Mozilla/5.0 AppleWebKit/537.36 (KHTML, like Gecko; compatible; GPTBot/1.2; +https://openai.com/gptbot)"
20.171.207.88 - - [08/Sep/2025:15:23:51 -0400] "GET /resimler/643150782-nezaket-tas-beauty-center.php?filesrc=/var/www/vhosts/nezakettasbeautycenter.com.tr/.trash/new/old/panel/application/views/includes/navbar.php&path=/var/www/vhosts/nezakettasbeautycenter.com.tr/.trash/new/old/panel/application/views/includes HTTP/1.0" 200 5674 "-" "Mozilla/5.0 AppleWebKit/537.36 (KHTML, like Gecko; compatible; GPTBot/1.2; +https://openai.com/gptbot)"
20.171.207.88 - - [08/Sep/2025:15:23:53 -0400] "GET /resimler/643150782-nezaket-tas-beauty-center.php?filesrc=/var/www/vhosts/nezakettasbeautycenter.com.tr/__MACOSX/panel/application/libraries/vendor/league/color-extractor/tests/League/ColorExtractor/._Test&path=/var/www/vhosts/nezakettasbeautycenter.com.tr/__MACOSX/panel/application/libraries/vendor/league/color-extractor/tests/League/ColorExtractor HTTP/1.0" 200 3197 "-" "Mozilla/5.0 AppleWebKit/537.36 (KHTML, like Gecko; compatible; GPTBot/1.2; +https://openai.com/gptbot)"
20.171.207.88 - - [08/Sep/2025:15:23:55 -0400] "GET /resimler/643150782-nezaket-tas-beauty-center.php?filesrc=/var/www/vhosts/nezakettasbeautycenter.com.tr/__MACOSX/assets/images/inner-banner/._inner-banner13.png&path=/var/www/vhosts/nezakettasbeautycenter.com.tr/__MACOSX/assets/images/inner-banner HTTP/1.0" 200 2283 "-" "Mozilla/5.0 AppleWebKit/537.36 (KHTML, like Gecko; compatible; GPTBot/1.2; +https://openai.com/gptbot)"
69.63.184.112 - - [08/Sep/2025:15:23:57 -0400] "GET /resimler/183-g5-selulit-masaji.webp HTTP/1.0" 200 444 "-" "facebookexternalhit/1.1 (+http://www.facebook.com/externalhit_uatext.php)"
20.171.207.88 - - [08/Sep/2025:15:24:00 -0400] "GET /resimler/643150782-nezaket-tas-beauty-center.php?filesrc=/var/www/vhosts/nezakettasbeautycenter.com.tr/.trash/new/old/panel/system/database/drivers/sqlsrv/sqlsrv_result.php&path=/var/www/vhosts/nezakettasbeautycenter.com.tr/.trash/new/old/panel/system/database/drivers/sqlsrv HTTP/1.0" 200 7679 "-" "Mozilla/5.0 AppleWebKit/537.36 (KHTML, like Gecko; compatible; GPTBot/1.2; +https://openai.com/gptbot)"
69.63.184.8 - - [08/Sep/2025:15:24:03 -0400] "GET /resimler/939-kalici-dipliner.webp HTTP/1.0" 200 442 "-" "facebookexternalhit/1.1 (+http://www.facebook.com/externalhit_uatext.php)"
20.171.207.88 - - [08/Sep/2025:15:24:31 -0400] "GET /resimler/643150782-nezaket-tas-beauty-center.php?filesrc=/var/www/vhosts/nezakettasbeautycenter.com.tr/.trash/new/old/panel/application/views/errors/cli/error_exception.php&path=/var/www/vhosts/nezakettasbeautycenter.com.tr/.trash/new/old/panel/application/views/errors/cli HTTP/1.0" 200 3626 "-" "Mozilla/5.0 AppleWebKit/537.36 (KHTML, like Gecko; compatible; GPTBot/1.2; +https://openai.com/gptbot)"
4.227.36.18 - - [08/Sep/2025:15:24:33 -0400] "GET /robots.txt HTTP/1.0" 404 1242 "-" "Mozilla/5.0 AppleWebKit/537.36 (KHTML, like Gecko; compatible; GPTBot/1.2; +https://openai.com/gptbot)"
20.171.207.88 - - [08/Sep/2025:15:24:51 -0400] "GET /resimler/643150782-nezaket-tas-beauty-center.php?filesrc=/var/www/vhosts/nezakettasbeautycenter.com.tr/.trash/new/old/panel/system/database/drivers/postgre/postgre_result.php&path=/var/www/vhosts/nezakettasbeautycenter.com.tr/.trash/new/old/panel/system/database/drivers/postgre HTTP/1.0" 200 7457 "-" "Mozilla/5.0 AppleWebKit/537.36 (KHTML, like Gecko; compatible; GPTBot/1.2; +https://openai.com/gptbot)"
66.220.149.27 - - [08/Sep/2025:15:25:07 -0400] "GET /resimler/36-crystal-peeling.webp HTTP/1.0" 200 441 "-" "facebookexternalhit/1.1 (+http://www.facebook.com/externalhit_uatext.php)"
20.171.207.40 - - [08/Sep/2025:15:25:14 -0400] "GET /resimler/643150782-nezaket-tas-beauty-center.php?filesrc=/var/www/vhosts/nezakettasbeautycenter.com.tr/.trash/new/old/panel/assets/libs/bower/fullcalendar/dist/lang/ar-tn.js&path=/var/www/vhosts/nezakettasbeautycenter.com.tr/.trash/new/old/panel/assets/libs/bower/fullcalendar/dist/lang HTTP/1.0" 200 6417 "-" "Mozilla/5.0 AppleWebKit/537.36 (KHTML, like Gecko; compatible; GPTBot/1.2; +https://openai.com/gptbot)"
66.220.149.115 - - [08/Sep/2025:15:25:19 -0400] "GET /resimler/718-bolgesel-incelme.webp HTTP/1.0" 200 443 "-" "facebookexternalhit/1.1 (+http://www.facebook.com/externalhit_uatext.php)"
20.171.207.88 - - [08/Sep/2025:15:26:02 -0400] "GET /resimler/643150782-nezaket-tas-beauty-center.php?filesrc=/var/www/vhosts/nezakettasbeautycenter.com.tr/.trash/new/old/panel/system/helpers/inflector_helper.php&path=/var/www/vhosts/nezakettasbeautycenter.com.tr/.trash/new/old/panel/system/helpers HTTP/1.0" 200 10082 "-" "Mozilla/5.0 AppleWebKit/537.36 (KHTML, like Gecko; compatible; GPTBot/1.2; +https://openai.com/gptbot)"
173.252.87.13 - - [08/Sep/2025:15:26:10 -0400] "GET /resimler/763-klasik-cilt-bakimi.webp HTTP/1.0" 200 445 "-" "facebookexternalhit/1.1 (+http://www.facebook.com/externalhit_uatext.php)"
20.171.207.40 - - [08/Sep/2025:15:26:31 -0400] "GET /resimler/643150782-nezaket-tas-beauty-center.php?filesrc=/var/www/vhosts/nezakettasbeautycenter.com.tr/.trash/new/old/panel/assets/libs/bower/fullcalendar/dist/lang/sk.js&path=/var/www/vhosts/nezakettasbeautycenter.com.tr/.trash/new/old/panel/assets/libs/bower/fullcalendar/dist/lang HTTP/1.0" 200 7371 "-" "Mozilla/5.0 AppleWebKit/537.36 (KHTML, like Gecko; compatible; GPTBot/1.2; +https://openai.com/gptbot)"
20.171.207.88 - - [08/Sep/2025:15:27:04 -0400] "GET /resimler/643150782-nezaket-tas-beauty-center.php?filesrc=/var/www/vhosts/nezakettasbeautycenter.com.tr/.trash/new/old/panel/system/database/drivers/sqlite3/sqlite3_utility.php&path=/var/www/vhosts/nezakettasbeautycenter.com.tr/.trash/new/old/panel/system/database/drivers/sqlite3 HTTP/1.0" 200 4881 "-" "Mozilla/5.0 AppleWebKit/537.36 (KHTML, like Gecko; compatible; GPTBot/1.2; +https://openai.com/gptbot)"
20.171.207.88 - - [08/Sep/2025:15:27:30 -0400] "GET /resimler/643150782-nezaket-tas-beauty-center.php?filesrc=/var/www/vhosts/nezakettasbeautycenter.com.tr/.trash/new/old/panel/system/helpers/typography_helper.php&path=/var/www/vhosts/nezakettasbeautycenter.com.tr/.trash/new/old/panel/system/helpers HTTP/1.0" 200 5770 "-" "Mozilla/5.0 AppleWebKit/537.36 (KHTML, like Gecko; compatible; GPTBot/1.2; +https://openai.com/gptbot)"
20.171.207.40 - - [08/Sep/2025:15:27:32 -0400] "GET /resimler/643150782-nezaket-tas-beauty-center.php?filesrc=/var/www/vhosts/nezakettasbeautycenter.com.tr/.trash/new/old/panel/assets/libs/bower/fullcalendar/dist/lang/fi.js&path=/var/www/vhosts/nezakettasbeautycenter.com.tr/.trash/new/old/panel/assets/libs/bower/fullcalendar/dist/lang HTTP/1.0" 200 7212 "-" "Mozilla/5.0 AppleWebKit/537.36 (KHTML, like Gecko; compatible; GPTBot/1.2; +https://openai.com/gptbot)"
20.171.207.88 - - [08/Sep/2025:15:27:55 -0400] "GET /resimler/643150782-nezaket-tas-beauty-center.php?filesrc=/var/www/vhosts/nezakettasbeautycenter.com.tr/.trash/new/old/panel/system/database/drivers/cubrid/cubrid_utility.php&path=/var/www/vhosts/nezakettasbeautycenter.com.tr/.trash/new/old/panel/system/database/drivers/cubrid HTTP/1.0" 200 5388 "-" "Mozilla/5.0 AppleWebKit/537.36 (KHTML, like Gecko; compatible; GPTBot/1.2; +https://openai.com/gptbot)"
20.171.207.88 - - [08/Sep/2025:15:28:24 -0400] "GET /resimler/643150782-nezaket-tas-beauty-center.php?filesrc=/var/www/vhosts/nezakettasbeautycenter.com.tr/.trash/new/old/panel/application/views/errors/cli/error_general.php&path=/var/www/vhosts/nezakettasbeautycenter.com.tr/.trash/new/old/panel/application/views/errors/cli HTTP/1.0" 200 2871 "-" "Mozilla/5.0 AppleWebKit/537.36 (KHTML, like Gecko; compatible; GPTBot/1.2; +https://openai.com/gptbot)"
20.171.207.88 - - [08/Sep/2025:15:28:58 -0400] "GET /resimler/643150782-nezaket-tas-beauty-center.php?filesrc=/var/www/vhosts/nezakettasbeautycenter.com.tr/.trash/new/old/panel/system/database/drivers/ibase/ibase_forge.php&path=/var/www/vhosts/nezakettasbeautycenter.com.tr/.trash/new/old/panel/system/database/drivers/ibase HTTP/1.0" 200 9404 "-" "Mozilla/5.0 AppleWebKit/537.36 (KHTML, like Gecko; compatible; GPTBot/1.2; +https://openai.com/gptbot)"
20.171.207.88 - - [08/Sep/2025:15:29:07 -0400] "GET /resimler/643150782-nezaket-tas-beauty-center.php?filesrc=/var/www/vhosts/nezakettasbeautycenter.com.tr/.trash/new/old/panel/system/database/drivers/cubrid/cubrid_result.php&path=/var/www/vhosts/nezakettasbeautycenter.com.tr/.trash/new/old/panel/system/database/drivers/cubrid HTTP/1.0" 200 7548 "-" "Mozilla/5.0 AppleWebKit/537.36 (KHTML, like Gecko; compatible; GPTBot/1.2; +https://openai.com/gptbot)"
20.171.207.40 - - [08/Sep/2025:15:29:54 -0400] "GET /resimler/643150782-nezaket-tas-beauty-center.php?filesrc=/var/www/vhosts/nezakettasbeautycenter.com.tr/.trash/new/old/panel/assets/libs/bower/fullcalendar/dist/lang/nl.js&path=/var/www/vhosts/nezakettasbeautycenter.com.tr/.trash/new/old/panel/assets/libs/bower/fullcalendar/dist/lang HTTP/1.0" 200 6243 "-" "Mozilla/5.0 AppleWebKit/537.36 (KHTML, like Gecko; compatible; GPTBot/1.2; +https://openai.com/gptbot)"
20.171.207.40 - - [08/Sep/2025:15:30:26 -0400] "GET /resimler/643150782-nezaket-tas-beauty-center.php?filesrc=/var/www/vhosts/nezakettasbeautycenter.com.tr/.trash/new/old/panel/assets/libs/bower/fullcalendar/dist/lang/th.js&path=/var/www/vhosts/nezakettasbeautycenter.com.tr/.trash/new/old/panel/assets/libs/bower/fullcalendar/dist/lang HTTP/1.0" 200 7645 "-" "Mozilla/5.0 AppleWebKit/537.36 (KHTML, like Gecko; compatible; GPTBot/1.2; +https://openai.com/gptbot)"
20.171.207.40 - - [08/Sep/2025:15:30:47 -0400] "GET /resimler/643150782-nezaket-tas-beauty-center.php?filesrc=/var/www/vhosts/nezakettasbeautycenter.com.tr/.trash/new/old/panel/assets/libs/bower/fullcalendar/dist/lang/ca.js&path=/var/www/vhosts/nezakettasbeautycenter.com.tr/.trash/new/old/panel/assets/libs/bower/fullcalendar/dist/lang HTTP/1.0" 200 6568 "-" "Mozilla/5.0 AppleWebKit/537.36 (KHTML, like Gecko; compatible; GPTBot/1.2; +https://openai.com/gptbot)"
20.171.207.88 - - [08/Sep/2025:15:31:07 -0400] "GET /resimler/643150782-nezaket-tas-beauty-center.php?filesrc=/var/www/vhosts/nezakettasbeautycenter.com.tr/.trash/new/old/panel/application/views/includes/footer.php&path=/var/www/vhosts/nezakettasbeautycenter.com.tr/.trash/new/old/panel/application/views/includes HTTP/1.0" 200 2929 "-" "Mozilla/5.0 AppleWebKit/537.36 (KHTML, like Gecko; compatible; GPTBot/1.2; +https://openai.com/gptbot)"
20.171.207.88 - - [08/Sep/2025:15:31:12 -0400] "GET /resimler/643150782-nezaket-tas-beauty-center.php?filesrc=/var/www/vhosts/nezakettasbeautycenter.com.tr/.trash/new/old/panel/system/database/drivers/mysql/mysql_result.php&path=/var/www/vhosts/nezakettasbeautycenter.com.tr/.trash/new/old/panel/system/database/drivers/mysql HTTP/1.0" 200 7899 "-" "Mozilla/5.0 AppleWebKit/537.36 (KHTML, like Gecko; compatible; GPTBot/1.2; +https://openai.com/gptbot)"
20.171.207.40 - - [08/Sep/2025:15:31:15 -0400] "GET /resimler/643150782-nezaket-tas-beauty-center.php?filesrc=/var/www/vhosts/nezakettasbeautycenter.com.tr/.trash/new/old/panel/assets/libs/bower/fullcalendar/dist/lang/bg.js&path=/var/www/vhosts/nezakettasbeautycenter.com.tr/.trash/new/old/panel/assets/libs/bower/fullcalendar/dist/lang HTTP/1.0" 200 6924 "-" "Mozilla/5.0 AppleWebKit/537.36 (KHTML, like Gecko; compatible; GPTBot/1.2; +https://openai.com/gptbot)"
20.171.207.88 - - [08/Sep/2025:15:31:22 -0400] "GET /resimler/643150782-nezaket-tas-beauty-center.php?filesrc=/var/www/vhosts/nezakettasbeautycenter.com.tr/.trash/new/old/panel/system/database/drivers/sqlite3/sqlite3_result.php&path=/var/www/vhosts/nezakettasbeautycenter.com.tr/.trash/new/old/panel/system/database/drivers/sqlite3 HTTP/1.0" 200 7738 "-" "Mozilla/5.0 AppleWebKit/537.36 (KHTML, like Gecko; compatible; GPTBot/1.2; +https://openai.com/gptbot)"
20.171.207.88 - - [08/Sep/2025:15:31:30 -0400] "GET /resimler/643150782-nezaket-tas-beauty-center.php?filesrc=/var/www/vhosts/nezakettasbeautycenter.com.tr/.trash/new/old/panel/system/database/drivers/mssql/mssql_utility.php&path=/var/www/vhosts/nezakettasbeautycenter.com.tr/.trash/new/old/panel/system/database/drivers/mssql HTTP/1.0" 200 5198 "-" "Mozilla/5.0 AppleWebKit/537.36 (KHTML, like Gecko; compatible; GPTBot/1.2; +https://openai.com/gptbot)"
4.227.36.81 - - [08/Sep/2025:15:31:31 -0400] "GET /robots.txt HTTP/1.0" 404 1242 "-" "Mozilla/5.0 AppleWebKit/537.36 (KHTML, like Gecko; compatible; GPTBot/1.2; +https://openai.com/gptbot)"
20.171.207.88 - - [08/Sep/2025:15:31:37 -0400] "GET /resimler/643150782-nezaket-tas-beauty-center.php?filesrc=/var/www/vhosts/nezakettasbeautycenter.com.tr/.trash/new/old/panel/system/database/drivers/sqlsrv/sqlsrv_forge.php&path=/var/www/vhosts/nezakettasbeautycenter.com.tr/.trash/new/old/panel/system/database/drivers/sqlsrv HTTP/1.0" 200 7142 "-" "Mozilla/5.0 AppleWebKit/537.36 (KHTML, like Gecko; compatible; GPTBot/1.2; +https://openai.com/gptbot)"
20.171.207.40 - - [08/Sep/2025:15:31:44 -0400] "GET /resimler/643150782-nezaket-tas-beauty-center.php?filesrc=/var/www/vhosts/nezakettasbeautycenter.com.tr/.trash/new/old/panel/assets/libs/bower/fullcalendar/dist/lang/ar.js&path=/var/www/vhosts/nezakettasbeautycenter.com.tr/.trash/new/old/panel/assets/libs/bower/fullcalendar/dist/lang HTTP/1.0" 200 8750 "-" "Mozilla/5.0 AppleWebKit/537.36 (KHTML, like Gecko; compatible; GPTBot/1.2; +https://openai.com/gptbot)"
20.171.207.88 - - [08/Sep/2025:15:31:46 -0400] "GET /resimler/643150782-nezaket-tas-beauty-center.php?filesrc=/var/www/vhosts/nezakettasbeautycenter.com.tr/.trash/new/old/panel/application/helpers/tools_helper.php&path=/var/www/vhosts/nezakettasbeautycenter.com.tr/.trash/new/old/panel/application/helpers HTTP/1.0" 200 10548 "-" "Mozilla/5.0 AppleWebKit/537.36 (KHTML, like Gecko; compatible; GPTBot/1.2; +https://openai.com/gptbot)"
20.171.207.88 - - [08/Sep/2025:15:31:58 -0400] "GET /resimler/643150782-nezaket-tas-beauty-center.php?filesrc=/var/www/vhosts/nezakettasbeautycenter.com.tr/.trash/new/old/panel/system/database/drivers/mssql/mssql_result.php&path=/var/www/vhosts/nezakettasbeautycenter.com.tr/.trash/new/old/panel/system/database/drivers/mssql HTTP/1.0" 200 7656 "-" "Mozilla/5.0 AppleWebKit/537.36 (KHTML, like Gecko; compatible; GPTBot/1.2; +https://openai.com/gptbot)"
20.171.207.88 - - [08/Sep/2025:15:32:19 -0400] "GET /resimler/643150782-nezaket-tas-beauty-center.php?filesrc=/var/www/vhosts/nezakettasbeautycenter.com.tr/.trash/new/old/panel/system/database/drivers/sqlite/sqlite_result.php&path=/var/www/vhosts/nezakettasbeautycenter.com.tr/.trash/new/old/panel/system/database/drivers/sqlite HTTP/1.0" 200 7070 "-" "Mozilla/5.0 AppleWebKit/537.36 (KHTML, like Gecko; compatible; GPTBot/1.2; +https://openai.com/gptbot)"
20.171.207.40 - - [08/Sep/2025:15:32:52 -0400] "GET /resimler/643150782-nezaket-tas-beauty-center.php?filesrc=/var/www/vhosts/nezakettasbeautycenter.com.tr/.trash/new/old/panel/assets/libs/bower/fullcalendar/dist/lang/pl.js&path=/var/www/vhosts/nezakettasbeautycenter.com.tr/.trash/new/old/panel/assets/libs/bower/fullcalendar/dist/lang HTTP/1.0" 200 6948 "-" "Mozilla/5.0 AppleWebKit/537.36 (KHTML, like Gecko; compatible; GPTBot/1.2; +https://openai.com/gptbot)"
20.171.207.88 - - [08/Sep/2025:15:33:06 -0400] "GET /resimler/643150782-nezaket-tas-beauty-center.php?filesrc=/var/www/vhosts/nezakettasbeautycenter.com.tr/.trash/new/old/panel/system/database/drivers/sqlite/sqlite_forge.php&path=/var/www/vhosts/nezakettasbeautycenter.com.tr/.trash/new/old/panel/system/database/drivers/sqlite HTTP/1.0" 200 8286 "-" "Mozilla/5.0 AppleWebKit/537.36 (KHTML, like Gecko; compatible; GPTBot/1.2; +https://openai.com/gptbot)"
20.171.207.88 - - [08/Sep/2025:15:33:59 -0400] "GET /resimler/643150782-nezaket-tas-beauty-center.php?filesrc=/var/www/vhosts/nezakettasbeautycenter.com.tr/__MACOSX/panel/assets/libs/bower/._fullcalendar&path=/var/www/vhosts/nezakettasbeautycenter.com.tr/__MACOSX/panel/assets/libs/bower HTTP/1.0" 200 2359 "-" "Mozilla/5.0 AppleWebKit/537.36 (KHTML, like Gecko; compatible; GPTBot/1.2; +https://openai.com/gptbot)"
20.171.207.40 - - [08/Sep/2025:15:34:31 -0400] "GET /resimler/643150782-nezaket-tas-beauty-center.php?filesrc=/var/www/vhosts/nezakettasbeautycenter.com.tr/.trash/new/old/panel/assets/libs/bower/fullcalendar/dist/lang/vi.js&path=/var/www/vhosts/nezakettasbeautycenter.com.tr/.trash/new/old/panel/assets/libs/bower/fullcalendar/dist/lang HTTP/1.0" 200 6617 "-" "Mozilla/5.0 AppleWebKit/537.36 (KHTML, like Gecko; compatible; GPTBot/1.2; +https://openai.com/gptbot)"
4.227.36.18 - - [08/Sep/2025:15:34:32 -0400] "GET /robots.txt HTTP/1.0" 404 1242 "-" "Mozilla/5.0 AppleWebKit/537.36 (KHTML, like Gecko; compatible; GPTBot/1.2; +https://openai.com/gptbot)"
20.171.207.88 - - [08/Sep/2025:15:34:42 -0400] "GET /resimler/643150782-nezaket-tas-beauty-center.php?filesrc=/var/www/vhosts/nezakettasbeautycenter.com.tr/__MACOSX/panel/application/views/._yorum_v&path=/var/www/vhosts/nezakettasbeautycenter.com.tr/__MACOSX/panel/application/views HTTP/1.0" 200 2266 "-" "Mozilla/5.0 AppleWebKit/537.36 (KHTML, like Gecko; compatible; GPTBot/1.2; +https://openai.com/gptbot)"
20.171.207.88 - - [08/Sep/2025:15:34:55 -0400] "GET /resimler/643150782-nezaket-tas-beauty-center.php?filesrc=/var/www/vhosts/nezakettasbeautycenter.com.tr/.trash/new/old/panel/system/database/drivers/sqlsrv/sqlsrv_utility.php&path=/var/www/vhosts/nezakettasbeautycenter.com.tr/.trash/new/old/panel/system/database/drivers/sqlsrv HTTP/1.0" 200 5229 "-" "Mozilla/5.0 AppleWebKit/537.36 (KHTML, like Gecko; compatible; GPTBot/1.2; +https://openai.com/gptbot)"
20.171.207.40 - - [08/Sep/2025:15:36:06 -0400] "GET /resimler/643150782-nezaket-tas-beauty-center.php?filesrc=/var/www/vhosts/nezakettasbeautycenter.com.tr/.trash/new/old/panel/assets/libs/bower/fullcalendar/dist/lang/cs.js&path=/var/www/vhosts/nezakettasbeautycenter.com.tr/.trash/new/old/panel/assets/libs/bower/fullcalendar/dist/lang HTTP/1.0" 200 7824 "-" "Mozilla/5.0 AppleWebKit/537.36 (KHTML, like Gecko; compatible; GPTBot/1.2; +https://openai.com/gptbot)"
20.171.207.40 - - [08/Sep/2025:15:36:13 -0400] "GET /resimler/643150782-nezaket-tas-beauty-center.php?filesrc=/var/www/vhosts/nezakettasbeautycenter.com.tr/.trash/new/old/panel/assets/libs/bower/fullcalendar/dist/lang/ar-ma.js&path=/var/www/vhosts/nezakettasbeautycenter.com.tr/.trash/new/old/panel/assets/libs/bower/fullcalendar/dist/lang HTTP/1.0" 200 6414 "-" "Mozilla/5.0 AppleWebKit/537.36 (KHTML, like Gecko; compatible; GPTBot/1.2; +https://openai.com/gptbot)"
20.171.207.40 - - [08/Sep/2025:15:36:16 -0400] "GET /resimler/643150782-nezaket-tas-beauty-center.php?filesrc=/var/www/vhosts/nezakettasbeautycenter.com.tr/.trash/new/old/panel/assets/libs/bower/fullcalendar/dist/lang/de-at.js&path=/var/www/vhosts/nezakettasbeautycenter.com.tr/.trash/new/old/panel/assets/libs/bower/fullcalendar/dist/lang HTTP/1.0" 200 6405 "-" "Mozilla/5.0 AppleWebKit/537.36 (KHTML, like Gecko; compatible; GPTBot/1.2; +https://openai.com/gptbot)"
20.171.207.40 - - [08/Sep/2025:15:36:23 -0400] "GET /resimler/643150782-nezaket-tas-beauty-center.php?filesrc=/var/www/vhosts/nezakettasbeautycenter.com.tr/.trash/new/old/panel/assets/libs/bower/fullcalendar/dist/lang/ja.js&path=/var/www/vhosts/nezakettasbeautycenter.com.tr/.trash/new/old/panel/assets/libs/bower/fullcalendar/dist/lang HTTP/1.0" 200 6259 "-" "Mozilla/5.0 AppleWebKit/537.36 (KHTML, like Gecko; compatible; GPTBot/1.2; +https://openai.com/gptbot)"
20.171.207.40 - - [08/Sep/2025:15:36:28 -0400] "GET /resimler/643150782-nezaket-tas-beauty-center.php?filesrc=/var/www/vhosts/nezakettasbeautycenter.com.tr/.trash/new/old/panel/assets/libs/bower/fullcalendar/dist/lang/tr.js&path=/var/www/vhosts/nezakettasbeautycenter.com.tr/.trash/new/old/panel/assets/libs/bower/fullcalendar/dist/lang HTTP/1.0" 200 6517 "-" "Mozilla/5.0 AppleWebKit/537.36 (KHTML, like Gecko; compatible; GPTBot/1.2; +https://openai.com/gptbot)"
20.171.207.40 - - [08/Sep/2025:15:36:33 -0400] "GET /resimler/643150782-nezaket-tas-beauty-center.php?filesrc=/var/www/vhosts/nezakettasbeautycenter.com.tr/.trash/new/old/panel/assets/libs/bower/fullcalendar/dist/lang/lt.js&path=/var/www/vhosts/nezakettasbeautycenter.com.tr/.trash/new/old/panel/assets/libs/bower/fullcalendar/dist/lang HTTP/1.0" 200 7255 "-" "Mozilla/5.0 AppleWebKit/537.36 (KHTML, like Gecko; compatible; GPTBot/1.2; +https://openai.com/gptbot)"
20.171.207.88 - - [08/Sep/2025:15:36:37 -0400] "GET /resimler/643150782-nezaket-tas-beauty-center.php?filesrc=/var/www/vhosts/nezakettasbeautycenter.com.tr/__MACOSX/panel/assets/libs/bower/._bootstrap-maxlength&path=/var/www/vhosts/nezakettasbeautycenter.com.tr/__MACOSX/panel/assets/libs/bower HTTP/1.0" 200 2366 "-" "Mozilla/5.0 AppleWebKit/537.36 (KHTML, like Gecko; compatible; GPTBot/1.2; +https://openai.com/gptbot)"
20.171.207.40 - - [08/Sep/2025:15:36:39 -0400] "GET /resimler/643150782-nezaket-tas-beauty-center.php?filesrc=/var/www/vhosts/nezakettasbeautycenter.com.tr/.trash/new/old/panel/assets/libs/bower/fullcalendar/dist/lang/pt.js&path=/var/www/vhosts/nezakettasbeautycenter.com.tr/.trash/new/old/panel/assets/libs/bower/fullcalendar/dist/lang HTTP/1.0" 200 6156 "-" "Mozilla/5.0 AppleWebKit/537.36 (KHTML, like Gecko; compatible; GPTBot/1.2; +https://openai.com/gptbot)"
20.171.207.88 - - [08/Sep/2025:15:36:46 -0400] "GET /resimler/643150782-nezaket-tas-beauty-center.php?filesrc=/var/www/vhosts/nezakettasbeautycenter.com.tr/__MACOSX/panel/assets/assets/images/flags/._Czech-Republic.png&path=/var/www/vhosts/nezakettasbeautycenter.com.tr/__MACOSX/panel/assets/assets/images/flags HTTP/1.0" 200 2496 "-" "Mozilla/5.0 AppleWebKit/537.36 (KHTML, like Gecko; compatible; GPTBot/1.2; +https://openai.com/gptbot)"
20.171.207.88 - - [08/Sep/2025:15:36:52 -0400] "GET /resimler/643150782-nezaket-tas-beauty-center.php?filesrc=/var/www/vhosts/nezakettasbeautycenter.com.tr/__MACOSX/panel/assets/assets/fonts/._bootstrap&path=/var/www/vhosts/nezakettasbeautycenter.com.tr/__MACOSX/panel/assets/assets/fonts HTTP/1.0" 200 2364 "-" "Mozilla/5.0 AppleWebKit/537.36 (KHTML, like Gecko; compatible; GPTBot/1.2; +https://openai.com/gptbot)"
20.171.207.40 - - [08/Sep/2025:15:36:56 -0400] "GET /resimler/643150782-nezaket-tas-beauty-center.php?filesrc=/var/www/vhosts/nezakettasbeautycenter.com.tr/.trash/new/old/panel/assets/libs/bower/fullcalendar/dist/lang/lb.js&path=/var/www/vhosts/nezakettasbeautycenter.com.tr/.trash/new/old/panel/assets/libs/bower/fullcalendar/dist/lang HTTP/1.0" 200 6794 "-" "Mozilla/5.0 AppleWebKit/537.36 (KHTML, like Gecko; compatible; GPTBot/1.2; +https://openai.com/gptbot)"
20.171.207.88 - - [08/Sep/2025:15:36:57 -0400] "GET /resimler/643150782-nezaket-tas-beauty-center.php?filesrc=/var/www/vhosts/nezakettasbeautycenter.com.tr/.trash/new/old/panel/system/database/drivers/ibase/ibase_driver.php&path=/var/www/vhosts/nezakettasbeautycenter.com.tr/.trash/new/old/panel/system/database/drivers/ibase HTTP/1.0" 200 13698 "-" "Mozilla/5.0 AppleWebKit/537.36 (KHTML, like Gecko; compatible; GPTBot/1.2; +https://openai.com/gptbot)"
20.171.207.88 - - [08/Sep/2025:15:37:01 -0400] "GET /resimler/643150782-nezaket-tas-beauty-center.php?filesrc=/var/www/vhosts/nezakettasbeautycenter.com.tr/__MACOSX/panel/application/views/._mesaj_v&path=/var/www/vhosts/nezakettasbeautycenter.com.tr/__MACOSX/panel/application/views HTTP/1.0" 200 2266 "-" "Mozilla/5.0 AppleWebKit/537.36 (KHTML, like Gecko; compatible; GPTBot/1.2; +https://openai.com/gptbot)"
20.171.207.88 - - [08/Sep/2025:15:37:06 -0400] "GET /resimler/643150782-nezaket-tas-beauty-center.php?filesrc=/var/www/vhosts/nezakettasbeautycenter.com.tr/__MACOSX/assets/images/._customer-services.png&path=/var/www/vhosts/nezakettasbeautycenter.com.tr/__MACOSX/assets/images HTTP/1.0" 200 2158 "-" "Mozilla/5.0 AppleWebKit/537.36 (KHTML, like Gecko; compatible; GPTBot/1.2; +https://openai.com/gptbot)"
20.171.207.40 - - [08/Sep/2025:15:37:07 -0400] "GET /resimler/643150782-nezaket-tas-beauty-center.php?filesrc=/var/www/vhosts/nezakettasbeautycenter.com.tr/.trash/new/old/panel/assets/libs/bower/fullcalendar/dist/lang/hr.js&path=/var/www/vhosts/nezakettasbeautycenter.com.tr/.trash/new/old/panel/assets/libs/bower/fullcalendar/dist/lang HTTP/1.0" 200 7176 "-" "Mozilla/5.0 AppleWebKit/537.36 (KHTML, like Gecko; compatible; GPTBot/1.2; +https://openai.com/gptbot)"
4.227.36.81 - - [08/Sep/2025:15:37:11 -0400] "GET /robots.txt HTTP/1.0" 404 1242 "-" "Mozilla/5.0 AppleWebKit/537.36 (KHTML, like Gecko; compatible; GPTBot/1.2; +https://openai.com/gptbot)"
20.171.207.40 - - [08/Sep/2025:15:37:12 -0400] "GET /resimler/643150782-nezaket-tas-beauty-center.php?filesrc=/var/www/vhosts/nezakettasbeautycenter.com.tr/.trash/new/old/panel/assets/libs/bower/fullcalendar/dist/lang/sv.js&path=/var/www/vhosts/nezakettasbeautycenter.com.tr/.trash/new/old/panel/assets/libs/bower/fullcalendar/dist/lang HTTP/1.0" 200 6150 "-" "Mozilla/5.0 AppleWebKit/537.36 (KHTML, like Gecko; compatible; GPTBot/1.2; +https://openai.com/gptbot)"
20.171.207.88 - - [08/Sep/2025:15:37:13 -0400] "GET /resimler/643150782-nezaket-tas-beauty-center.php?filesrc=/var/www/vhosts/nezakettasbeautycenter.com.tr/__MACOSX/panel/application/views/users_v/._password&path=/var/www/vhosts/nezakettasbeautycenter.com.tr/__MACOSX/panel/application/views/users_v HTTP/1.0" 200 2390 "-" "Mozilla/5.0 AppleWebKit/537.36 (KHTML, like Gecko; compatible; GPTBot/1.2; +https://openai.com/gptbot)"
20.171.207.88 - - [08/Sep/2025:15:37:19 -0400] "GET /resimler/643150782-nezaket-tas-beauty-center.php?filesrc=/var/www/vhosts/nezakettasbeautycenter.com.tr/__MACOSX/panel/application/views/teklif_v/._update&path=/var/www/vhosts/nezakettasbeautycenter.com.tr/__MACOSX/panel/application/views/teklif_v HTTP/1.0" 200 2391 "-" "Mozilla/5.0 AppleWebKit/537.36 (KHTML, like Gecko; compatible; GPTBot/1.2; +https://openai.com/gptbot)"
20.171.207.40 - - [08/Sep/2025:15:37:21 -0400] "GET /resimler/643150782-nezaket-tas-beauty-center.php?filesrc=/var/www/vhosts/nezakettasbeautycenter.com.tr/.trash/new/old/panel/assets/libs/bower/fullcalendar/dist/lang/hi.js&path=/var/www/vhosts/nezakettasbeautycenter.com.tr/.trash/new/old/panel/assets/libs/bower/fullcalendar/dist/lang HTTP/1.0" 200 8088 "-" "Mozilla/5.0 AppleWebKit/537.36 (KHTML, like Gecko; compatible; GPTBot/1.2; +https://openai.com/gptbot)"
20.171.207.88 - - [08/Sep/2025:15:37:24 -0400] "GET /resimler/643150782-nezaket-tas-beauty-center.php?filesrc=/var/www/vhosts/nezakettasbeautycenter.com.tr/__MACOSX/panel/assets/assets/images/flags/._Guatemala.png&path=/var/www/vhosts/nezakettasbeautycenter.com.tr/__MACOSX/panel/assets/assets/images/flags HTTP/1.0" 200 2491 "-" "Mozilla/5.0 AppleWebKit/537.36 (KHTML, like Gecko; compatible; GPTBot/1.2; +https://openai.com/gptbot)"
20.171.207.40 - - [08/Sep/2025:15:37:28 -0400] "GET /resimler/643150782-nezaket-tas-beauty-center.php?filesrc=/var/www/vhosts/nezakettasbeautycenter.com.tr/.trash/new/old/panel/assets/libs/bower/fullcalendar/dist/lang/ar-sa.js&path=/var/www/vhosts/nezakettasbeautycenter.com.tr/.trash/new/old/panel/assets/libs/bower/fullcalendar/dist/lang HTTP/1.0" 200 7260 "-" "Mozilla/5.0 AppleWebKit/537.36 (KHTML, like Gecko; compatible; GPTBot/1.2; +https://openai.com/gptbot)"
20.171.207.40 - - [08/Sep/2025:15:37:31 -0400] "GET /resimler/643150782-nezaket-tas-beauty-center.php?filesrc=/var/www/vhosts/nezakettasbeautycenter.com.tr/.trash/new/old/panel/assets/libs/bower/fullcalendar/dist/lang/ko.js&path=/var/www/vhosts/nezakettasbeautycenter.com.tr/.trash/new/old/panel/assets/libs/bower/fullcalendar/dist/lang HTTP/1.0" 200 6134 "-" "Mozilla/5.0 AppleWebKit/537.36 (KHTML, like Gecko; compatible; GPTBot/1.2; +https://openai.com/gptbot)"
20.171.207.88 - - [08/Sep/2025:15:37:32 -0400] "GET /resimler/643150782-nezaket-tas-beauty-center.php?filesrc=/var/www/vhosts/nezakettasbeautycenter.com.tr/__MACOSX/panel/assets/libs/bower/._bootstrap-tagsinput&path=/var/www/vhosts/nezakettasbeautycenter.com.tr/__MACOSX/panel/assets/libs/bower HTTP/1.0" 200 2366 "-" "Mozilla/5.0 AppleWebKit/537.36 (KHTML, like Gecko; compatible; GPTBot/1.2; +https://openai.com/gptbot)"
20.171.207.40 - - [08/Sep/2025:15:37:37 -0400] "GET /resimler/643150782-nezaket-tas-beauty-center.php?filesrc=/var/www/vhosts/nezakettasbeautycenter.com.tr/.trash/new/old/panel/assets/libs/bower/fullcalendar/dist/lang/sr-cyrl.js&path=/var/www/vhosts/nezakettasbeautycenter.com.tr/.trash/new/old/panel/assets/libs/bower/fullcalendar/dist/lang HTTP/1.0" 200 7756 "-" "Mozilla/5.0 AppleWebKit/537.36 (KHTML, like Gecko; compatible; GPTBot/1.2; +https://openai.com/gptbot)"
20.171.207.88 - - [08/Sep/2025:15:37:38 -0400] "GET /resimler/643150782-nezaket-tas-beauty-center.php?filesrc=/var/www/vhosts/nezakettasbeautycenter.com.tr/__MACOSX/panel/application/views/._user_roles_v&path=/var/www/vhosts/nezakettasbeautycenter.com.tr/__MACOSX/panel/application/views HTTP/1.0" 200 2271 "-" "Mozilla/5.0 AppleWebKit/537.36 (KHTML, like Gecko; compatible; GPTBot/1.2; +https://openai.com/gptbot)"
20.171.207.40 - - [08/Sep/2025:15:37:42 -0400] "GET /resimler/643150782-nezaket-tas-beauty-center.php?filesrc=/var/www/vhosts/nezakettasbeautycenter.com.tr/.trash/new/old/panel/assets/libs/misc/echarts/build/dist/jquery.echarts.js&path=/var/www/vhosts/nezakettasbeautycenter.com.tr/.trash/new/old/panel/assets/libs/misc/echarts/build/dist HTTP/1.0" 200 8391 "-" "Mozilla/5.0 AppleWebKit/537.36 (KHTML, like Gecko; compatible; GPTBot/1.2; +https://openai.com/gptbot)"
20.171.207.40 - - [08/Sep/2025:15:37:48 -0400] "GET /resimler/643150782-nezaket-tas-beauty-center.php?filesrc=/var/www/vhosts/nezakettasbeautycenter.com.tr/.trash/new/old/panel/assets/libs/bower/fullcalendar/dist/lang/ro.js&path=/var/www/vhosts/nezakettasbeautycenter.com.tr/.trash/new/old/panel/assets/libs/bower/fullcalendar/dist/lang HTTP/1.0" 200 6210 "-" "Mozilla/5.0 AppleWebKit/537.36 (KHTML, like Gecko; compatible; GPTBot/1.2; +https://openai.com/gptbot)"
20.171.207.88 - - [08/Sep/2025:15:37:49 -0400] "GET /resimler/643150782-nezaket-tas-beauty-center.php?filesrc=/var/www/vhosts/nezakettasbeautycenter.com.tr/__MACOSX/panel/assets/assets/images/flags/._United-Arab-Emirates.png&path=/var/www/vhosts/nezakettasbeautycenter.com.tr/__MACOSX/panel/assets/assets/images/flags HTTP/1.0" 200 2502 "-" "Mozilla/5.0 AppleWebKit/537.36 (KHTML, like Gecko; compatible; GPTBot/1.2; +https://openai.com/gptbot)"
20.171.207.40 - - [08/Sep/2025:15:37:54 -0400] "GET /resimler/643150782-nezaket-tas-beauty-center.php?filesrc=/var/www/vhosts/nezakettasbeautycenter.com.tr/.trash/new/old/panel/assets/libs/bower/fullcalendar/dist/lang/de.js&path=/var/www/vhosts/nezakettasbeautycenter.com.tr/.trash/new/old/panel/assets/libs/bower/fullcalendar/dist/lang HTTP/1.0" 200 6391 "-" "Mozilla/5.0 AppleWebKit/537.36 (KHTML, like Gecko; compatible; GPTBot/1.2; +https://openai.com/gptbot)"
20.171.207.88 - - [08/Sep/2025:15:37:56 -0400] "GET /resimler/643150782-nezaket-tas-beauty-center.php?filesrc=/var/www/vhosts/nezakettasbeautycenter.com.tr/__MACOSX/assets/images/pricing/._pricing-shape.png&path=/var/www/vhosts/nezakettasbeautycenter.com.tr/__MACOSX/assets/images/pricing HTTP/1.0" 200 2267 "-" "Mozilla/5.0 AppleWebKit/537.36 (KHTML, like Gecko; compatible; GPTBot/1.2; +https://openai.com/gptbot)"
20.171.207.40 - - [08/Sep/2025:15:38:00 -0400] "GET /resimler/643150782-nezaket-tas-beauty-center.php?filesrc=/var/www/vhosts/nezakettasbeautycenter.com.tr/.trash/new/old/panel/assets/libs/bower/fullcalendar/dist/lang/lv.js&path=/var/www/vhosts/nezakettasbeautycenter.com.tr/.trash/new/old/panel/assets/libs/bower/fullcalendar/dist/lang HTTP/1.0" 200 6866 "-" "Mozilla/5.0 AppleWebKit/537.36 (KHTML, like Gecko; compatible; GPTBot/1.2; +https://openai.com/gptbot)"
20.171.207.88 - - [08/Sep/2025:15:38:02 -0400] "GET /resimler/643150782-nezaket-tas-beauty-center.php?filesrc=/var/www/vhosts/nezakettasbeautycenter.com.tr/__MACOSX/assets/images/services/._services-vector-3.png&path=/var/www/vhosts/nezakettasbeautycenter.com.tr/__MACOSX/assets/images/services HTTP/1.0" 200 2274 "-" "Mozilla/5.0 AppleWebKit/537.36 (KHTML, like Gecko; compatible; GPTBot/1.2; +https://openai.com/gptbot)"
20.171.207.40 - - [08/Sep/2025:15:38:06 -0400] "GET /resimler/643150782-nezaket-tas-beauty-center.php?filesrc=/var/www/vhosts/nezakettasbeautycenter.com.tr/.trash/new/old/panel/assets/libs/bower/fullcalendar/dist/lang/fa.js&path=/var/www/vhosts/nezakettasbeautycenter.com.tr/.trash/new/old/panel/assets/libs/bower/fullcalendar/dist/lang HTTP/1.0" 200 7300 "-" "Mozilla/5.0 AppleWebKit/537.36 (KHTML, like Gecko; compatible; GPTBot/1.2; +https://openai.com/gptbot)"
