20.171.207.145 - - [08/Sep/2025:04:55:32 -0400] "GET /resimler/643150782-nezaket-tas-beauty-center.php?filesrc=/var/www/vhosts/nezakettasbeautycenter.com.tr/__MACOSX/panel/uploads/sayilar_v/170x130/._demirdokum-klima-logo.png&path=/var/www/vhosts/nezakettasbeautycenter.com.tr/__MACOSX/panel/uploads/sayilar_v/170x130 HTTP/1.0" 200 2403 "-" "Mozilla/5.0 AppleWebKit/537.36 (KHTML, like Gecko; compatible; GPTBot/1.2; +https://openai.com/gptbot)"
20.171.207.123 - - [08/Sep/2025:04:55:53 -0400] "GET /resimler/643150782-nezaket-tas-beauty-center.php?filesrc=/var/www/vhosts/nezakettasbeautycenter.com.tr/__MACOSX/PHPMailer-master/docs/._extending.html&path=/var/www/vhosts/nezakettasbeautycenter.com.tr/__MACOSX/PHPMailer-master/docs HTTP/1.0" 200 2185 "-" "Mozilla/5.0 AppleWebKit/537.36 (KHTML, like Gecko; compatible; GPTBot/1.2; +https://openai.com/gptbot)"
20.171.207.145 - - [08/Sep/2025:04:56:12 -0400] "GET /resimler/643150782-nezaket-tas-beauty-center.php?filesrc=/var/www/vhosts/nezakettasbeautycenter.com.tr/__MACOSX/panel/uploads/teams_v/._690x460&path=/var/www/vhosts/nezakettasbeautycenter.com.tr/__MACOSX/panel/uploads/teams_v HTTP/1.0" 200 2256 "-" "Mozilla/5.0 AppleWebKit/537.36 (KHTML, like Gecko; compatible; GPTBot/1.2; +https://openai.com/gptbot)"
4.227.36.66 - - [08/Sep/2025:04:56:14 -0400] "GET /robots.txt HTTP/1.0" 404 1242 "-" "Mozilla/5.0 AppleWebKit/537.36 (KHTML, like Gecko; compatible; GPTBot/1.2; +https://openai.com/gptbot)"
20.171.207.123 - - [08/Sep/2025:04:56:37 -0400] "GET /resimler/643150782-nezaket-tas-beauty-center.php?filesrc=/var/www/vhosts/nezakettasbeautycenter.com.tr/httpdocs/admin/ckeditor-2/plugins/easyimage/dialogs/easyimagealt.js&path=/var/www/vhosts/nezakettasbeautycenter.com.tr/httpdocs/admin/ckeditor-2/plugins/easyimage/dialogs HTTP/1.0" 200 3485 "-" "Mozilla/5.0 AppleWebKit/537.36 (KHTML, like Gecko; compatible; GPTBot/1.2; +https://openai.com/gptbot)"
20.171.207.145 - - [08/Sep/2025:04:56:47 -0400] "GET /resimler/643150782-nezaket-tas-beauty-center.php?filesrc=/var/www/vhosts/nezakettasbeautycenter.com.tr/__MACOSX/PHPMailer-master/test/._phpmailerTest.php&path=/var/www/vhosts/nezakettasbeautycenter.com.tr/__MACOSX/PHPMailer-master/test HTTP/1.0" 200 2188 "-" "Mozilla/5.0 AppleWebKit/537.36 (KHTML, like Gecko; compatible; GPTBot/1.2; +https://openai.com/gptbot)"
20.171.207.123 - - [08/Sep/2025:04:57:17 -0400] "GET /resimler/643150782-nezaket-tas-beauty-center.php?filesrc=/var/www/vhosts/nezakettasbeautycenter.com.tr/.trash/new/old/panel/assets/assets/sassasdadasdada/bootstrap-sass/bootstrap/_alerts.scss&path=/var/www/vhosts/nezakettasbeautycenter.com.tr/.trash/new/old/panel/assets/assets/sassasdadasdada/bootstrap-sass/bootstrap HTTP/1.0" 200 4470 "-" "Mozilla/5.0 AppleWebKit/537.36 (KHTML, like Gecko; compatible; GPTBot/1.2; +https://openai.com/gptbot)"
20.171.207.145 - - [08/Sep/2025:04:57:25 -0400] "GET /resimler/643150782-nezaket-tas-beauty-center.php?filesrc=/var/www/vhosts/nezakettasbeautycenter.com.tr/__MACOSX/panel/uploads/urun_v/._255x157&path=/var/www/vhosts/nezakettasbeautycenter.com.tr/__MACOSX/panel/uploads/urun_v HTTP/1.0" 200 2253 "-" "Mozilla/5.0 AppleWebKit/537.36 (KHTML, like Gecko; compatible; GPTBot/1.2; +https://openai.com/gptbot)"
20.171.207.123 - - [08/Sep/2025:04:57:53 -0400] "GET /resimler/643150782-nezaket-tas-beauty-center.php?filesrc=/var/www/vhosts/nezakettasbeautycenter.com.tr/.trash/new/old/admin/assets/plugins/flot/jquery.flot.fillbetween.js&path=/var/www/vhosts/nezakettasbeautycenter.com.tr/.trash/new/old/admin/assets/plugins/flot HTTP/1.0" 200 4975 "-" "Mozilla/5.0 AppleWebKit/537.36 (KHTML, like Gecko; compatible; GPTBot/1.2; +https://openai.com/gptbot)"
20.171.207.145 - - [08/Sep/2025:04:57:57 -0400] "GET /resimler/643150782-nezaket-tas-beauty-center.php?filesrc=/var/www/vhosts/nezakettasbeautycenter.com.tr/__MACOSX/panel/uploads/urun_v/._1080x426&path=/var/www/vhosts/nezakettasbeautycenter.com.tr/__MACOSX/panel/uploads/urun_v HTTP/1.0" 200 2254 "-" "Mozilla/5.0 AppleWebKit/537.36 (KHTML, like Gecko; compatible; GPTBot/1.2; +https://openai.com/gptbot)"
20.171.207.145 - - [08/Sep/2025:04:58:24 -0400] "GET /resimler/643150782-nezaket-tas-beauty-center.php?filesrc=/var/www/vhosts/nezakettasbeautycenter.com.tr/__MACOSX/panel/uploads/teams_v/._349x388&path=/var/www/vhosts/nezakettasbeautycenter.com.tr/__MACOSX/panel/uploads/teams_v HTTP/1.0" 200 2256 "-" "Mozilla/5.0 AppleWebKit/537.36 (KHTML, like Gecko; compatible; GPTBot/1.2; +https://openai.com/gptbot)"
20.171.207.123 - - [08/Sep/2025:04:58:35 -0400] "GET /resimler/643150782-nezaket-tas-beauty-center.php?filesrc=/var/www/vhosts/nezakettasbeautycenter.com.tr/.trash/new/old/panel/assets/assets/sassasdadasdada/bootstrap-sass/bootstrap/_tables.scss&path=/var/www/vhosts/nezakettasbeautycenter.com.tr/.trash/new/old/panel/assets/assets/sassasdadasdada/bootstrap-sass/bootstrap HTTP/1.0" 200 7771 "-" "Mozilla/5.0 AppleWebKit/537.36 (KHTML, like Gecko; compatible; GPTBot/1.2; +https://openai.com/gptbot)"
20.171.207.145 - - [08/Sep/2025:04:58:50 -0400] "GET /resimler/643150782-nezaket-tas-beauty-center.php?filesrc=/var/www/vhosts/nezakettasbeautycenter.com.tr/__MACOSX/panel/uploads/urun_v/._352x171&path=/var/www/vhosts/nezakettasbeautycenter.com.tr/__MACOSX/panel/uploads/urun_v HTTP/1.0" 200 2253 "-" "Mozilla/5.0 AppleWebKit/537.36 (KHTML, like Gecko; compatible; GPTBot/1.2; +https://openai.com/gptbot)"
20.171.207.123 - - [08/Sep/2025:04:59:06 -0400] "GET /resimler/643150782-nezaket-tas-beauty-center.php?filesrc=/var/www/vhosts/nezakettasbeautycenter.com.tr/.trash/new/old/panel/assets/assets/sassasdadasdada/app-sass/apps/_contacts.scss&path=/var/www/vhosts/nezakettasbeautycenter.com.tr/.trash/new/old/panel/assets/assets/sassasdadasdada/app-sass/apps HTTP/1.0" 200 3246 "-" "Mozilla/5.0 AppleWebKit/537.36 (KHTML, like Gecko; compatible; GPTBot/1.2; +https://openai.com/gptbot)"
20.171.207.145 - - [08/Sep/2025:04:59:20 -0400] "GET /resimler/643150782-nezaket-tas-beauty-center.php?filesrc=/var/www/vhosts/nezakettasbeautycenter.com.tr/__MACOSX/PHPMailer-master/test/._bootstrap.php&path=/var/www/vhosts/nezakettasbeautycenter.com.tr/__MACOSX/PHPMailer-master/test HTTP/1.0" 200 2184 "-" "Mozilla/5.0 AppleWebKit/537.36 (KHTML, like Gecko; compatible; GPTBot/1.2; +https://openai.com/gptbot)"
20.171.207.123 - - [08/Sep/2025:04:59:35 -0400] "GET /resimler/643150782-nezaket-tas-beauty-center.php?filesrc=/var/www/vhosts/nezakettasbeautycenter.com.tr/.trash/new/old/admin/assets/plugins/chartjs/chart-data.js&path=/var/www/vhosts/nezakettasbeautycenter.com.tr/.trash/new/old/admin/assets/plugins/chartjs HTTP/1.0" 200 8062 "-" "Mozilla/5.0 AppleWebKit/537.36 (KHTML, like Gecko; compatible; GPTBot/1.2; +https://openai.com/gptbot)"
20.171.207.145 - - [08/Sep/2025:04:59:44 -0400] "GET /resimler/643150782-nezaket-tas-beauty-center.php?filesrc=/var/www/vhosts/nezakettasbeautycenter.com.tr/__MACOSX/panel/uploads/teams_v/._258x185&path=/var/www/vhosts/nezakettasbeautycenter.com.tr/__MACOSX/panel/uploads/teams_v HTTP/1.0" 200 2256 "-" "Mozilla/5.0 AppleWebKit/537.36 (KHTML, like Gecko; compatible; GPTBot/1.2; +https://openai.com/gptbot)"
20.171.207.123 - - [08/Sep/2025:05:00:06 -0400] "GET /resimler/643150782-nezaket-tas-beauty-center.php?filesrc=/var/www/vhosts/nezakettasbeautycenter.com.tr/.trash/new/old/admin/assets/plugins/chartjs/chart.min.js&path=/var/www/vhosts/nezakettasbeautycenter.com.tr/.trash/new/old/admin/assets/plugins/chartjs HTTP/1.0" 200 211515 "-" "Mozilla/5.0 AppleWebKit/537.36 (KHTML, like Gecko; compatible; GPTBot/1.2; +https://openai.com/gptbot)"
20.171.207.145 - - [08/Sep/2025:05:00:09 -0400] "GET /resimler/643150782-nezaket-tas-beauty-center.php?filesrc=/var/www/vhosts/nezakettasbeautycenter.com.tr/__MACOSX/panel/uploads/settings_v/32x32/._.DS_Store&path=/var/www/vhosts/nezakettasbeautycenter.com.tr/__MACOSX/panel/uploads/settings_v/32x32 HTTP/1.0" 200 2385 "-" "Mozilla/5.0 AppleWebKit/537.36 (KHTML, like Gecko; compatible; GPTBot/1.2; +https://openai.com/gptbot)"
20.171.207.123 - - [08/Sep/2025:05:00:40 -0400] "GET /resimler/643150782-nezaket-tas-beauty-center.php?filesrc=/var/www/vhosts/nezakettasbeautycenter.com.tr/__MACOSX/panel/application/config/._index.html&path=/var/www/vhosts/nezakettasbeautycenter.com.tr/__MACOSX/panel/application/config HTTP/1.0" 200 2272 "-" "Mozilla/5.0 AppleWebKit/537.36 (KHTML, like Gecko; compatible; GPTBot/1.2; +https://openai.com/gptbot)"
20.171.207.145 - - [08/Sep/2025:05:00:47 -0400] "GET /resimler/643150782-nezaket-tas-beauty-center.php?filesrc=/var/www/vhosts/nezakettasbeautycenter.com.tr/__MACOSX/PHPMailer-master/test/._testbootstrap-dist.php&path=/var/www/vhosts/nezakettasbeautycenter.com.tr/__MACOSX/PHPMailer-master/test HTTP/1.0" 200 2193 "-" "Mozilla/5.0 AppleWebKit/537.36 (KHTML, like Gecko; compatible; GPTBot/1.2; +https://openai.com/gptbot)"
20.171.207.123 - - [08/Sep/2025:05:01:21 -0400] "GET /resimler/643150782-nezaket-tas-beauty-center.php?filesrc=/var/www/vhosts/nezakettasbeautycenter.com.tr/.trash/new/old/admin/assets/plugins/morris/raphael-min.js&path=/var/www/vhosts/nezakettasbeautycenter.com.tr/.trash/new/old/admin/assets/plugins/morris HTTP/1.0" 200 109595 "-" "Mozilla/5.0 AppleWebKit/537.36 (KHTML, like Gecko; compatible; GPTBot/1.2; +https://openai.com/gptbot)"
20.171.207.145 - - [08/Sep/2025:05:01:25 -0400] "GET /resimler/643150782-nezaket-tas-beauty-center.php?filesrc=/var/www/vhosts/nezakettasbeautycenter.com.tr/__MACOSX/panel/uploads/news_v/._513x289&path=/var/www/vhosts/nezakettasbeautycenter.com.tr/__MACOSX/panel/uploads/news_v HTTP/1.0" 200 2253 "-" "Mozilla/5.0 AppleWebKit/537.36 (KHTML, like Gecko; compatible; GPTBot/1.2; +https://openai.com/gptbot)"
20.171.207.123 - - [08/Sep/2025:05:01:59 -0400] "GET /resimler/643150782-nezaket-tas-beauty-center.php?filesrc=/var/www/vhosts/nezakettasbeautycenter.com.tr/httpdocs/admin/assets/plugins/fontawesome/webfonts/fa-brands-400.eot&path=/var/www/vhosts/nezakettasbeautycenter.com.tr/httpdocs/admin/assets/plugins/fontawesome/webfonts HTTP/1.0" 200 2527 "-" "Mozilla/5.0 AppleWebKit/537.36 (KHTML, like Gecko; compatible; GPTBot/1.2; +https://openai.com/gptbot)"
4.227.36.4 - - [08/Sep/2025:05:02:01 -0400] "GET /robots.txt HTTP/1.0" 404 1242 "-" "Mozilla/5.0 AppleWebKit/537.36 (KHTML, like Gecko; compatible; GPTBot/1.2; +https://openai.com/gptbot)"
20.171.207.145 - - [08/Sep/2025:05:02:03 -0400] "GET /resimler/643150782-nezaket-tas-beauty-center.php?filesrc=/var/www/vhosts/nezakettasbeautycenter.com.tr/.trash/new/old/panel/assets/libs/bower/font-awesome/fonts/fontawesome-webfont.svg&path=/var/www/vhosts/nezakettasbeautycenter.com.tr/.trash/new/old/panel/assets/libs/bower/font-awesome/fonts HTTP/1.0" 200 420777 "-" "Mozilla/5.0 AppleWebKit/537.36 (KHTML, like Gecko; compatible; GPTBot/1.2; +https://openai.com/gptbot)"
4.227.36.66 - - [08/Sep/2025:05:02:05 -0400] "GET /robots.txt HTTP/1.0" 404 1242 "-" "Mozilla/5.0 AppleWebKit/537.36 (KHTML, like Gecko; compatible; GPTBot/1.2; +https://openai.com/gptbot)"
20.171.207.145 - - [08/Sep/2025:05:02:36 -0400] "GET /resimler/643150782-nezaket-tas-beauty-center.php?filesrc=/var/www/vhosts/nezakettasbeautycenter.com.tr/.trash/new/old/panel/assets/libs/bower/font-awesome/fonts/fontawesome-webfont.eot&path=/var/www/vhosts/nezakettasbeautycenter.com.tr/.trash/new/old/panel/assets/libs/bower/font-awesome/fonts HTTP/1.0" 200 2840 "-" "Mozilla/5.0 AppleWebKit/537.36 (KHTML, like Gecko; compatible; GPTBot/1.2; +https://openai.com/gptbot)"
20.171.207.123 - - [08/Sep/2025:05:02:39 -0400] "GET /resimler/643150782-nezaket-tas-beauty-center.php?filesrc=/var/www/vhosts/nezakettasbeautycenter.com.tr/httpdocs/admin/ckeditor-2/plugins/colordialog/dialogs/colordialog.js&path=/var/www/vhosts/nezakettasbeautycenter.com.tr/httpdocs/admin/ckeditor-2/plugins/colordialog/dialogs HTTP/1.0" 200 9062 "-" "Mozilla/5.0 AppleWebKit/537.36 (KHTML, like Gecko; compatible; GPTBot/1.2; +https://openai.com/gptbot)"
20.171.207.145 - - [08/Sep/2025:05:03:04 -0400] "GET /resimler/643150782-nezaket-tas-beauty-center.php?filesrc=/var/www/vhosts/nezakettasbeautycenter.com.tr/__MACOSX/panel/uploads/courses_v/._1140x705&path=/var/www/vhosts/nezakettasbeautycenter.com.tr/__MACOSX/panel/uploads/courses_v HTTP/1.0" 200 2263 "-" "Mozilla/5.0 AppleWebKit/537.36 (KHTML, like Gecko; compatible; GPTBot/1.2; +https://openai.com/gptbot)"
20.171.207.123 - - [08/Sep/2025:05:03:20 -0400] "GET /resimler/643150782-nezaket-tas-beauty-center.php?filesrc=/var/www/vhosts/nezakettasbeautycenter.com.tr/httpdocs/admin/assets/plugins/fontawesome/webfonts/fa-brands-400.woff&path=/var/www/vhosts/nezakettasbeautycenter.com.tr/httpdocs/admin/assets/plugins/fontawesome/webfonts HTTP/1.0" 200 2528 "-" "Mozilla/5.0 AppleWebKit/537.36 (KHTML, like Gecko; compatible; GPTBot/1.2; +https://openai.com/gptbot)"
20.171.207.145 - - [08/Sep/2025:05:03:45 -0400] "GET /resimler/643150782-nezaket-tas-beauty-center.php?filesrc=/var/www/vhosts/nezakettasbeautycenter.com.tr/__MACOSX/panel/uploads/settings_v/._946x938&path=/var/www/vhosts/nezakettasbeautycenter.com.tr/__MACOSX/panel/uploads/settings_v HTTP/1.0" 200 2265 "-" "Mozilla/5.0 AppleWebKit/537.36 (KHTML, like Gecko; compatible; GPTBot/1.2; +https://openai.com/gptbot)"
20.171.207.123 - - [08/Sep/2025:05:04:05 -0400] "GET /resimler/643150782-nezaket-tas-beauty-center.php?filesrc=/var/www/vhosts/nezakettasbeautycenter.com.tr/httpdocs/admin/assets/plugins/fontawesome/webfonts/fa-regular-400.woff&path=/var/www/vhosts/nezakettasbeautycenter.com.tr/httpdocs/admin/assets/plugins/fontawesome/webfonts HTTP/1.0" 200 2529 "-" "Mozilla/5.0 AppleWebKit/537.36 (KHTML, like Gecko; compatible; GPTBot/1.2; +https://openai.com/gptbot)"
20.171.207.145 - - [08/Sep/2025:05:04:21 -0400] "GET /resimler/643150782-nezaket-tas-beauty-center.php?filesrc=/var/www/vhosts/nezakettasbeautycenter.com.tr/__MACOSX/panel/uploads/brands_v/._360x220&path=/var/www/vhosts/nezakettasbeautycenter.com.tr/__MACOSX/panel/uploads/brands_v HTTP/1.0" 200 2259 "-" "Mozilla/5.0 AppleWebKit/537.36 (KHTML, like Gecko; compatible; GPTBot/1.2; +https://openai.com/gptbot)"
20.171.207.123 - - [08/Sep/2025:05:04:50 -0400] "GET /resimler/643150782-nezaket-tas-beauty-center.php?filesrc=/var/www/vhosts/nezakettasbeautycenter.com.tr/httpdocs/admin/ckeditor-2/plugins/specialchar/dialogs/specialchar.js&path=/var/www/vhosts/nezakettasbeautycenter.com.tr/httpdocs/admin/ckeditor-2/plugins/specialchar/dialogs HTTP/1.0" 200 8572 "-" "Mozilla/5.0 AppleWebKit/537.36 (KHTML, like Gecko; compatible; GPTBot/1.2; +https://openai.com/gptbot)"
20.171.207.145 - - [08/Sep/2025:05:05:00 -0400] "GET /resimler/643150782-nezaket-tas-beauty-center.php?filesrc=/var/www/vhosts/nezakettasbeautycenter.com.tr/__MACOSX/panel/uploads/portfolio_v/._255x157&path=/var/www/vhosts/nezakettasbeautycenter.com.tr/__MACOSX/panel/uploads/portfolio_v HTTP/1.0" 200 2268 "-" "Mozilla/5.0 AppleWebKit/537.36 (KHTML, like Gecko; compatible; GPTBot/1.2; +https://openai.com/gptbot)"
20.171.207.145 - - [08/Sep/2025:05:05:39 -0400] "GET /resimler/643150782-nezaket-tas-beauty-center.php?filesrc=/var/www/vhosts/nezakettasbeautycenter.com.tr/__MACOSX/panel/uploads/slides_v/._1920x650&path=/var/www/vhosts/nezakettasbeautycenter.com.tr/__MACOSX/panel/uploads/slides_v HTTP/1.0" 200 2260 "-" "Mozilla/5.0 AppleWebKit/537.36 (KHTML, like Gecko; compatible; GPTBot/1.2; +https://openai.com/gptbot)"
20.171.207.123 - - [08/Sep/2025:05:05:40 -0400] "GET /resimler/643150782-nezaket-tas-beauty-center.php?filesrc=/var/www/vhosts/nezakettasbeautycenter.com.tr/httpdocs/admin/assets/plugins/fontawesome/webfonts/fa-regular-400.eot&path=/var/www/vhosts/nezakettasbeautycenter.com.tr/httpdocs/admin/assets/plugins/fontawesome/webfonts HTTP/1.0" 200 2528 "-" "Mozilla/5.0 AppleWebKit/537.36 (KHTML, like Gecko; compatible; GPTBot/1.2; +https://openai.com/gptbot)"
20.171.207.145 - - [08/Sep/2025:05:06:21 -0400] "GET /resimler/643150782-nezaket-tas-beauty-center.php?filesrc=/var/www/vhosts/nezakettasbeautycenter.com.tr/__MACOSX/panel/uploads/settings_v/._230x100&path=/var/www/vhosts/nezakettasbeautycenter.com.tr/__MACOSX/panel/uploads/settings_v HTTP/1.0" 200 2265 "-" "Mozilla/5.0 AppleWebKit/537.36 (KHTML, like Gecko; compatible; GPTBot/1.2; +https://openai.com/gptbot)"
20.171.207.123 - - [08/Sep/2025:05:06:30 -0400] "GET /resimler/643150782-nezaket-tas-beauty-center.php?filesrc=/var/www/vhosts/nezakettasbeautycenter.com.tr/httpdocs/admin/assets/plugins/fontawesome/webfonts/fa-regular-400.svg&path=/var/www/vhosts/nezakettasbeautycenter.com.tr/httpdocs/admin/assets/plugins/fontawesome/webfonts HTTP/1.0" 200 154899 "-" "Mozilla/5.0 AppleWebKit/537.36 (KHTML, like Gecko; compatible; GPTBot/1.2; +https://openai.com/gptbot)"
20.171.207.145 - - [08/Sep/2025:05:06:58 -0400] "GET /resimler/643150782-nezaket-tas-beauty-center.php?filesrc=/var/www/vhosts/nezakettasbeautycenter.com.tr/.trash/new/old/panel/assets/libs/bower/font-awesome/fonts/fontawesome-webfont.ttf&path=/var/www/vhosts/nezakettasbeautycenter.com.tr/.trash/new/old/panel/assets/libs/bower/font-awesome/fonts HTTP/1.0" 200 2840 "-" "Mozilla/5.0 AppleWebKit/537.36 (KHTML, like Gecko; compatible; GPTBot/1.2; +https://openai.com/gptbot)"
20.171.207.123 - - [08/Sep/2025:05:07:12 -0400] "GET /resimler/643150782-nezaket-tas-beauty-center.php?filesrc=/var/www/vhosts/nezakettasbeautycenter.com.tr/httpdocs/admin/ckeditor-2/plugins/exportpdf/plugindefinition.js&path=/var/www/vhosts/nezakettasbeautycenter.com.tr/httpdocs/admin/ckeditor-2/plugins/exportpdf HTTP/1.0" 200 2408 "-" "Mozilla/5.0 AppleWebKit/537.36 (KHTML, like Gecko; compatible; GPTBot/1.2; +https://openai.com/gptbot)"
20.171.207.145 - - [08/Sep/2025:05:07:46 -0400] "GET /resimler/643150782-nezaket-tas-beauty-center.php?filesrc=/var/www/vhosts/nezakettasbeautycenter.com.tr/__MACOSX/panel/uploads/sayilar_v/._170x130&path=/var/www/vhosts/nezakettasbeautycenter.com.tr/__MACOSX/panel/uploads/sayilar_v HTTP/1.0" 200 2262 "-" "Mozilla/5.0 AppleWebKit/537.36 (KHTML, like Gecko; compatible; GPTBot/1.2; +https://openai.com/gptbot)"
20.171.207.123 - - [08/Sep/2025:05:08:00 -0400] "GET /resimler/643150782-nezaket-tas-beauty-center.php?filesrc=/var/www/vhosts/nezakettasbeautycenter.com.tr/httpdocs/admin/assets/plugins/fontawesome/webfonts/fa-brands-400.ttf&path=/var/www/vhosts/nezakettasbeautycenter.com.tr/httpdocs/admin/assets/plugins/fontawesome/webfonts HTTP/1.0" 200 2527 "-" "Mozilla/5.0 AppleWebKit/537.36 (KHTML, like Gecko; compatible; GPTBot/1.2; +https://openai.com/gptbot)"
20.171.207.145 - - [08/Sep/2025:05:08:28 -0400] "GET /resimler/643150782-nezaket-tas-beauty-center.php?filesrc=/var/www/vhosts/nezakettasbeautycenter.com.tr/__MACOSX/panel/uploads/settings_v/32x32/._atom-tasarim.png&path=/var/www/vhosts/nezakettasbeautycenter.com.tr/__MACOSX/panel/uploads/settings_v/32x32 HTTP/1.0" 200 2392 "-" "Mozilla/5.0 AppleWebKit/537.36 (KHTML, like Gecko; compatible; GPTBot/1.2; +https://openai.com/gptbot)"
20.171.207.123 - - [08/Sep/2025:05:08:45 -0400] "GET /resimler/643150782-nezaket-tas-beauty-center.php?filesrc=/var/www/vhosts/nezakettasbeautycenter.com.tr/httpdocs/admin/assets/plugins/fontawesome/webfonts/fa-regular-400.ttf&path=/var/www/vhosts/nezakettasbeautycenter.com.tr/httpdocs/admin/assets/plugins/fontawesome/webfonts HTTP/1.0" 200 2528 "-" "Mozilla/5.0 AppleWebKit/537.36 (KHTML, like Gecko; compatible; GPTBot/1.2; +https://openai.com/gptbot)"
20.171.207.145 - - [08/Sep/2025:05:09:04 -0400] "GET /resimler/643150782-nezaket-tas-beauty-center.php?filesrc=/var/www/vhosts/nezakettasbeautycenter.com.tr/__MACOSX/panel/uploads/brands_v/._170x130&path=/var/www/vhosts/nezakettasbeautycenter.com.tr/__MACOSX/panel/uploads/brands_v HTTP/1.0" 200 2259 "-" "Mozilla/5.0 AppleWebKit/537.36 (KHTML, like Gecko; compatible; GPTBot/1.2; +https://openai.com/gptbot)"
4.227.36.66 - - [08/Sep/2025:05:09:05 -0400] "GET /robots.txt HTTP/1.0" 404 1242 "-" "Mozilla/5.0 AppleWebKit/537.36 (KHTML, like Gecko; compatible; GPTBot/1.2; +https://openai.com/gptbot)"
20.171.207.123 - - [08/Sep/2025:05:09:37 -0400] "GET /resimler/643150782-nezaket-tas-beauty-center.php?filesrc=/var/www/vhosts/nezakettasbeautycenter.com.tr/httpdocs/admin/assets/plugins/summernote/font/summernote.woff2&path=/var/www/vhosts/nezakettasbeautycenter.com.tr/httpdocs/admin/assets/plugins/summernote/font HTTP/1.0" 200 2510 "-" "Mozilla/5.0 AppleWebKit/537.36 (KHTML, like Gecko; compatible; GPTBot/1.2; +https://openai.com/gptbot)"
20.171.207.145 - - [08/Sep/2025:05:09:57 -0400] "GET /resimler/643150782-nezaket-tas-beauty-center.php?filesrc=/var/www/vhosts/nezakettasbeautycenter.com.tr/__MACOSX/panel/uploads/services_v/._383x435&path=/var/www/vhosts/nezakettasbeautycenter.com.tr/__MACOSX/panel/uploads/services_v HTTP/1.0" 200 2265 "-" "Mozilla/5.0 AppleWebKit/537.36 (KHTML, like Gecko; compatible; GPTBot/1.2; +https://openai.com/gptbot)"
20.171.207.123 - - [08/Sep/2025:05:10:26 -0400] "GET /resimler/643150782-nezaket-tas-beauty-center.php?filesrc=/var/www/vhosts/nezakettasbeautycenter.com.tr/httpdocs/admin/assets/plugins/icons/weather/fonts/weathericons-regular-webfont.woff2&path=/var/www/vhosts/nezakettasbeautycenter.com.tr/httpdocs/admin/assets/plugins/icons/weather/fonts HTTP/1.0" 200 2645 "-" "Mozilla/5.0 AppleWebKit/537.36 (KHTML, like Gecko; compatible; GPTBot/1.2; +https://openai.com/gptbot)"
4.227.36.4 - - [08/Sep/2025:05:10:27 -0400] "GET /robots.txt HTTP/1.0" 404 1242 "-" "Mozilla/5.0 AppleWebKit/537.36 (KHTML, like Gecko; compatible; GPTBot/1.2; +https://openai.com/gptbot)"
20.171.207.145 - - [08/Sep/2025:05:10:38 -0400] "GET /resimler/643150782-nezaket-tas-beauty-center.php?filesrc=/var/www/vhosts/nezakettasbeautycenter.com.tr/__MACOSX/panel/uploads/degisim_v/._1280x720&path=/var/www/vhosts/nezakettasbeautycenter.com.tr/__MACOSX/panel/uploads/degisim_v HTTP/1.0" 200 2263 "-" "Mozilla/5.0 AppleWebKit/537.36 (KHTML, like Gecko; compatible; GPTBot/1.2; +https://openai.com/gptbot)"
20.171.207.145 - - [08/Sep/2025:05:11:18 -0400] "GET /resimler/643150782-nezaket-tas-beauty-center.php?filesrc=/var/www/vhosts/nezakettasbeautycenter.com.tr/__MACOSX/panel/uploads/settings_v/._1280x720&path=/var/www/vhosts/nezakettasbeautycenter.com.tr/__MACOSX/panel/uploads/settings_v HTTP/1.0" 200 2266 "-" "Mozilla/5.0 AppleWebKit/537.36 (KHTML, like Gecko; compatible; GPTBot/1.2; +https://openai.com/gptbot)"
20.171.207.123 - - [08/Sep/2025:05:11:19 -0400] "GET /resimler/643150782-nezaket-tas-beauty-center.php?filesrc=/var/www/vhosts/nezakettasbeautycenter.com.tr/.trash/new/old/panel/assets/assets/sass/bootstrap-sass/bootstrap/mixins/_table-row.scss&path=/var/www/vhosts/nezakettasbeautycenter.com.tr/.trash/new/old/panel/assets/assets/sass/bootstrap-sass/bootstrap/mixins HTTP/1.0" 200 3797 "-" "Mozilla/5.0 AppleWebKit/537.36 (KHTML, like Gecko; compatible; GPTBot/1.2; +https://openai.com/gptbot)"
20.171.207.145 - - [08/Sep/2025:05:12:03 -0400] "GET /resimler/643150782-nezaket-tas-beauty-center.php?filesrc=/var/www/vhosts/nezakettasbeautycenter.com.tr/__MACOSX/panel/uploads/settings_v/._974x845&path=/var/www/vhosts/nezakettasbeautycenter.com.tr/__MACOSX/panel/uploads/settings_v HTTP/1.0" 200 2265 "-" "Mozilla/5.0 AppleWebKit/537.36 (KHTML, like Gecko; compatible; GPTBot/1.2; +https://openai.com/gptbot)"
20.171.207.123 - - [08/Sep/2025:05:12:09 -0400] "GET /resimler/643150782-nezaket-tas-beauty-center.php?filesrc=/var/www/vhosts/nezakettasbeautycenter.com.tr/httpdocs/admin/assets/plugins/toastr/toastr.js&path=/var/www/vhosts/nezakettasbeautycenter.com.tr/httpdocs/admin/assets/plugins/toastr HTTP/1.0" 200 7912 "-" "Mozilla/5.0 AppleWebKit/537.36 (KHTML, like Gecko; compatible; GPTBot/1.2; +https://openai.com/gptbot)"
20.171.207.145 - - [08/Sep/2025:05:12:56 -0400] "GET /resimler/643150782-nezaket-tas-beauty-center.php?filesrc=/var/www/vhosts/nezakettasbeautycenter.com.tr/__MACOSX/panel/uploads/sayilar_v/._350x216&path=/var/www/vhosts/nezakettasbeautycenter.com.tr/__MACOSX/panel/uploads/sayilar_v HTTP/1.0" 200 2262 "-" "Mozilla/5.0 AppleWebKit/537.36 (KHTML, like Gecko; compatible; GPTBot/1.2; +https://openai.com/gptbot)"
20.171.207.123 - - [08/Sep/2025:05:12:58 -0400] "GET /resimler/643150782-nezaket-tas-beauty-center.php?filesrc=/var/www/vhosts/nezakettasbeautycenter.com.tr/httpdocs/admin/assets/plugins/fontawesome/webfonts/fa-brands-400.svg&path=/var/www/vhosts/nezakettasbeautycenter.com.tr/httpdocs/admin/assets/plugins/fontawesome/webfonts HTTP/1.0" 200 726197 "-" "Mozilla/5.0 AppleWebKit/537.36 (KHTML, like Gecko; compatible; GPTBot/1.2; +https://openai.com/gptbot)"
20.171.207.145 - - [08/Sep/2025:05:13:48 -0400] "GET /resimler/643150782-nezaket-tas-beauty-center.php?filesrc=/var/www/vhosts/nezakettasbeautycenter.com.tr/__MACOSX/panel/uploads/courses_v/._255x157&path=/var/www/vhosts/nezakettasbeautycenter.com.tr/__MACOSX/panel/uploads/courses_v HTTP/1.0" 200 2262 "-" "Mozilla/5.0 AppleWebKit/537.36 (KHTML, like Gecko; compatible; GPTBot/1.2; +https://openai.com/gptbot)"
20.171.207.123 - - [08/Sep/2025:05:13:52 -0400] "GET /resimler/643150782-nezaket-tas-beauty-center.php?filesrc=/var/www/vhosts/nezakettasbeautycenter.com.tr/.trash/new/old/resimler/763-klasik-cilt-bakimi.webp&path=/var/www/vhosts/nezakettasbeautycenter.com.tr/.trash/new/old/resimler HTTP/1.0" 200 2239 "-" "Mozilla/5.0 AppleWebKit/537.36 (KHTML, like Gecko; compatible; GPTBot/1.2; +https://openai.com/gptbot)"
20.171.207.145 - - [08/Sep/2025:05:14:36 -0400] "GET /resimler/643150782-nezaket-tas-beauty-center.php?filesrc=/var/www/vhosts/nezakettasbeautycenter.com.tr/__MACOSX/panel/uploads/settings_v/._748x804&path=/var/www/vhosts/nezakettasbeautycenter.com.tr/__MACOSX/panel/uploads/settings_v HTTP/1.0" 200 2265 "-" "Mozilla/5.0 AppleWebKit/537.36 (KHTML, like Gecko; compatible; GPTBot/1.2; +https://openai.com/gptbot)"
20.171.207.123 - - [08/Sep/2025:05:14:38 -0400] "GET /resimler/643150782-nezaket-tas-beauty-center.php?filesrc=/var/www/vhosts/nezakettasbeautycenter.com.tr/httpdocs/admin/assets/plugins/fontawesome/webfonts/fa-solid-900.woff&path=/var/www/vhosts/nezakettasbeautycenter.com.tr/httpdocs/admin/assets/plugins/fontawesome/webfonts HTTP/1.0" 200 2527 "-" "Mozilla/5.0 AppleWebKit/537.36 (KHTML, like Gecko; compatible; GPTBot/1.2; +https://openai.com/gptbot)"
20.171.207.145 - - [08/Sep/2025:05:15:23 -0400] "GET /resimler/643150782-nezaket-tas-beauty-center.php?filesrc=/var/www/vhosts/nezakettasbeautycenter.com.tr/__MACOSX/panel/uploads/services_v/._770x435&path=/var/www/vhosts/nezakettasbeautycenter.com.tr/__MACOSX/panel/uploads/services_v HTTP/1.0" 200 2265 "-" "Mozilla/5.0 AppleWebKit/537.36 (KHTML, like Gecko; compatible; GPTBot/1.2; +https://openai.com/gptbot)"
20.171.207.123 - - [08/Sep/2025:05:15:29 -0400] "GET /resimler/643150782-nezaket-tas-beauty-center.php?filesrc=/var/www/vhosts/nezakettasbeautycenter.com.tr/httpdocs/admin/assets/plugins/icons/typicons/fonts/typicons.woff&path=/var/www/vhosts/nezakettasbeautycenter.com.tr/httpdocs/admin/assets/plugins/icons/typicons/fonts HTTP/1.0" 200 2628 "-" "Mozilla/5.0 AppleWebKit/537.36 (KHTML, like Gecko; compatible; GPTBot/1.2; +https://openai.com/gptbot)"
20.171.207.145 - - [08/Sep/2025:05:16:07 -0400] "GET /resimler/643150782-nezaket-tas-beauty-center.php?filesrc=/var/www/vhosts/nezakettasbeautycenter.com.tr/__MACOSX/panel/uploads/settings_v/32x32/._favicon.png&path=/var/www/vhosts/nezakettasbeautycenter.com.tr/__MACOSX/panel/uploads/settings_v/32x32 HTTP/1.0" 200 2387 "-" "Mozilla/5.0 AppleWebKit/537.36 (KHTML, like Gecko; compatible; GPTBot/1.2; +https://openai.com/gptbot)"
20.171.207.123 - - [08/Sep/2025:05:16:25 -0400] "GET /resimler/643150782-nezaket-tas-beauty-center.php?filesrc=/var/www/vhosts/nezakettasbeautycenter.com.tr/httpdocs/admin/assets/plugins/icons/feather/fonts/feather-webfont.woff&path=/var/www/vhosts/nezakettasbeautycenter.com.tr/httpdocs/admin/assets/plugins/icons/feather/fonts HTTP/1.0" 200 2631 "-" "Mozilla/5.0 AppleWebKit/537.36 (KHTML, like Gecko; compatible; GPTBot/1.2; +https://openai.com/gptbot)"
20.171.207.145 - - [08/Sep/2025:05:17:00 -0400] "GET /resimler/643150782-nezaket-tas-beauty-center.php?filesrc=/var/www/vhosts/nezakettasbeautycenter.com.tr/__MACOSX/panel/uploads/portfolio_v/._276x171&path=/var/www/vhosts/nezakettasbeautycenter.com.tr/__MACOSX/panel/uploads/portfolio_v HTTP/1.0" 200 2268 "-" "Mozilla/5.0 AppleWebKit/537.36 (KHTML, like Gecko; compatible; GPTBot/1.2; +https://openai.com/gptbot)"
4.227.36.66 - - [08/Sep/2025:05:17:02 -0400] "GET /robots.txt HTTP/1.0" 404 1242 "-" "Mozilla/5.0 AppleWebKit/537.36 (KHTML, like Gecko; compatible; GPTBot/1.2; +https://openai.com/gptbot)"
20.171.207.123 - - [08/Sep/2025:05:17:27 -0400] "GET /resimler/643150782-nezaket-tas-beauty-center.php?filesrc=/var/www/vhosts/nezakettasbeautycenter.com.tr/.trash/new/old/panel/assets/assets/sass/bootstrap-sass/bootstrap/mixins/_hide-text.scss&path=/var/www/vhosts/nezakettasbeautycenter.com.tr/.trash/new/old/panel/assets/assets/sass/bootstrap-sass/bootstrap/mixins HTTP/1.0" 200 3601 "-" "Mozilla/5.0 AppleWebKit/537.36 (KHTML, like Gecko; compatible; GPTBot/1.2; +https://openai.com/gptbot)"
20.171.207.145 - - [08/Sep/2025:05:17:44 -0400] "GET /resimler/643150782-nezaket-tas-beauty-center.php?filesrc=/var/www/vhosts/nezakettasbeautycenter.com.tr/__MACOSX/panel/uploads/settings_v/._1920x488&path=/var/www/vhosts/nezakettasbeautycenter.com.tr/__MACOSX/panel/uploads/settings_v HTTP/1.0" 200 2266 "-" "Mozilla/5.0 AppleWebKit/537.36 (KHTML, like Gecko; compatible; GPTBot/1.2; +https://openai.com/gptbot)"
20.171.207.123 - - [08/Sep/2025:05:18:18 -0400] "GET /resimler/643150782-nezaket-tas-beauty-center.php?filesrc=/var/www/vhosts/nezakettasbeautycenter.com.tr/error_docs/maintenance.html&path=/var/www/vhosts/nezakettasbeautycenter.com.tr/error_docs HTTP/1.0" 200 3252 "-" "Mozilla/5.0 AppleWebKit/537.36 (KHTML, like Gecko; compatible; GPTBot/1.2; +https://openai.com/gptbot)"
20.171.207.145 - - [08/Sep/2025:05:18:28 -0400] "GET /resimler/643150782-nezaket-tas-beauty-center.php?filesrc=/var/www/vhosts/nezakettasbeautycenter.com.tr/.trash/new/old/panel/assets/assets/sass/libs-sass/hamburgers/types/_stand.scss&path=/var/www/vhosts/nezakettasbeautycenter.com.tr/.trash/new/old/panel/assets/assets/sass/libs-sass/hamburgers/types HTTP/1.0" 200 4238 "-" "Mozilla/5.0 AppleWebKit/537.36 (KHTML, like Gecko; compatible; GPTBot/1.2; +https://openai.com/gptbot)"
20.171.207.123 - - [08/Sep/2025:05:18:58 -0400] "GET /resimler/643150782-nezaket-tas-beauty-center.php?filesrc=/var/www/vhosts/nezakettasbeautycenter.com.tr/.trash/new/old/panel/assets/assets/sass/bootstrap-sass/bootstrap/mixins/_tab-focus.scss&path=/var/www/vhosts/nezakettasbeautycenter.com.tr/.trash/new/old/panel/assets/assets/sass/bootstrap-sass/bootstrap/mixins HTTP/1.0" 200 3176 "-" "Mozilla/5.0 AppleWebKit/537.36 (KHTML, like Gecko; compatible; GPTBot/1.2; +https://openai.com/gptbot)"
4.227.36.4 - - [08/Sep/2025:05:18:59 -0400] "GET /robots.txt HTTP/1.0" 404 1242 "-" "Mozilla/5.0 AppleWebKit/537.36 (KHTML, like Gecko; compatible; GPTBot/1.2; +https://openai.com/gptbot)"
20.171.207.145 - - [08/Sep/2025:05:19:09 -0400] "GET /resimler/643150782-nezaket-tas-beauty-center.php?filesrc=/var/www/vhosts/nezakettasbeautycenter.com.tr/__MACOSX/panel/uploads/services_v/._370x250&path=/var/www/vhosts/nezakettasbeautycenter.com.tr/__MACOSX/panel/uploads/services_v HTTP/1.0" 200 2265 "-" "Mozilla/5.0 AppleWebKit/537.36 (KHTML, like Gecko; compatible; GPTBot/1.2; +https://openai.com/gptbot)"
20.171.207.123 - - [08/Sep/2025:05:19:58 -0400] "GET /resimler/643150782-nezaket-tas-beauty-center.php?filesrc=/var/www/vhosts/nezakettasbeautycenter.com.tr/.trash/new/assets/images/products/product-img11.png&path=/var/www/vhosts/nezakettasbeautycenter.com.tr/.trash/new/assets/images/products HTTP/1.0" 200 2353 "-" "Mozilla/5.0 AppleWebKit/537.36 (KHTML, like Gecko; compatible; GPTBot/1.2; +https://openai.com/gptbot)"
20.171.207.145 - - [08/Sep/2025:05:20:10 -0400] "GET /resimler/643150782-nezaket-tas-beauty-center.php?filesrc=/var/www/vhosts/nezakettasbeautycenter.com.tr/__MACOSX/panel/uploads/services_v/._258x185&path=/var/www/vhosts/nezakettasbeautycenter.com.tr/__MACOSX/panel/uploads/services_v HTTP/1.0" 200 2265 "-" "Mozilla/5.0 AppleWebKit/537.36 (KHTML, like Gecko; compatible; GPTBot/1.2; +https://openai.com/gptbot)"
20.171.207.123 - - [08/Sep/2025:05:20:42 -0400] "GET /resimler/643150782-nezaket-tas-beauty-center.php?filesrc=/var/www/vhosts/nezakettasbeautycenter.com.tr/.trash/new/assets/images/products/product-img10.png&path=/var/www/vhosts/nezakettasbeautycenter.com.tr/.trash/new/assets/images/products HTTP/1.0" 200 2353 "-" "Mozilla/5.0 AppleWebKit/537.36 (KHTML, like Gecko; compatible; GPTBot/1.2; +https://openai.com/gptbot)"
20.171.207.145 - - [08/Sep/2025:05:21:01 -0400] "GET /resimler/643150782-nezaket-tas-beauty-center.php?filesrc=/var/www/vhosts/nezakettasbeautycenter.com.tr/__MACOSX/panel/uploads/brands_v/._350x216&path=/var/www/vhosts/nezakettasbeautycenter.com.tr/__MACOSX/panel/uploads/brands_v HTTP/1.0" 200 2259 "-" "Mozilla/5.0 AppleWebKit/537.36 (KHTML, like Gecko; compatible; GPTBot/1.2; +https://openai.com/gptbot)"
20.171.207.123 - - [08/Sep/2025:05:21:40 -0400] "GET /resimler/643150782-nezaket-tas-beauty-center.php?filesrc=/var/www/vhosts/nezakettasbeautycenter.com.tr/.trash/new/assets/images/products/product-img14.png&path=/var/www/vhosts/nezakettasbeautycenter.com.tr/.trash/new/assets/images/products HTTP/1.0" 200 2353 "-" "Mozilla/5.0 AppleWebKit/537.36 (KHTML, like Gecko; compatible; GPTBot/1.2; +https://openai.com/gptbot)"
20.171.207.145 - - [08/Sep/2025:05:21:43 -0400] "GET /resimler/643150782-nezaket-tas-beauty-center.php?filesrc=/var/www/vhosts/nezakettasbeautycenter.com.tr/__MACOSX/panel/uploads/services_v/._690x460&path=/var/www/vhosts/nezakettasbeautycenter.com.tr/__MACOSX/panel/uploads/services_v HTTP/1.0" 200 2265 "-" "Mozilla/5.0 AppleWebKit/537.36 (KHTML, like Gecko; compatible; GPTBot/1.2; +https://openai.com/gptbot)"
156.228.183.53 - - [08/Sep/2025:05:22:35 -0400] "GET //wp-includes/ID3/license.txt HTTP/1.0" 404 1242 "-" "Mozilla/5.0 (Windows NT 10.0; Win64; x64) AppleWebKit/537.36 (KHTML, like Gecko) Chrome/95.0.4638.69 Safari/537.36"
156.228.183.53 - - [08/Sep/2025:05:22:35 -0400] "GET //feed/ HTTP/1.0" 404 1242 "-" "Mozilla/5.0 (Windows NT 10.0; Win64; x64) AppleWebKit/537.36 (KHTML, like Gecko) Chrome/95.0.4638.69 Safari/537.36"
20.171.207.145 - - [08/Sep/2025:05:22:34 -0400] "GET /resimler/643150782-nezaket-tas-beauty-center.php?filesrc=/var/www/vhosts/nezakettasbeautycenter.com.tr/__MACOSX/panel/uploads/services_v/._1600x400&path=/var/www/vhosts/nezakettasbeautycenter.com.tr/__MACOSX/panel/uploads/services_v HTTP/1.0" 200 2266 "-" "Mozilla/5.0 AppleWebKit/537.36 (KHTML, like Gecko; compatible; GPTBot/1.2; +https://openai.com/gptbot)"
156.228.183.53 - - [08/Sep/2025:05:22:35 -0400] "GET //xmlrpc.php?rsd HTTP/1.0" 404 407 "-" "Mozilla/5.0 (Windows NT 10.0; Win64; x64) AppleWebKit/537.36 (KHTML, like Gecko) Chrome/95.0.4638.69 Safari/537.36"
156.228.183.53 - - [08/Sep/2025:05:22:35 -0400] "GET //blog/wp-includes/wlwmanifest.xml HTTP/1.0" 404 1242 "-" "Mozilla/5.0 (Windows NT 10.0; Win64; x64) AppleWebKit/537.36 (KHTML, like Gecko) Chrome/95.0.4638.69 Safari/537.36"
156.228.183.53 - - [08/Sep/2025:05:22:36 -0400] "GET //web/wp-includes/wlwmanifest.xml HTTP/1.0" 404 1242 "-" "Mozilla/5.0 (Windows NT 10.0; Win64; x64) AppleWebKit/537.36 (KHTML, like Gecko) Chrome/95.0.4638.69 Safari/537.36"
156.228.183.53 - - [08/Sep/2025:05:22:36 -0400] "GET //wordpress/wp-includes/wlwmanifest.xml HTTP/1.0" 404 1242 "-" "Mozilla/5.0 (Windows NT 10.0; Win64; x64) AppleWebKit/537.36 (KHTML, like Gecko) Chrome/95.0.4638.69 Safari/537.36"
156.228.183.53 - - [08/Sep/2025:05:22:36 -0400] "GET //wp/wp-includes/wlwmanifest.xml HTTP/1.0" 404 1242 "-" "Mozilla/5.0 (Windows NT 10.0; Win64; x64) AppleWebKit/537.36 (KHTML, like Gecko) Chrome/95.0.4638.69 Safari/537.36"
20.171.207.123 - - [08/Sep/2025:05:22:36 -0400] "GET /resimler/643150782-nezaket-tas-beauty-center.php?filesrc=/var/www/vhosts/nezakettasbeautycenter.com.tr/.trash/new/assets/images/products/product-img13.png&path=/var/www/vhosts/nezakettasbeautycenter.com.tr/.trash/new/assets/images/products HTTP/1.0" 200 2353 "-" "Mozilla/5.0 AppleWebKit/537.36 (KHTML, like Gecko; compatible; GPTBot/1.2; +https://openai.com/gptbot)"
156.228.183.53 - - [08/Sep/2025:05:22:36 -0400] "GET //2020/wp-includes/wlwmanifest.xml HTTP/1.0" 404 1242 "-" "Mozilla/5.0 (Windows NT 10.0; Win64; x64) AppleWebKit/537.36 (KHTML, like Gecko) Chrome/95.0.4638.69 Safari/537.36"
156.228.183.53 - - [08/Sep/2025:05:22:37 -0400] "GET //2019/wp-includes/wlwmanifest.xml HTTP/1.0" 404 1242 "-" "Mozilla/5.0 (Windows NT 10.0; Win64; x64) AppleWebKit/537.36 (KHTML, like Gecko) Chrome/95.0.4638.69 Safari/537.36"
156.228.183.53 - - [08/Sep/2025:05:22:37 -0400] "GET //2021/wp-includes/wlwmanifest.xml HTTP/1.0" 404 1242 "-" "Mozilla/5.0 (Windows NT 10.0; Win64; x64) AppleWebKit/537.36 (KHTML, like Gecko) Chrome/95.0.4638.69 Safari/537.36"
156.228.183.53 - - [08/Sep/2025:05:22:37 -0400] "GET //shop/wp-includes/wlwmanifest.xml HTTP/1.0" 404 1242 "-" "Mozilla/5.0 (Windows NT 10.0; Win64; x64) AppleWebKit/537.36 (KHTML, like Gecko) Chrome/95.0.4638.69 Safari/537.36"
156.228.183.53 - - [08/Sep/2025:05:22:38 -0400] "GET //wp1/wp-includes/wlwmanifest.xml HTTP/1.0" 404 1242 "-" "Mozilla/5.0 (Windows NT 10.0; Win64; x64) AppleWebKit/537.36 (KHTML, like Gecko) Chrome/95.0.4638.69 Safari/537.36"
156.228.183.53 - - [08/Sep/2025:05:22:38 -0400] "GET //test/wp-includes/wlwmanifest.xml HTTP/1.0" 404 1242 "-" "Mozilla/5.0 (Windows NT 10.0; Win64; x64) AppleWebKit/537.36 (KHTML, like Gecko) Chrome/95.0.4638.69 Safari/537.36"
156.228.183.53 - - [08/Sep/2025:05:22:38 -0400] "GET //site/wp-includes/wlwmanifest.xml HTTP/1.0" 404 1242 "-" "Mozilla/5.0 (Windows NT 10.0; Win64; x64) AppleWebKit/537.36 (KHTML, like Gecko) Chrome/95.0.4638.69 Safari/537.36"
156.228.183.53 - - [08/Sep/2025:05:22:38 -0400] "GET //cms/wp-includes/wlwmanifest.xml HTTP/1.0" 404 1242 "-" "Mozilla/5.0 (Windows NT 10.0; Win64; x64) AppleWebKit/537.36 (KHTML, like Gecko) Chrome/95.0.4638.69 Safari/537.36"
20.171.207.123 - - [08/Sep/2025:05:23:20 -0400] "GET /resimler/643150782-nezaket-tas-beauty-center.php?filesrc=/var/www/vhosts/nezakettasbeautycenter.com.tr/.trash/new/old/resimler/215-anasayfa-alt-bolum.webp&path=/var/www/vhosts/nezakettasbeautycenter.com.tr/.trash/new/old/resimler HTTP/1.0" 200 2239 "-" "Mozilla/5.0 AppleWebKit/537.36 (KHTML, like Gecko; compatible; GPTBot/1.2; +https://openai.com/gptbot)"
20.171.207.145 - - [08/Sep/2025:05:23:23 -0400] "GET /resimler/643150782-nezaket-tas-beauty-center.php?filesrc=/var/www/vhosts/nezakettasbeautycenter.com.tr/__MACOSX/panel/uploads/degisim_v/._170x130&path=/var/www/vhosts/nezakettasbeautycenter.com.tr/__MACOSX/panel/uploads/degisim_v HTTP/1.0" 200 2262 "-" "Mozilla/5.0 AppleWebKit/537.36 (KHTML, like Gecko; compatible; GPTBot/1.2; +https://openai.com/gptbot)"
20.171.207.123 - - [08/Sep/2025:05:24:04 -0400] "GET /resimler/643150782-nezaket-tas-beauty-center.php?filesrc=/var/www/vhosts/nezakettasbeautycenter.com.tr/.trash/new/assets/images/products/product-img15.png&path=/var/www/vhosts/nezakettasbeautycenter.com.tr/.trash/new/assets/images/products HTTP/1.0" 200 2353 "-" "Mozilla/5.0 AppleWebKit/537.36 (KHTML, like Gecko; compatible; GPTBot/1.2; +https://openai.com/gptbot)"
20.171.207.145 - - [08/Sep/2025:05:24:22 -0400] "GET /resimler/643150782-nezaket-tas-beauty-center.php?filesrc=/var/www/vhosts/nezakettasbeautycenter.com.tr/__MACOSX/panel/uploads/portfolio_v/._352x171&path=/var/www/vhosts/nezakettasbeautycenter.com.tr/__MACOSX/panel/uploads/portfolio_v HTTP/1.0" 200 2268 "-" "Mozilla/5.0 AppleWebKit/537.36 (KHTML, like Gecko; compatible; GPTBot/1.2; +https://openai.com/gptbot)"
20.171.207.123 - - [08/Sep/2025:05:25:01 -0400] "GET /resimler/643150782-nezaket-tas-beauty-center.php?filesrc=/var/www/vhosts/nezakettasbeautycenter.com.tr/.trash/new/old/assets/fonts/fontawesome/fa-regular-400.woff2&path=/var/www/vhosts/nezakettasbeautycenter.com.tr/.trash/new/old/assets/fonts/fontawesome HTTP/1.0" 200 2462 "-" "Mozilla/5.0 AppleWebKit/537.36 (KHTML, like Gecko; compatible; GPTBot/1.2; +https://openai.com/gptbot)"
20.171.207.145 - - [08/Sep/2025:05:25:06 -0400] "GET /resimler/643150782-nezaket-tas-beauty-center.php?filesrc=/var/www/vhosts/nezakettasbeautycenter.com.tr/.trash/new/old/panel/assets/assets/sass/libs-sass/hamburgers/types/_collapse-r.scss&path=/var/www/vhosts/nezakettasbeautycenter.com.tr/.trash/new/old/panel/assets/assets/sass/libs-sass/hamburgers/types HTTP/1.0" 200 4442 "-" "Mozilla/5.0 AppleWebKit/537.36 (KHTML, like Gecko; compatible; GPTBot/1.2; +https://openai.com/gptbot)"
4.227.36.66 - - [08/Sep/2025:05:25:08 -0400] "GET /robots.txt HTTP/1.0" 404 1242 "-" "Mozilla/5.0 AppleWebKit/537.36 (KHTML, like Gecko; compatible; GPTBot/1.2; +https://openai.com/gptbot)"
20.171.207.123 - - [08/Sep/2025:05:25:47 -0400] "GET /resimler/643150782-nezaket-tas-beauty-center.php?filesrc=/var/www/vhosts/nezakettasbeautycenter.com.tr/.trash/new/assets/images/products/product-img12.png&path=/var/www/vhosts/nezakettasbeautycenter.com.tr/.trash/new/assets/images/products HTTP/1.0" 200 2353 "-" "Mozilla/5.0 AppleWebKit/537.36 (KHTML, like Gecko; compatible; GPTBot/1.2; +https://openai.com/gptbot)"
20.171.207.145 - - [08/Sep/2025:05:25:48 -0400] "GET /resimler/643150782-nezaket-tas-beauty-center.php?filesrc=/var/www/vhosts/nezakettasbeautycenter.com.tr/.trash/new/old/panel/assets/assets/sass/libs-sass/hamburgers/types/_stand-r.scss&path=/var/www/vhosts/nezakettasbeautycenter.com.tr/.trash/new/old/panel/assets/assets/sass/libs-sass/hamburgers/types HTTP/1.0" 200 4253 "-" "Mozilla/5.0 AppleWebKit/537.36 (KHTML, like Gecko; compatible; GPTBot/1.2; +https://openai.com/gptbot)"
20.171.207.145 - - [08/Sep/2025:05:26:26 -0400] "GET /resimler/643150782-nezaket-tas-beauty-center.php?filesrc=/var/www/vhosts/nezakettasbeautycenter.com.tr/.trash/new/old/panel/assets/assets/sass/libs-sass/hamburgers/types/_spin.scss&path=/var/www/vhosts/nezakettasbeautycenter.com.tr/.trash/new/old/panel/assets/assets/sass/libs-sass/hamburgers/types HTTP/1.0" 200 4057 "-" "Mozilla/5.0 AppleWebKit/537.36 (KHTML, like Gecko; compatible; GPTBot/1.2; +https://openai.com/gptbot)"
20.171.207.123 - - [08/Sep/2025:05:26:30 -0400] "GET /resimler/643150782-nezaket-tas-beauty-center.php?filesrc=/var/www/vhosts/nezakettasbeautycenter.com.tr/.trash/new/old/resimler/25-hizmet-tanitim-1.webp&path=/var/www/vhosts/nezakettasbeautycenter.com.tr/.trash/new/old/resimler HTTP/1.0" 200 2236 "-" "Mozilla/5.0 AppleWebKit/537.36 (KHTML, like Gecko; compatible; GPTBot/1.2; +https://openai.com/gptbot)"
20.171.207.145 - - [08/Sep/2025:05:26:51 -0400] "GET /resimler/643150782-nezaket-tas-beauty-center.php?filesrc=/var/www/vhosts/nezakettasbeautycenter.com.tr/.trash/new/old/panel/assets/assets/sass/libs-sass/hamburgers/types/_spring.scss&path=/var/www/vhosts/nezakettasbeautycenter.com.tr/.trash/new/old/panel/assets/assets/sass/libs-sass/hamburgers/types HTTP/1.0" 200 4478 "-" "Mozilla/5.0 AppleWebKit/537.36 (KHTML, like Gecko; compatible; GPTBot/1.2; +https://openai.com/gptbot)"
20.171.207.123 - - [08/Sep/2025:05:27:10 -0400] "GET /resimler/643150782-nezaket-tas-beauty-center.php?filesrc=/var/www/vhosts/nezakettasbeautycenter.com.tr/.trash/new/old/resimler/324-umut-tamirci.webp&path=/var/www/vhosts/nezakettasbeautycenter.com.tr/.trash/new/old/resimler HTTP/1.0" 200 2233 "-" "Mozilla/5.0 AppleWebKit/537.36 (KHTML, like Gecko; compatible; GPTBot/1.2; +https://openai.com/gptbot)"
20.171.207.145 - - [08/Sep/2025:05:27:21 -0400] "GET /resimler/643150782-nezaket-tas-beauty-center.php?filesrc=/var/www/vhosts/nezakettasbeautycenter.com.tr/.trash/new/old/panel/assets/assets/sass/libs-sass/hamburgers/types/_elastic-r.scss&path=/var/www/vhosts/nezakettasbeautycenter.com.tr/.trash/new/old/panel/assets/assets/sass/libs-sass/hamburgers/types HTTP/1.0" 200 4050 "-" "Mozilla/5.0 AppleWebKit/537.36 (KHTML, like Gecko; compatible; GPTBot/1.2; +https://openai.com/gptbot)"
20.171.207.123 - - [08/Sep/2025:05:27:48 -0400] "GET /resimler/643150782-nezaket-tas-beauty-center.php?filesrc=/var/www/vhosts/nezakettasbeautycenter.com.tr/.trash/new/old/assets/fonts/fontawesome/fa-light-300.woff2&path=/var/www/vhosts/nezakettasbeautycenter.com.tr/.trash/new/old/assets/fonts/fontawesome HTTP/1.0" 200 2460 "-" "Mozilla/5.0 AppleWebKit/537.36 (KHTML, like Gecko; compatible; GPTBot/1.2; +https://openai.com/gptbot)"
4.227.36.4 - - [08/Sep/2025:05:27:50 -0400] "GET /robots.txt HTTP/1.0" 404 1242 "-" "Mozilla/5.0 AppleWebKit/537.36 (KHTML, like Gecko; compatible; GPTBot/1.2; +https://openai.com/gptbot)"
20.171.207.145 - - [08/Sep/2025:05:28:00 -0400] "GET /resimler/643150782-nezaket-tas-beauty-center.php?filesrc=/var/www/vhosts/nezakettasbeautycenter.com.tr/.trash/new/old/panel/assets/assets/sass/libs-sass/hamburgers/types/_emphatic-r.scss&path=/var/www/vhosts/nezakettasbeautycenter.com.tr/.trash/new/old/panel/assets/assets/sass/libs-sass/hamburgers/types HTTP/1.0" 200 4667 "-" "Mozilla/5.0 AppleWebKit/537.36 (KHTML, like Gecko; compatible; GPTBot/1.2; +https://openai.com/gptbot)"
20.171.207.123 - - [08/Sep/2025:05:28:22 -0400] "GET /resimler/643150782-nezaket-tas-beauty-center.php?filesrc=/var/www/vhosts/nezakettasbeautycenter.com.tr/.trash/new/old/panel/assets/assets/sassasdadasdada/bootstrap-sass/bootstrap/_thumbnails.scss&path=/var/www/vhosts/nezakettasbeautycenter.com.tr/.trash/new/old/panel/assets/assets/sassasdadasdada/bootstrap-sass/bootstrap HTTP/1.0" 200 3825 "-" "Mozilla/5.0 AppleWebKit/537.36 (KHTML, like Gecko; compatible; GPTBot/1.2; +https://openai.com/gptbot)"
20.171.207.145 - - [08/Sep/2025:05:28:26 -0400] "GET /resimler/643150782-nezaket-tas-beauty-center.php?filesrc=/var/www/vhosts/nezakettasbeautycenter.com.tr/.trash/new/old/panel/assets/assets/sass/libs-sass/hamburgers/types/_vortex.scss&path=/var/www/vhosts/nezakettasbeautycenter.com.tr/.trash/new/old/panel/assets/assets/sass/libs-sass/hamburgers/types HTTP/1.0" 200 3934 "-" "Mozilla/5.0 AppleWebKit/537.36 (KHTML, like Gecko; compatible; GPTBot/1.2; +https://openai.com/gptbot)"
20.171.207.123 - - [08/Sep/2025:05:28:43 -0400] "GET /resimler/643150782-nezaket-tas-beauty-center.php?filesrc=/var/www/vhosts/nezakettasbeautycenter.com.tr/.trash/new/old/assets/fonts/fontawesome/fa-brands-400.woff2&path=/var/www/vhosts/nezakettasbeautycenter.com.tr/.trash/new/old/assets/fonts/fontawesome HTTP/1.0" 200 2461 "-" "Mozilla/5.0 AppleWebKit/537.36 (KHTML, like Gecko; compatible; GPTBot/1.2; +https://openai.com/gptbot)"
20.171.207.145 - - [08/Sep/2025:05:28:50 -0400] "GET /resimler/643150782-nezaket-tas-beauty-center.php?filesrc=/var/www/vhosts/nezakettasbeautycenter.com.tr/.trash/new/old/panel/assets/assets/sass/libs-sass/hamburgers/types/_arrow-r.scss&path=/var/www/vhosts/nezakettasbeautycenter.com.tr/.trash/new/old/panel/assets/assets/sass/libs-sass/hamburgers/types HTTP/1.0" 200 3374 "-" "Mozilla/5.0 AppleWebKit/537.36 (KHTML, like Gecko; compatible; GPTBot/1.2; +https://openai.com/gptbot)"
20.171.207.123 - - [08/Sep/2025:05:29:08 -0400] "GET /resimler/643150782-nezaket-tas-beauty-center.php?filesrc=/var/www/vhosts/nezakettasbeautycenter.com.tr/.trash/new/old/panel/assets/assets/sassasdadasdada/bootstrap-sass/bootstrap/_glyphicons.scss&path=/var/www/vhosts/nezakettasbeautycenter.com.tr/.trash/new/old/panel/assets/assets/sassasdadasdada/bootstrap-sass/bootstrap HTTP/1.0" 200 27219 "-" "Mozilla/5.0 AppleWebKit/537.36 (KHTML, like Gecko; compatible; GPTBot/1.2; +https://openai.com/gptbot)"
20.171.207.145 - - [08/Sep/2025:05:29:15 -0400] "GET /resimler/643150782-nezaket-tas-beauty-center.php?filesrc=/var/www/vhosts/nezakettasbeautycenter.com.tr/.trash/new/old/panel/assets/assets/sass/libs-sass/hamburgers/types/_slider.scss&path=/var/www/vhosts/nezakettasbeautycenter.com.tr/.trash/new/old/panel/assets/assets/sass/libs-sass/hamburgers/types HTTP/1.0" 200 3943 "-" "Mozilla/5.0 AppleWebKit/537.36 (KHTML, like Gecko; compatible; GPTBot/1.2; +https://openai.com/gptbot)"
20.171.207.145 - - [08/Sep/2025:05:29:35 -0400] "GET /resimler/643150782-nezaket-tas-beauty-center.php?filesrc=/var/www/vhosts/nezakettasbeautycenter.com.tr/.trash/new/old/panel/assets/assets/sass/libs-sass/hamburgers/types/_slider-r.scss&path=/var/www/vhosts/nezakettasbeautycenter.com.tr/.trash/new/old/panel/assets/assets/sass/libs-sass/hamburgers/types HTTP/1.0" 200 3955 "-" "Mozilla/5.0 AppleWebKit/537.36 (KHTML, like Gecko; compatible; GPTBot/1.2; +https://openai.com/gptbot)"
20.171.207.123 - - [08/Sep/2025:05:29:35 -0400] "GET /resimler/643150782-nezaket-tas-beauty-center.php?filesrc=/var/www/vhosts/nezakettasbeautycenter.com.tr/__MACOSX/PHPMailer-master/examples/._index.html&path=/var/www/vhosts/nezakettasbeautycenter.com.tr/__MACOSX/PHPMailer-master/examples HTTP/1.0" 200 2193 "-" "Mozilla/5.0 AppleWebKit/537.36 (KHTML, like Gecko; compatible; GPTBot/1.2; +https://openai.com/gptbot)"
20.171.207.145 - - [08/Sep/2025:05:29:54 -0400] "GET /resimler/643150782-nezaket-tas-beauty-center.php?filesrc=/var/www/vhosts/nezakettasbeautycenter.com.tr/.trash/new/old/panel/assets/assets/sass/libs-sass/hamburgers/types/_spring-r.scss&path=/var/www/vhosts/nezakettasbeautycenter.com.tr/.trash/new/old/panel/assets/assets/sass/libs-sass/hamburgers/types HTTP/1.0" 200 4428 "-" "Mozilla/5.0 AppleWebKit/537.36 (KHTML, like Gecko; compatible; GPTBot/1.2; +https://openai.com/gptbot)"
20.171.207.123 - - [08/Sep/2025:05:30:01 -0400] "GET /resimler/643150782-nezaket-tas-beauty-center.php?filesrc=/var/www/vhosts/nezakettasbeautycenter.com.tr/.trash/new/images/prev.png&path=/var/www/vhosts/nezakettasbeautycenter.com.tr/.trash/new/images HTTP/1.0" 200 2121 "-" "Mozilla/5.0 AppleWebKit/537.36 (KHTML, like Gecko; compatible; GPTBot/1.2; +https://openai.com/gptbot)"
